-- Table structure for table `sms_transactiontype`
--

CREATE TABLE IF NOT EXISTS `sms_transactiontype` (
  `id` varchar(36) NOT NULL default '',
  `name` varchar(100) NOT NULL default '',
  `deleted` tinyint(1) NOT NULL default '0',
  `date_entered` datetime NOT NULL default '0000-00-00 00:00:00',
  `date_modified` datetime NOT NULL default '0000-00-00 00:00:00',
  `modified_user_id` varchar(36) default NULL,
  `created_by` varchar(36) default NULL,
  `keiri_category` varchar(50) default NULL,
  `apply_new_student` tinyint(1) NOT NULL default '0',
  `show_in_edit_fee` tinyint(1) NOT NULL default '1',
  `keiri_code` int(8) default '0',
  `description` text,
  PRIMARY KEY  (`id`),
  KEY `keiri_category` (`keiri_category`,`keiri_code`)
) ENGINE=MyISAM DEFAULT CHARSET=utf8;

--
-- Dumping data for table `sms_transactiontype`
--

INSERT INTO `sms_transactiontype` (`id`, `name`, `deleted`, `date_entered`, `date_modified`, `modified_user_id`, `created_by`, `keiri_category`, `apply_new_student`, `show_in_edit_fee`, `keiri_code`, `description`) VALUES
('29', 'tuition kaisu course', 0, '2008-10-10 21:00:00', '2008-10-10 21:00:00', NULL, NULL, 'student', 1, 1, 407, 'Course tuition fees with even distribution'),
('5', 'textbook', 0, '2006-01-15 09:00:00', '2006-01-15 09:00:00', NULL, NULL, 'student', 1, 1, 402, 'Textbook fee for students'),
('6', 'entrance', 1, '2006-01-15 09:00:00', '2006-01-15 09:00:00', NULL, NULL, 'student', 1, 1, 402, 'Entrance fee for students'),
('8', 'refund', 1, '2006-01-15 09:00:00', '2006-01-15 09:00:00', NULL, NULL, 'student', 0, 0, 401, 'Refund'),
('9', 'refund_c', 1, '2006-01-15 09:00:00', '2006-01-15 09:00:00', NULL, NULL, 'student', 0, 0, 301, 'Refund commission'),
('4', 'parttime salary', 0, '2006-01-15 09:00:00', '2006-01-15 09:00:00', NULL, NULL, 'teacher', 0, 1, 653, 'Part-time salary for teachers'),
('3', 'transportation', 0, '2006-01-15 09:00:00', '2006-01-15 09:00:00', NULL, NULL, 'teacher', 0, 1, 665, 'Transporation fee for teachers'),
('13', 'adjustment', 0, '2006-01-15 09:00:00', '2006-01-15 09:00:00', NULL, NULL, 'teacher', 0, 0, 665, 'Salary djusment value for teachers'),
('170', 'student other', 1, '2007-04-28 09:00:00', '2007-04-28 09:00:00', NULL, NULL, 'student', 1, 1, 402, 'Other student fees'),
('27', 'tuition student kaisu', 0, '2007-09-15 09:00:00', '2007-09-15 09:00:00', NULL, NULL, 'student', 0, 1, 407, 'Tuition fees with even distribution'),
('28', 'tuition gessha kaisu', 1, '2007-11-03 21:00:00', '2007-11-03 21:00:00', NULL, NULL, 'student', 0, 1, 407, 'Gessha fees with even distribution'),
('17', 'student other', 1, '2007-04-28 09:00:00', '2007-04-28 09:00:00', NULL, NULL, 'student', 1, 1, 402, 'Other student fees');

-- --------------------------------------------------------

--
-- Table structure for table `tasks`
--

CREATE TABLE IF NOT EXISTS `tasks` (
  `id` varchar(36) NOT NULL default '',
  `date_entered` datetime NOT NULL default '0000-00-00 00:00:00',
  `date_modified` datetime NOT NULL default '0000-00-00 00:00:00',
  `assigned_user_id` varchar(36) default NULL,
  `modified_user_id` varchar(36) default NULL,
  `created_by` varchar(36) default NULL,
  `name` varchar(50) default NULL,
  `status` varchar(25) default NULL,
  `date_due_flag` varchar(5) default 'on',
  `date_due` date default NULL,
  `time_due` time default NULL,
  `date_start_flag` varchar(5) default 'on',
  `date_start` date default NULL,
  `time_start` time default NULL,
  `parent_type` varchar(25) default NULL,
  `parent_id` varchar(36) default NULL,
  `contact_id` varchar(36) default NULL,
  `priority` varchar(25) default NULL,
  `description` text,
  `deleted` tinyint(1) NOT NULL default '0',
  `task_reminder` int(10) NOT NULL default '0',
  `task_reminder_sent` int(10) NOT NULL default '0',
  PRIMARY KEY  (`id`),
  KEY `idx_tsk_name` (`name`),
  KEY `idx_task_con_del` (`contact_id`,`deleted`),
  KEY `idx_task_par_del` (`parent_id`,`parent_type`,`deleted`)
) ENGINE=MyISAM DEFAULT CHARSET=utf8;

--
-- Dumping data for table `tasks`
--


-- --------------------------------------------------------

--
-- Table structure for table `threads`
--

CREATE TABLE IF NOT EXISTS `threads` (
  `id` varchar(36) NOT NULL default '',
  `date_entered` datetime NOT NULL default '0000-00-00 00:00:00',
  `created_by` varchar(36) default NULL,
  `date_modified` datetime NOT NULL default '0000-00-00 00:00:00',
  `modified_user_id` varchar(36) NOT NULL default '',
  `postcount` int(255) default '0',
  `deleted` tinyint(1) NOT NULL default '0',
  `title` varchar(255) NOT NULL default '',
  `description_html` text,
  `forum_id` varchar(36) default NULL,
  `is_sticky` tinyint(1) default '0',
  `view_count` int(11) NOT NULL default '0',
  PRIMARY KEY  (`id`)
) ENGINE=MyISAM DEFAULT CHARSET=utf8;

--
-- Dumping data for table `threads`
--


-- --------------------------------------------------------

--
-- Table structure for table `tracker`
--

CREATE TABLE IF NOT EXISTS `tracker` (
  `id` int(11) NOT NULL auto_increment,
  `user_id` varchar(36) default NULL,
  `module_name` varchar(25) default NULL,
  `item_id` varchar(36) default NULL,
  `item_summary` varchar(255) default NULL,
  `date_modified` datetime default NULL,
  PRIMARY KEY  (`id`)
) ENGINE=MyISAM  DEFAULT CHARSET=utf8 AUTO_INCREMENT=15732 ;

--
-- Dumping data for table `tracker`
--

INSERT INTO `tracker` (`id`, `user_id`, `module_name`, `item_id`, `item_summary`, `date_modified`) VALUES
(1089, 'a9e80c22-3c17-2e3e-6cb0-5069027e61fc', 'CourseCategory', '9e5b14b3-8681-3bd1-ad98-50690523abf3', '03_ライフスタイル・ビジネス', '2012-10-01 11:53:42'),
(54, '1', 'School', 'c387f0ac-5700-6490-3264-5001d1127ee7', '芦屋', '2012-07-15 05:05:48'),
(14401, '863330d3-106f-3b1d-0efa-50eb87236cce', 'Student', 'b09d00bc-3cc1-0d2f-fc02-5126f84b0a73', '長田 道樹', '2013-02-22 14:00:05'),
(6409, '3a5a1b23-ac70-ed70-f58b-50eb87d01f9b', 'Fee', 'e232a10c-5c07-09f7-03e2-50ee31cb204f', '教材費', '2013-01-10 12:12:32'),
(2115, '121c7332-9857-5d71-17a5-50ceacb53148', 'Users', '121c7332-9857-5d71-17a5-50ceacb53148', ' ', '2012-12-20 14:15:26'),
(2116, '121c7332-9857-5d71-17a5-50ceacb53148', 'Student', '13055ebd-cd93-9b45-9bea-50ced8aa31d9', '港 さくら', '2012-12-20 14:15:40'),
(1073, 'a9e80c22-3c17-2e3e-6cb0-5069027e61fc', 'CourseCategory', '7e522dbb-974a-2599-7afe-506902ef0675', '新宿', '2012-10-01 11:39:45'),
(2726, '219076bd-3fc5-3940-474a-50d8fbac517a', 'Course', '80220154-a2fb-42c1-3685-50025604ea2c', '02_日本人の死生観', '2012-12-25 11:41:21'),
(2713, '219076bd-3fc5-3940-474a-50d8fbac517a', 'Course', '4fae1296-e849-9978-764c-50d90f220dc6', '哲学の時間2', '2012-12-25 11:34:41'),
(2642, '219076bd-3fc5-3940-474a-50d8fbac517a', 'Resource', '2a35975b-eaeb-5e06-b9d0-5004d6061046', '102', '2012-12-25 10:08:16'),
(1088, 'a9e80c22-3c17-2e3e-6cb0-5069027e61fc', 'CourseCategory', 'ed961c9c-9e56-fdb0-43ee-5069054bcba5', '02_文化の深層', '2012-10-01 11:53:23'),
(2698, '219076bd-3fc5-3940-474a-50d8fbac517a', 'Course', '852d5c9e-1c92-6f1f-5418-50d7de13c568', '哲学の時間2', '2012-12-25 11:28:53'),
(15571, 'a437cc11-564c-e5c4-3ff0-4c88c6961e3b', 'Student', '868e3e72-09ba-560b-6fa1-513d729adc34', '新宿 太郎7890', '2013-03-11 14:59:47'),
(1084, 'a9e80c22-3c17-2e3e-6cb0-5069027e61fc', 'CourseCategory', '8bfdcdcb-02be-c96d-8881-50690599f753', '02_思想', '2012-10-01 11:52:18'),
(1085, 'a9e80c22-3c17-2e3e-6cb0-5069027e61fc', 'CourseCategory', '294b8955-6bf4-2b27-252a-506905e9efe1', '03_宗教', '2012-10-01 11:52:32'),
(1086, 'a9e80c22-3c17-2e3e-6cb0-5069027e61fc', 'CourseCategory', '51e4d8c9-5b0d-05e8-9eee-5069058e156b', '04_自然科学', '2012-10-01 11:52:50'),
(1087, 'a9e80c22-3c17-2e3e-6cb0-5069027e61fc', 'CourseCategory', 'b0dd49e6-3deb-c491-7c1a-5069052a5c71', '01_現代社会', '2012-10-01 11:53:00'),
(2733, '219076bd-3fc5-3940-474a-50d8fbac517a', 'Users', '219076bd-3fc5-3940-474a-50d8fbac517a', ' ', '2012-12-25 11:48:17'),
(2034, '121c7332-9857-5d71-17a5-50ceacb53148', 'Accounts', '7e286ff6-a28a-b37c-87ef-50c7d8d1b3c2', 'テクノピアン', '2012-12-17 17:16:15'),
(12317, 'e2eea000-1dc6-c03c-4c77-50d9339c0fa6', 'Teacher', '9736ad35-c2cc-9f0c-f027-5003a539e1db', '中野 良子', '2013-02-11 17:39:57'),
(14563, 'dd19cd9b-4a94-f0b6-b40f-50d934e99739', 'Emails', '7d8a1593-9801-6bd2-b202-5126f80ba842', '資料請求の御礼', '2013-02-22 14:40:13'),
(2098, '121c7332-9857-5d71-17a5-50ceacb53148', 'Accounts', '19f8a561-4e97-3688-001b-50cec067ced9', '港法人', '2012-12-17 18:02:50'),
(2094, '121c7332-9857-5d71-17a5-50ceacb53148', 'Accounts', '6639d06f-4ac3-507f-dfe0-50c56962d239', '法人千代田', '2012-12-17 17:50:26'),
(3325, '99290008-b709-5558-2abb-50d933bdfc54', 'Student', 'b747d816-1e9f-8212-d718-5003ac9eded0', '朝日 一郎', '2012-12-26 14:35:56'),
(13334, 'd2a840f8-8b9a-fb1e-2f7b-50eb86225e2e', 'Course', '128f7fb1-7a5a-3fe2-ec53-50d976e0ccca', '奇書「先代旧事本紀」を読む－ 邪馬台国の東遷を伝えるか', '2013-02-19 14:21:42'),
(14567, '99290008-b709-5558-2abb-50d933bdfc54', 'EmailTemplates', '538576db-7971-583c-9793-508f3ee16675', '春のメルマガ', '2013-02-22 14:41:49'),
(6022, 'c07000dc-5064-5f5c-5bb8-50d934ea3dbb', 'Staff', '970a669e-208e-a598-0e48-50d92fd47c46', 'スタッフ10', '2013-01-10 11:12:51'),
(6408, '3a5a1b23-ac70-ed70-f58b-50eb87d01f9b', 'Fee', 'df3f6223-7103-4ba4-a794-50ee3105eddc', '受講料', '2013-01-10 12:12:32'),
(15330, 'a0cb51d7-600a-d522-8950-50eb87ba0ba0', 'Users', 'a0cb51d7-600a-d522-8950-50eb87ba0ba0', ' ', '2013-03-11 11:45:17'),
(4183, '147c4b18-8ff6-c029-487a-50d933cee1a1', 'Course', 'a882e079-c862-6b74-475c-50daafa847e9', '世界史', '2012-12-26 17:48:59'),
(4226, '147c4b18-8ff6-c029-487a-50d933cee1a1', 'Users', '147c4b18-8ff6-c029-487a-50d933cee1a1', ' ', '2012-12-26 18:00:06'),
(15714, '7822a720-e764-5845-a896-5110c8cc2b83', 'Users', '7822a720-e764-5845-a896-5110c8cc2b83', ' ', '2013-03-12 18:15:13'),
(10966, '7f773a56-0a02-88a3-bf88-50d93300b49c', 'Teacher', 'ca747d99-eff5-c8c8-ced4-5003a7a88ceb', '平川 ゆみ', '2013-02-06 17:39:11'),
(15568, 'a437cc11-564c-e5c4-3ff0-4c88c6961e3b', 'Student', 'b2dbd6a4-8795-8a94-8c27-513d725dce25', '朝日 花子123456', '2013-03-11 14:58:32'),
(11712, '5e070921-e5f8-3617-3c3f-50d9308df71f', 'Course', 'a0e13f93-1a9e-10fe-19bc-50da4656c9be', '新訳で読む｢失われた時を求めて」－ ｢花咲く乙女たちのかげに｣のバルベック滞在(後半）を読む', '2013-02-07 17:14:15'),
(11384, 'd8c9164b-e73b-1b32-ab8b-50eb84f88a5e', 'Teacher', '5d9e8574-3750-9703-9ccb-500b84bf7092', 'テスト 講師22', '2013-02-07 14:49:52'),
(15070, 'd8c9164b-e73b-1b32-ab8b-50eb84f88a5e', 'Users', 'd8c9164b-e73b-1b32-ab8b-50eb84f88a5e', ' ', '2013-03-07 10:49:40'),
(15556, 'a437cc11-564c-e5c4-3ff0-4c88c6961e3b', 'Course', '90afc125-7e56-8ad8-e8d8-51123813d8e8', 'テスト講座0206', '2013-03-11 14:44:37'),
(3273, '7f773a56-0a02-88a3-bf88-50d93300b49c', 'Student', 'efedd227-f4e4-7934-1daf-506a91fabddb', '鶴見 佳代子', '2012-12-26 14:32:54'),
(15567, 'a0cb51d7-600a-d522-8950-50eb87ba0ba0', 'Student', '564b9dba-0ee2-3cad-db72-50ee50b6474c', '超 鞠夫', '2013-03-11 14:55:48'),
(15501, 'a0cb51d7-600a-d522-8950-50eb87ba0ba0', 'Student', '6e695c3d-9e55-7836-fba5-50efabf3fd81', '有江 無門', '2013-03-11 12:56:21'),
(15584, 'c4e4444a-259d-eb06-92ef-50d9348e6214', 'Student', '6d7aa99e-e004-b9d1-fcd4-51345e11d9a0', '住友 とも', '2013-03-11 15:27:09'),
(15224, '99290008-b709-5558-2abb-50d933bdfc54', 'Student', 'bff5d433-9e0c-d405-5800-513b0a977dca', '朝日 カル蔵', '2013-03-09 19:10:25'),
(10849, 'a0cb51d7-600a-d522-8950-50eb87ba0ba0', 'Course', 'dc5dcd69-9169-65c8-147b-5111f3fefd3a', '石見銀山概論　日本の近代化への影響力', '2013-02-06 16:24:49'),
(13609, '65c6671f-62d3-54e1-54cc-50eb856639cc', 'Teacher', '3b8e7e1a-b089-ce2c-4cc7-5003a59c8f13', '島薗 亮輔', '2013-02-21 14:40:01'),
(11413, '65c6671f-62d3-54e1-54cc-50eb856639cc', 'Student', 'efedd227-f4e4-7934-1daf-506a91fabddb', '鶴見 佳代子', '2013-02-07 15:10:22'),
(15020, '65c6671f-62d3-54e1-54cc-50eb856639cc', 'Users', '65c6671f-62d3-54e1-54cc-50eb856639cc', 'スタッフ12 ', '2013-03-06 17:43:16'),
(3611, '147c4b18-8ff6-c029-487a-50d933cee1a1', 'Staff', '2ec9b244-315d-e651-8021-50d8fa5c769e', 'JBCC', '2012-12-26 15:15:11'),
(11393, '65c6671f-62d3-54e1-54cc-50eb856639cc', 'Teacher', '6326a77b-3adc-46d1-a56c-510b73ce6d96', '大門 大二郎', '2013-02-07 14:51:40'),
(15197, 'dd19cd9b-4a94-f0b6-b40f-50d934e99739', 'Student', '5a3a3a85-4626-464f-1f48-5126f86498fa', '朝日 カルコ', '2013-03-09 11:40:59'),
(14570, 'dd19cd9b-4a94-f0b6-b40f-50d934e99739', 'Users', 'dd19cd9b-4a94-f0b6-b40f-50d934e99739', ' ', '2013-02-22 14:48:32'),
(3487, '5e070921-e5f8-3617-3c3f-50d9308df71f', 'SMSMemo', 'e007588a-37e9-ff61-72d5-50da910eeabd', 'わすれもの', '2012-12-26 14:54:39'),
(15559, 'a437cc11-564c-e5c4-3ff0-4c88c6961e3b', 'Fee', 'c8aa07fb-5bbb-4558-7c6e-5110c99d77f5', '合計データ', '2013-03-11 14:46:40'),
(15223, '1', 'Emails', '3150a3a4-cc69-1103-5718-513b0a21367e', '新規登録完了のご案内', '2013-03-09 19:09:06'),
(10932, '7f773a56-0a02-88a3-bf88-50d93300b49c', 'Course', '24347674-ad3e-fcd0-325d-51120b8f2c57', '人物デッサンクロッキー', '2013-02-06 17:22:42'),
(3459, '147c4b18-8ff6-c029-487a-50d933cee1a1', 'SMSMemo', '9df44866-b70e-b16f-34d4-508a5845243c', 'メモ１', '2012-12-26 14:52:04'),
(3462, '3e24d200-6381-e2e7-31e6-50d93380f383', 'SMSMemo', '1f303d51-521b-427f-6437-50da90e52dab', 'テキスト購入', '2012-12-26 14:52:32'),
(4817, '8b25000b-60ec-5811-90a7-50eb86695c05', 'Users', '8b25000b-60ec-5811-90a7-50eb86695c05', ' ', '2013-01-08 11:51:31'),
(7887, 'ba01204c-5a6f-dec2-0302-50ee24a94e7a', 'Student', 'ceb3dcf5-9876-f6a2-87c6-50fe4fa42860', '受講生 0122-2', '2013-01-22 17:38:54'),
(13411, 'd2a840f8-8b9a-fb1e-2f7b-50eb86225e2e', 'Users', 'd2a840f8-8b9a-fb1e-2f7b-50eb86225e2e', ' ', '2013-02-19 15:38:59'),
(12314, 'e2eea000-1dc6-c03c-4c77-50d9339c0fa6', 'Teacher', '4cffca00-b636-683d-40a7-50d92ac6070c', '田中 一郎', '2013-02-11 17:35:57'),
(14289, '79a4b1f3-1b48-b62d-58b7-5126c3d5750d', 'Course', '76f900ea-c161-72ce-4831-5126c744c300', '歌舞伎観劇　201303', '2013-02-22 10:24:22'),
(11746, '5e070921-e5f8-3617-3c3f-50d9308df71f', 'Course', '2c090495-f870-09bd-b9eb-511365505cf5', 'テスト講座0207', '2013-02-07 17:34:14'),
(3564, '147c4b18-8ff6-c029-487a-50d933cee1a1', 'Staff', '49271ae4-aa29-184f-cac5-50d92fdbe493', 'スタッフ03', '2012-12-26 15:12:26'),
(15606, '3e24d200-6381-e2e7-31e6-50d93380f383', 'Student', '52d7c30a-6883-7202-9465-513d726928fa', '藤沢 浜子', '2013-03-11 15:36:38'),
(3667, '147c4b18-8ff6-c029-487a-50d933cee1a1', 'Resource', '9e78a15c-8369-c105-34ed-50da97af0c4b', '７４号室', '2012-12-26 15:23:28'),
(14252, '17387712-51af-e59e-b1b6-5126c4a0f063', 'Users', '17387712-51af-e59e-b1b6-5126c4a0f063', ' ', '2013-02-22 10:11:59'),
(4831, '71ca9351-bc9b-d4fa-1d8f-50eb8638a656', 'Users', '71ca9351-bc9b-d4fa-1d8f-50eb8638a656', ' ', '2013-01-08 11:52:01'),
(10857, '7f773a56-0a02-88a3-bf88-50d93300b49c', 'Course', '67b5710e-d502-942a-d507-5111e9f28aca', '秋川リサのビーズワーク', '2013-02-06 16:25:17'),
(12315, 'e2eea000-1dc6-c03c-4c77-50d9339c0fa6', 'Course', 'aa2a951b-464d-9369-c6d0-5111e828adac', '新潮講座　　文章上達', '2013-02-11 17:39:32'),
(11742, '5e070921-e5f8-3617-3c3f-50d9308df71f', 'Course', '79a53390-27cb-9d0e-c852-5112e50a7be8', 'テスト講座0207-1', '2013-02-07 17:33:37'),
(10937, '7f773a56-0a02-88a3-bf88-50d93300b49c', 'Course', '4fae1296-e849-9978-764c-50d90f220dc6', '縄文土器を読む', '2013-02-06 17:24:43'),
(14591, '863330d3-106f-3b1d-0efa-50eb87236cce', 'Users', '863330d3-106f-3b1d-0efa-50eb87236cce', 'スタッフ17 ', '2013-02-22 15:25:28'),
(9199, 'a0a77081-c87a-bfa3-294a-51088cc28418', 'Staff', 'e2a0d8be-4759-e641-07dc-51088c5b5da8', '朝日2 太郎', '2013-01-30 13:15:22'),
(15624, 'c4e4444a-259d-eb06-92ef-50d9348e6214', 'Student', '9c2a215e-a9b3-8bea-8bf9-51346078e651', '朝日 かる', '2013-03-11 15:49:33'),
(10826, '7f773a56-0a02-88a3-bf88-50d93300b49c', 'Course', '128f7fb1-7a5a-3fe2-ec53-50d976e0ccca', '奇書「先代旧事本紀」を読む－ 邪馬台国の東遷を伝えるか', '2013-02-06 16:19:18'),
(15716, '7822a720-e764-5845-a896-5110c8cc2b83', 'Transaction', '725f0c74-9d67-c5e0-76a7-513dba7b5de5', '港: 2013-03-11', '2013-03-12 18:16:19'),
(12316, 'e2eea000-1dc6-c03c-4c77-50d9339c0fa6', 'Teacher', 'ca51d3d4-dcef-1efd-56b7-50da993db1d0', '山田 太郎', '2013-02-11 17:39:48'),
(14590, '99290008-b709-5558-2abb-50d933bdfc54', 'Student', '1e0efc2d-f25f-f6cb-3fb8-50ecbf489027', '川村 雄一', '2013-02-22 15:25:11'),
(4860, 'c2978c18-8c3d-299d-8d82-50eb87c74920', 'Users', 'c2978c18-8c3d-299d-8d82-50eb87c74920', ' ', '2013-01-08 11:57:41'),
(15215, '1', 'Users', 'dd954e2e-cfd2-1279-c7f1-513b06ac570c', ' ', '2013-03-09 18:54:00'),
(15098, 'a0cb51d7-600a-d522-8950-50eb87ba0ba0', 'Course', 'aa2a951b-464d-9369-c6d0-5111e828adac', '新潮講座　　文章上達', '2013-03-07 17:09:21'),
(14595, '99290008-b709-5558-2abb-50d933bdfc54', 'Teacher', '421f92b8-18a2-a99c-2907-50da9aae088a', 'タカシマ', '2013-02-22 15:45:53'),
(15324, 'c4e4444a-259d-eb06-92ef-50d9348e6214', 'Fee', '5139deb2-410c-4bd3-a99f-50fc8f4d0b08', '過剰金', '2013-03-11 11:39:32'),
(15220, '99290008-b709-5558-2abb-50d933bdfc54', 'Student', 'd95a2729-a377-386b-9fd6-513b06cad2a2', '朝日 カル絵', '2013-03-09 19:04:01'),
(12318, 'e2eea000-1dc6-c03c-4c77-50d9339c0fa6', 'Teacher', '5bc765ad-5d46-3250-a88d-51025b79a95e', '本橋 由美子', '2013-02-11 17:40:01'),
(14230, '92187e15-f3c4-9cb4-1da6-5126bd45020e', 'Users', '92187e15-f3c4-9cb4-1da6-5126bd45020e', ' ', '2013-02-22 10:05:15'),
(15067, '7eaddef4-f973-134f-177e-50eb867dc5b2', 'Users', '7eaddef4-f973-134f-177e-50eb867dc5b2', ' ', '2013-03-07 09:58:54'),
(5805, 'c4e4444a-259d-eb06-92ef-50d9348e6214', 'Course', 'b1becf7e-ceed-e7e2-3abc-500256196950', 'シリーズ 死を記憶せよ　「死をめぐる思索」', '2013-01-10 10:18:46'),
(15230, 'c4edb39f-61c2-89be-7a1d-513b0acdb633', 'Users', 'c4edb39f-61c2-89be-7a1d-513b0acdb633', ' ', '2013-03-09 19:12:47'),
(6410, '3a5a1b23-ac70-ed70-f58b-50eb87d01f9b', 'Fee', 'e3a6751e-a380-bd6c-286f-50ee3104bb80', '設備費', '2013-01-10 12:12:32'),
(12305, 'e2eea000-1dc6-c03c-4c77-50d9339c0fa6', 'Teacher', '327cc37b-fab5-5812-ed21-50da999de33f', '山下 裕二', '2013-02-11 17:33:14'),
(7891, 'ba01204c-5a6f-dec2-0302-50ee24a94e7a', 'Users', 'ba01204c-5a6f-dec2-0302-50ee24a94e7a', ' ', '2013-01-22 17:39:56'),
(15622, 'a437cc11-564c-e5c4-3ff0-4c88c6961e3b', 'Student', '6ea4efd3-f732-2c02-4565-513d7206758a', '新宿 太郎1234', '2013-03-11 15:47:02'),
(15565, 'a437cc11-564c-e5c4-3ff0-4c88c6961e3b', 'Student', 'e8636612-dc0a-e97e-e4c9-513d654e1244', 'テスト 受講生0311', '2013-03-11 14:54:47'),
(6436, '3a5a1b23-ac70-ed70-f58b-50eb87d01f9b', 'SalesGroup', '0100000044', '0100000044', '2013-01-10 12:13:08'),
(15208, '8946b4fa-d331-b762-24d0-513a9ed5fd0a', 'Users', '8946b4fa-d331-b762-24d0-513a9ed5fd0a', ' ', '2013-03-09 11:58:51'),
(6403, '3a5a1b23-ac70-ed70-f58b-50eb87d01f9b', 'Fee', '48a5f566-d66c-30da-28dc-50ee311974fb', '入会金(シニア)', '2013-01-10 12:11:58'),
(15219, '99290008-b709-5558-2abb-50d933bdfc54', 'Users', '99290008-b709-5558-2abb-50d933bdfc54', ' ', '2013-03-09 19:01:47'),
(14508, '863330d3-106f-3b1d-0efa-50eb87236cce', 'Emails', '36cb1dd1-c9b0-31e6-01b0-5004f41d4dc5', '新規講座のご案内', '2013-02-22 14:36:29'),
(6326, 'dd19cd9b-4a94-f0b6-b40f-50d934e99739', 'Fee', '2aa8f9f4-cc3c-4511-260a-50ee2e0fc201', '入会金', '2013-01-10 12:00:39'),
(15162, '65c6671f-62d3-54e1-54cc-50eb856639cc', 'Teacher', '5d9e8574-3750-9703-9ccb-500b84bf7092', 'テスト 講師22', '2013-03-08 10:29:36'),
(14529, '967ab850-aafc-c160-943a-50d9300977e7', 'EmailTemplatesCategory', '50871196-d9c9-86c4-b1cd-508f3dde6611', '2012年度メルマガ', '2013-02-22 14:38:04'),
(6181, 'a0cb51d7-600a-d522-8950-50eb87ba0ba0', 'Course', 'c8ae5f33-2e0a-a0c3-9506-50ed351700ec', '講座１(標準操作用)', '2013-01-10 11:35:15'),
(14537, '967ab850-aafc-c160-943a-50d9300977e7', 'Users', '967ab850-aafc-c160-943a-50d9300977e7', ' ', '2013-02-22 14:38:14'),
(14381, '863330d3-106f-3b1d-0efa-50eb87236cce', 'Student', '26c3444a-b2d9-4d35-6531-5126c722e9dd', 'テスト ヤフー', '2013-02-22 13:56:10'),
(14540, 'dd19cd9b-4a94-f0b6-b40f-50d934e99739', 'EmailTemplates', '2e0e1f59-d05e-1b9f-8adf-5120e4b4a107', '新規ユーザ登録', '2013-02-22 14:38:44'),
(6232, '863330d3-106f-3b1d-0efa-50eb87236cce', 'Course', 'c8ae5f33-2e0a-a0c3-9506-50ed351700ec', '講座１(標準操作用)', '2013-01-10 11:47:44'),
(6288, '3a5a1b23-ac70-ed70-f58b-50eb87d01f9b', 'SalesGroup', '0100000038', '0100000038', '2013-01-10 11:53:57'),
(6402, '3a5a1b23-ac70-ed70-f58b-50eb87d01f9b', 'Fee', '470fb420-04d3-bfc4-cce2-50ee312a338a', '入会金', '2013-01-10 12:11:58'),
(11680, '5e070921-e5f8-3617-3c3f-50d9308df71f', 'Course', 'a459fdf6-fd4b-dfa4-9d30-51009c53259b', '講座コードチェック②', '2013-02-07 17:08:30'),
(6640, '967ab850-aafc-c160-943a-50d9300977e7', 'Fee', '20cceb60-af1a-32b1-3964-50ee4ad2f272', '神教振・現役', '2013-01-10 13:57:35'),
(15601, '3e24d200-6381-e2e7-31e6-50d93380f383', 'Student', '2b61bf17-5042-f05c-55d5-5004d49910af', '目黒 次郎', '2013-03-11 15:35:43'),
(15202, 'dd19cd9b-4a94-f0b6-b40f-50d934e99739', 'Student', 'a7c65bc8-e068-2d43-b3a9-513aa4168945', '夕日 朝生', '2013-03-09 11:55:31'),
(8357, 'a437cc11-564c-e5c4-3ff0-4c88c6961e3b', 'SMSMemo', '5ef795a8-672e-8414-5eaf-5101d931d618', 'システム検証', '2013-01-25 10:03:41'),
(14579, 'f31706cf-9905-4b90-d3cb-5126fd2837ef', 'Users', 'f31706cf-9905-4b90-d3cb-5126fd2837ef', ' ', '2013-02-22 15:11:36'),
(15728, '7822a720-e764-5845-a896-5110c8cc2b83', 'Student', 'b8ed03d3-fadd-f176-ca71-513ec60fe242', '芝 健四郎', '2013-03-12 18:36:58'),
(15260, 'c4e4444a-259d-eb06-92ef-50d9348e6214', 'Student', '2f50a837-6342-b71e-f018-51345fb01d93', '住友 すみ', '2013-03-11 10:57:06'),
(13407, 'd2a840f8-8b9a-fb1e-2f7b-50eb86225e2e', 'Course', 'c66bd6d0-fb7c-0bbe-54e2-50025798ccbc', '吉本隆明の遺言状　「ぼくらのヨシモトタカアキ」', '2013-02-19 15:34:20'),
(15715, '7822a720-e764-5845-a896-5110c8cc2b83', 'Transaction', 'f0c478b1-cba3-b960-40e7-513dba41ef0d', '港: 2013-03-11', '2013-03-12 18:16:08'),
(7792, 'ba01204c-5a6f-dec2-0302-50ee24a94e7a', 'SalesGroup', '0100000058', '0100000058', '2013-01-22 15:52:28'),
(7883, 'ba01204c-5a6f-dec2-0302-50ee24a94e7a', 'Student', '35f7967b-6c0a-faf9-3712-50fe3d6779e7', '受講生 0122', '2013-01-22 17:36:24'),
(7893, 'ba01204c-5a6f-dec2-0302-50ee24a94e7a', 'Course', '14c53103-2c3a-e62c-ff04-50fe42c54d87', '日本文学Ⅰ', '2013-01-22 17:41:21'),
(7890, 'ba01204c-5a6f-dec2-0302-50ee24a94e7a', 'Student', '471ea696-e62e-1796-ccf4-50fe50b555a8', '受講生 0122-3', '2013-01-22 17:39:35'),
(11717, 'e2eea000-1dc6-c03c-4c77-50d9339c0fa6', 'Course', '1cf87e78-034e-a4bf-cf2a-50ed363ed96d', '講座2(要入会講座)', '2013-02-07 17:14:50'),
(15731, 'c07000dc-5064-5f5c-5bb8-50d934ea3dbb', 'Course', '90afc125-7e56-8ad8-e8d8-51123813d8e8', 'テスト講座0206', '2013-03-12 20:03:11'),
(9516, 'ba01204c-5a6f-dec2-0302-50ee24a94e7a', 'SMSMemo', '5ef795a8-672e-8414-5eaf-5101d931d618', 'システム検証', '2013-02-02 17:34:10'),
(15216, '1', 'Emails', '1d37068f-0c9a-64bf-4a64-513b06b3a77a', '資料請求の御礼', '2013-03-09 18:54:01'),
(9837, '7822a720-e764-5845-a896-5110c8cc2b83', 'Transaction', 'c8579dbb-5ac4-836d-42f6-5110cacf2bf1', ': 2013-02-05', '2013-02-05 18:06:00'),
(15066, 'a0a77081-c87a-bfa3-294a-51088cc28418', 'Student', 'a595510b-4a4a-71c1-e2ff-5137384a1b7f', 'テスト 受講生0306', '2013-03-06 21:36:39'),
(15018, 'd8c9164b-e73b-1b32-ab8b-50eb84f88a5e', 'Course', '4c136971-9357-df2a-8179-50d7df290de8', 'イヤホン付　「江戸名所図会」で歴史散歩－ 日本橋・京橋・銀座界隈をめぐる', '2013-03-06 17:40:36'),
(10941, '7f773a56-0a02-88a3-bf88-50d93300b49c', 'Course', '1cf87e78-034e-a4bf-cf2a-50ed363ed96d', '講座2(要入会講座)', '2013-02-06 17:27:35'),
(14101, '967ab850-aafc-c160-943a-50d9300977e7', 'Course', 'fde5065d-9649-cc42-f6ca-5125d84788bb', '出雲神話と出雲そば', '2013-02-21 17:27:41'),
(15063, 'a0a77081-c87a-bfa3-294a-51088cc28418', 'Course', '2c090495-f870-09bd-b9eb-511365505cf5', 'テスト講座0207', '2013-03-06 21:33:14'),
(15684, 'c07000dc-5064-5f5c-5bb8-50d934ea3dbb', 'Users', 'c07000dc-5064-5f5c-5bb8-50d934ea3dbb', ' ', '2013-03-11 19:12:44'),
(14333, '79a4b1f3-1b48-b62d-58b7-5126c3d5750d', 'Student', '13055ebd-cd93-9b45-9bea-50ced8aa31d9', '港 サクラ', '2013-02-22 12:02:37'),
(15186, 'a0a77081-c87a-bfa3-294a-51088cc28418', 'Course', '14c53103-2c3a-e62c-ff04-50fe42c54d87', '日本文学Ⅰ', '2013-03-08 20:46:26'),
(14459, 'cb086d0f-98aa-3daa-aadf-5126fceaa248', 'Users', 'cb086d0f-98aa-3daa-aadf-5126fceaa248', ' ', '2013-02-22 14:18:14'),
(11404, '65c6671f-62d3-54e1-54cc-50eb856639cc', 'Teacher', 'e977fabc-fec0-337c-76e9-51133a2dafc5', '志村 百合', '2013-02-07 15:01:35'),
(11358, '65c6671f-62d3-54e1-54cc-50eb856639cc', 'Teacher', '327cc37b-fab5-5812-ed21-50da999de33f', '山下 裕二', '2013-02-07 14:31:58'),
(13372, 'd2a840f8-8b9a-fb1e-2f7b-50eb86225e2e', 'Course', '18a2879d-aef8-8c16-b6f7-51230fc31040', '文章教室　普通コース', '2013-02-19 15:01:03'),
(11729, '5e070921-e5f8-3617-3c3f-50d9308df71f', 'Users', '5e070921-e5f8-3617-3c3f-50d9308df71f', ' ', '2013-02-07 17:26:53'),
(15730, '7822a720-e764-5845-a896-5110c8cc2b83', 'Course', '412d19ab-1bba-eb7b-ca56-513d792563a4', '201 湘南 通信・俳句　201301', '2013-03-12 19:27:11'),
(15016, 'd8c9164b-e73b-1b32-ab8b-50eb84f88a5e', 'Course', '128f7fb1-7a5a-3fe2-ec53-50d976e0ccca', '奇書「先代旧事本紀」を読む－ 邪馬台国の東遷を伝えるか', '2013-03-06 17:39:51'),
(15017, 'd8c9164b-e73b-1b32-ab8b-50eb84f88a5e', 'Course', '1cf87e78-034e-a4bf-cf2a-50ed363ed96d', '講座2(要入会講座)', '2013-03-06 17:40:30'),
(14090, '967ab850-aafc-c160-943a-50d9300977e7', 'Course', '1322b3d6-481a-2de5-9b9d-50ecd45a216a', '脳と友愛(受講登録用2)', '2013-02-21 17:20:54'),
(14215, '8d9d71d8-7a91-d7da-9b0f-5126c0940a00', 'Users', '8d9d71d8-7a91-d7da-9b0f-5126c0940a00', ' ', '2013-02-22 09:53:14'),
(11721, '5e070921-e5f8-3617-3c3f-50d9308df71f', 'Course', 'c92a2557-5814-077b-3423-50daaea46113', '野外講座　東京駅探訪', '2013-02-07 17:14:59'),
(15727, '7822a720-e764-5845-a896-5110c8cc2b83', 'Student', '788840d8-3192-cde8-5412-5111b63add76', '港 すみれ', '2013-03-12 18:36:51'),
(13404, 'd2a840f8-8b9a-fb1e-2f7b-50eb86225e2e', 'Teacher', 'ca51d3d4-dcef-1efd-56b7-50da993db1d0', '山田 太郎', '2013-02-19 15:31:23'),
(13408, 'd2a840f8-8b9a-fb1e-2f7b-50eb86225e2e', 'Course', '84af0eed-1198-bb45-f347-5123152a0c8b', '文章教室　普通コース', '2013-02-19 15:38:12'),
(13397, 'd2a840f8-8b9a-fb1e-2f7b-50eb86225e2e', 'Course', 'b7df6034-2a26-b9a5-aa11-512317ee2479', '文章教室　普通コース　継続', '2013-02-19 15:24:28'),
(15697, 'a0a77081-c87a-bfa3-294a-51088cc28418', 'Student', 'e48c11ea-aeb2-e35e-f73f-513997b4feee', 'テスト 受講生0308', '2013-03-11 21:02:59'),
(15686, 'c07000dc-5064-5f5c-5bb8-50d934ea3dbb', 'Course', 'a0e13f93-1a9e-10fe-19bc-50da4656c9be', '新訳で読む｢失われた時を求めて」－ ｢花咲く乙女たちのかげに｣のバルベック滞在(後半）を読む', '2013-03-11 19:15:49'),
(15539, '3e24d200-6381-e2e7-31e6-50d93380f383', 'Student', 'f3a1e85f-b025-a387-5776-51121d1c6e14', '水田 麻理', '2013-03-11 14:21:46'),
(15614, '3e24d200-6381-e2e7-31e6-50d93380f383', 'Course', 'de923f1e-978b-a48f-61dc-5101b4840e5c', '講座１(標準操作用)', '2013-03-11 15:37:18'),
(14330, '79a4b1f3-1b48-b62d-58b7-5126c3d5750d', 'Users', '79a4b1f3-1b48-b62d-58b7-5126c3d5750d', ' ', '2013-02-22 11:49:14'),
(14331, '79a4b1f3-1b48-b62d-58b7-5126c3d5750d', 'Course', '9f824218-152f-9966-942b-5126c9ba544c', '歌舞伎観劇　201305', '2013-02-22 12:01:12'),
(14460, '49740691-5d56-eaba-fdeb-5126c8cc4dfe', 'Users', '49740691-5d56-eaba-fdeb-5126c8cc4dfe', ' ', '2013-02-22 14:19:25'),
(15357, 'c4e4444a-259d-eb06-92ef-50d9348e6214', 'Student', '23b37980-a5a3-f6eb-3869-51345fd724df', '朝日 ふみ', '2013-03-11 12:14:13'),
(14335, '17387712-51af-e59e-b1b6-5126c4a0f063', 'Course', '128f7fb1-7a5a-3fe2-ec53-50d976e0ccca', '奇書「先代旧事本紀」を読む－ 邪馬台国の東遷を伝えるか', '2013-02-22 13:32:03'),
(15061, 'a0a77081-c87a-bfa3-294a-51088cc28418', 'Student', 'f3a1e85f-b025-a387-5776-51121d1c6e14', '水田 麻理', '2013-03-06 20:30:08'),
(15316, 'a0cb51d7-600a-d522-8950-50eb87ba0ba0', 'Student', '1e0efc2d-f25f-f6cb-3fb8-50ecbf489027', '川村 雄一', '2013-03-11 11:34:37'),
(14404, '863330d3-106f-3b1d-0efa-50eb87236cce', 'Student', '8a8d6c1f-db8e-0fd2-fd9a-5126f81eead4', '青木 誠', '2013-02-22 14:00:41'),
(14412, '967ab850-aafc-c160-943a-50d9300977e7', 'Student', '412684d7-97a5-87f0-4050-5126f9fb483b', '磯野 昭子', '2013-02-22 14:01:19'),
(14559, '863330d3-106f-3b1d-0efa-50eb87236cce', 'EmailTemplatesCategory', '50871196-d9c9-86c4-b1cd-508f3dde6611', '2012年度メルマガ', '2013-02-22 14:39:38'),
(15233, '1', 'EmailTemplates', 'dea70547-7e10-5c20-0dc6-5120e5082e5a', 'パスワード再発行', '2013-03-10 06:55:33'),
(14539, '967ab850-aafc-c160-943a-50d9300977e7', 'EmailTemplatesCategory', 'efb10e48-2a12-6879-4263-5120926d0e6b', 'システム自動配信メール', '2013-02-22 14:38:27'),
(15264, 'c4e4444a-259d-eb06-92ef-50d9348e6214', 'Course', '93bfd4a7-215a-4d2e-47cc-50ed44dcac6b', '講座5(途中受講-初回からで可)', '2013-03-11 11:00:23'),
(15221, '1', 'Student', 'bff5d433-9e0c-d405-5800-513b0a977dca', '朝日 カル蔵', '2013-03-09 19:09:05'),
(15585, '3e24d200-6381-e2e7-31e6-50d93380f383', 'Student', '3b9b8afb-619c-d2ff-f986-513d45bb1266', '弥生 桜子', '2013-03-11 15:28:11'),
(15596, '3e24d200-6381-e2e7-31e6-50d93380f383', 'Student', 'efedd227-f4e4-7934-1daf-506a91fabddb', '鶴見 佳代子', '2013-03-11 15:30:09'),
(15012, 'd8c9164b-e73b-1b32-ab8b-50eb84f88a5e', 'Teacher', 'e977fabc-fec0-337c-76e9-51133a2dafc5', '志村 百合', '2013-03-06 17:28:56'),
(15170, 'a0a77081-c87a-bfa3-294a-51088cc28418', 'Student', '784cf9f6-6a6a-0c2d-17b9-5035b669eb89', '住友 太郎', '2013-03-08 16:46:15'),
(15071, 'd8c9164b-e73b-1b32-ab8b-50eb84f88a5e', 'SMSMemo', '5ef795a8-672e-8414-5eaf-5101d931d618', 'システム検証', '2013-03-07 10:49:45'),
(15198, 'dd19cd9b-4a94-f0b6-b40f-50d934e99739', 'Student', 'f02e303c-bea3-a77d-f6b7-513a9b3c0414', '朝日 夕子', '2013-03-09 11:41:11'),
(15222, '1', 'Users', 'c4edb39f-61c2-89be-7a1d-513b0acdb633', ' ', '2013-03-09 19:09:05'),
(15687, 'c07000dc-5064-5f5c-5bb8-50d934ea3dbb', 'Course', '245c8cbc-e88d-a452-63f5-51077d118d00', '公開講座テスト', '2013-03-11 19:46:41'),
(15680, 'c07000dc-5064-5f5c-5bb8-50d934ea3dbb', 'Resource', 'd3292a94-9858-135b-e7c6-51191b87d20e', '横浜１', '2013-03-11 18:57:57'),
(15685, 'c07000dc-5064-5f5c-5bb8-50d934ea3dbb', 'SMSMemo', '5ef795a8-672e-8414-5eaf-5101d931d618', 'システム検証', '2013-03-11 19:13:32');

-- --------------------------------------------------------

--
-- Table structure for table `trans_combini_hist`
--

CREATE TABLE IF NOT EXISTS `trans_combini_hist` (
  `transaction_id` varchar(36) NOT NULL,
  `contact_id` varchar(36) NOT NULL,
  `old_combini_sakusei_id` varchar(16) NOT NULL,
  `new_combini_sakusei_id` varchar(16) NOT NULL,
  `date_modified` datetime NOT NULL,
  PRIMARY KEY  (`transaction_id`,`contact_id`,`old_combini_sakusei_id`,`new_combini_sakusei_id`),
  KEY `old_combini_sakusei_id` (`old_combini_sakusei_id`)
) ENGINE=MyISAM DEFAULT CHARSET=latin1;

--
-- Dumping data for table `trans_combini_hist`
--

INSERT INTO `trans_combini_hist` (`transaction_id`, `contact_id`, `old_combini_sakusei_id`, `new_combini_sakusei_id`, `date_modified`) VALUES
('d54a017d-33cd-9682-bf1a-5004e95c0d3c', 'd4e703c5-0ff5-7d76-7c14-5003ab88522f', '1001000000000001', '1002000000000001', '2012-08-23 14:07:48'),
('ec20e003-2ab8-ba1e-1319-5035b375ae63', 'd4e703c5-0ff5-7d76-7c14-5003ab88522f', '1001000000000001', '1002000000000001', '2012-08-23 14:07:48'),
('d54a017d-33cd-9682-bf1a-5004e95c0d3c', 'd4e703c5-0ff5-7d76-7c14-5003ab88522f', '1002000000000001', '1002000000000001', '2012-08-23 14:10:28'),
('ec20e003-2ab8-ba1e-1319-5035b375ae63', 'd4e703c5-0ff5-7d76-7c14-5003ab88522f', '1002000000000001', '1002000000000001', '2012-08-23 14:10:28'),
('26421dd2-4439-5019-7a32-507f90fe8c41', 'c5653712-0bf2-0639-f5e8-50238bb1f39e', '1001000000000001', '1002000000000001', '2012-10-18 14:43:58'),
('b6e03403-8bba-9c44-301c-507f96c6c839', 'c5653712-0bf2-0639-f5e8-50238bb1f39e', '1001000000000001', '1002000000000001', '2012-10-18 14:43:58');

-- --------------------------------------------------------

--
-- Table structure for table `upgrade_history`
--

CREATE TABLE IF NOT EXISTS `upgrade_history` (
  `id` varchar(36) NOT NULL default '',
  `filename` varchar(255) default NULL,
  `md5sum` varchar(32) default NULL,
  `type` varchar(30) default NULL,
  `status` varchar(50) default NULL,
  `version` varchar(10) default NULL,
  `date_entered` datetime NOT NULL default '0000-00-00 00:00:00',
  PRIMARY KEY  (`id`),
  UNIQUE KEY `upgrade_history_md5_uk` (`md5sum`)
) ENGINE=MyISAM DEFAULT CHARSET=utf8;

--
-- Dumping data for table `upgrade_history`
--


-- --------------------------------------------------------

--
-- Table structure for table `users`
--

CREATE TABLE IF NOT EXISTS `users` (
  `id` varchar(36) NOT NULL default '',
  `user_name` varchar(60) default NULL,
  `user_password` varchar(30) default NULL,
  `user_hash` varchar(32) default NULL,
  `is_admin` varchar(3) default '0',
  `receive_notifications` char(1) default '1',
  `description` text,
  `date_entered` datetime NOT NULL default '0000-00-00 00:00:00',
  `date_modified` datetime NOT NULL default '0000-00-00 00:00:00',
  `modified_user_id` varchar(36) default NULL,
  `created_by` varchar(36) default NULL,
  `status` varchar(25) default NULL,
  `user_preferences` mediumtext,
  `deleted` tinyint(1) NOT NULL default '0',
  `portal_only` tinyint(1) default '0',
  `is_group` tinyint(1) default '0',
  `contact_id` varchar(36) default NULL,
  `smsgroup` varchar(15) default NULL,
  `kantan_login_id` varchar(100) default NULL,
  PRIMARY KEY  (`id`),
  KEY `user_name` (`user_name`),
  KEY `user_password` (`user_password`)
) ENGINE=MyISAM DEFAULT CHARSET=utf8;

--
-- Dumping data for table `users`
--

INSERT INTO `users` (`id`, `user_name`, `user_password`, `user_hash`, `is_admin`, `receive_notifications`, `description`, `date_entered`, `date_modified`, `modified_user_id`, `created_by`, `status`, `user_preferences`, `deleted`, `portal_only`, `is_group`, `contact_id`, `smsgroup`, `kantan_login_id`) VALUES
('1', 'admin', 'adOidrOCXnI7U', 'c31e79f2f59444e9ed6eaa19f6c87ee4', 'on', '0', 'test user\r\ntest user2', '2006-01-13 10:59:35', '2013-03-08 14:49:30', '1', NULL, 'Active', '[encoded data, 21776 characters]', 0, 0, 0, 'be59a6ae-2ceb-667f-5ba0-45b03573f1ac', 'teacher', NULL),
('c4565fc9-30f9-719c-cb31-4437354e807d', 'demo', 'deU4p6Xc50VMk', 'a76e5756a881aa299ed1720ac1672a5a', 'off', '0', NULL, '2006-08-14 10:48:07', '2010-09-12 19:07:31', '1', '1', 'Active', '', 0, 0, 0, 'c4565fc9-30f9-719c-cb31-4437354e807d', 'staff', NULL),
('e75907ac-f94c-1f1b-9f9d-45511d257460', 'Yahya Aydin', NULL, NULL, '0', '1', NULL, '2006-11-08 08:56:32', '2006-11-08 08:56:32', '1', '1', NULL, '', 0, 0, 1, NULL, NULL, NULL),
('a437cc11-564c-e5c4-3ff0-4c88c6961e3b', 'teststaff', 'teTkWzEN5oBL6', 'e1e13c9d3d2c3ab509a0787f00875256', 'on', '0', NULL, '2010-09-09 20:35:03', '2013-03-11 13:00:51', 'a437cc11-564c-e5c4-3ff0-4c88c6961e3b', '1', 'Active', '[encoded data, 14236 characters]', 0, 0, 0, '1b955c03-538c-558c-078b-4c88a0965234', 'staff', NULL),
('ba01204c-5a6f-dec2-0302-50ee24a94e7a', 'jbcc2', 'jbQ8bc/FJjFx.', 'd58f8f554a6ec4de472bbf8b46dcec6b', 'off', '0', NULL, '2013-01-10 11:17:09', '2013-01-22 17:39:56', 'ba01204c-5a6f-dec2-0302-50ee24a94e7a', 'a437cc11-564c-e5c4-3ff0-4c88c6961e3b', 'Active', 'YTo0Nzp7czo4OiJncmlkbGluZSI7czozOiJvZmYiO3M6MTI6Im1haWxtZXJnZV9vbiI7czozOiJvZmYiO3M6MTI6ImRpc3BsYXlfdGFicyI7YToxMTp7aTowO3M6ODoiQ2FsZW5kYXIiO2k6MTtzOjY6IkNvdXJzZSI7aToyO3M6NzoiU3R1ZGVudCI7aTozO3M6NzoiVGVhY2hlciI7aTo0O3M6ODoiQ29udGFjdHMiO2k6NTtzOjg6IlJlc291cmNlIjtpOjY7czo2OiJFbWFpbHMiO2k6NztzOjU6IktlaXJpIjtpOjg7czoxMDoiU01TUmVwb3J0cyI7aTo5O3M6NDoiTWFpbiI7aToxMDtzOjc6IlNNU0hlbHAiO31zOjk6ImhpZGVfdGFicyI7YTowOnt9czoxMToicmVtb3ZlX3RhYnMiO2E6MDp7fXM6MjoidXQiO3M6MToiMSI7czoxMzoibWFpbF9mcm9tbmFtZSI7czo5OiJUZWNobm9TTVMiO3M6MTY6Im1haWxfZnJvbWFkZHJlc3MiO3M6MjQ6InRlY2hub3Ntc0B0ZWNobm9waWFuLmNvbSI7czozNToiU01TTWVtb19NWVNUVURFTlRNRU1PX0hPTUVfT1JERVJfQlkiO3M6MTc6ImRhdGVfZW50ZXJlZCBkZXNjIjtzOjQ1OiJTTVNNZW1vX01ZU1RVREVOVE1FTU9fSE9NRV9kYXRlX2VudGVyZWQgZGVzY1MiO2I6MDtzOjMxOiJTTVNNZW1vX01ZTk9USUNFU19IT01FX09SREVSX0JZIjtzOjE3OiJkYXRlX2VudGVyZWQgZGVzYyI7czo0MToiU01TTWVtb19NWU5PVElDRVNfSE9NRV9kYXRlX2VudGVyZWQgZGVzY1MiO2I6MDtzOjM1OiJTTVNNZW1vX0FOTk9VTkNFTUVOVFNfSE9NRV9PUkRFUl9CWSI7czoxNzoiZGF0ZV9lbnRlcmVkIGRlc2MiO3M6NDU6IlNNU01lbW9fQU5OT1VOQ0VNRU5UU19IT01FX2RhdGVfZW50ZXJlZCBkZXNjUyI7YjowO3M6MTU6IlN0dWRlbnRfTFdfQU5fUyI7czozOiJBU0MiO3M6OToibGFzdFRoZW1lIjtzOjY6IlRlY2hubyI7czozMjoiU3R1ZGVudF9TTVNfTUVNT19DVVNUT01fT1JERVJfQlkiO3M6MTg6InNtc19tZW1vLm1lbW9kYXRlICI7czo0MzoiU3R1ZGVudF9TTVNfTUVNT19DVVNUT01fc21zX21lbW8ubWVtb2RhdGUgUyI7YjoxO3M6NDE6IkNvdXJzZV9MV1N0U3VicGFuZWxfQU5fY291cnNlX3N1Yl9jYXJ0ZV9TIjtzOjM6IkFTQyI7czo0NToiU3R1ZGVudF9FVkVOVF9JTlNUQU5DRV9ERVRBSUxfQ1VTVE9NX09SREVSX0JZIjtzOjMyOiJzbXNldmVudF9pbnN0YW5jZXMuZnJvbV9kYXRldGltZSI7czo3MDoiU3R1ZGVudF9FVkVOVF9JTlNUQU5DRV9ERVRBSUxfQ1VTVE9NX3Ntc2V2ZW50X2luc3RhbmNlcy5mcm9tX2RhdGV0aW1lUyI7YjowO3M6MTk6IkNvdXJzZV9MV1BvcHVwX0FOX1MiO3M6MzoiQVNDIjtzOjM1OiJDb3Vyc2VfTFdTdFN1YnBhbmVsX0FOX2NvdXJzZV9zdWJfUyI7czozOiJBU0MiO3M6MjA6IktlaXJpX0tFSVJJX09SREVSX0JZIjtzOjI3OiJzbXNfdHJhbnNhY3Rpb24udF9kYXRlIGRlc2MiO3M6NDA6IktlaXJpX0tFSVJJX3Ntc190cmFuc2FjdGlvbi50X2RhdGUgZGVzY1MiO2I6MDtzOjMwOiJTYWxlc0dyb3VwX1NBTEVTR1JPVVBfT1JERVJfQlkiO3M6ODM6InNtc19zYWxlc2dyb3VwLnNhbGVzbm8gREVTQywgc21zX3NhbGVzZ3JvdXAuc2VsbF9kYXRlIERFU0MsIGNvbnRhY3RzLmxhc3RfbmFtZSBBU0MgIjtzOjEwNjoiU2FsZXNHcm91cF9TQUxFU0dST1VQX3Ntc19zYWxlc2dyb3VwLnNhbGVzbm8gREVTQywgc21zX3NhbGVzZ3JvdXAuc2VsbF9kYXRlIERFU0MsIGNvbnRhY3RzLmxhc3RfbmFtZSBBU0MgUyI7YjowO3M6MzA6IlNhbGVzR3JvdXBfRkVFX0NVU1RPTV9PUkRFUl9CWSI7czo0Nzoic21zX2ZlZS5zZWxsX2RhdGUgREVTQywgY29udGFjdHMubGFzdF9uYW1lIEFTQyAiO3M6NzA6IlNhbGVzR3JvdXBfRkVFX0NVU1RPTV9zbXNfZmVlLnNlbGxfZGF0ZSBERVNDLCBjb250YWN0cy5sYXN0X25hbWUgQVNDIFMiO2I6MTtzOjI2OiJDb3Vyc2VfTFdQb3B1cF9BTl9PUkRFUl9CWSI7czoxMToiY29tbW9uX2NvZGUiO3M6MzA6IkNvdXJzZV9MV1BvcHVwX0FOX2NvbW1vbl9jb2RlUyI7czozOiJBU0MiO3M6MTQ6IkNvdXJzZV9MV19BTl9TIjtzOjM6IkFTQyI7czoyMToiQ291cnNlX0xXX0FOX09SREVSX0JZIjtzOjExOiJjb21tb25fY29kZSI7czoyNToiQ291cnNlX0xXX0FOX2NvbW1vbl9jb2RlUyI7czozOiJBU0MiO3M6Mzc6IkNvdXJzZV9FVkVOVF9JTlNUQU5DRV9DVVNUT01fT1JERVJfQlkiO3M6MzI6InNtc19ldmVudF9pbnN0YW5jZS5mcm9tX2RhdGV0aW1lIjtzOjYyOiJDb3Vyc2VfRVZFTlRfSU5TVEFOQ0VfQ1VTVE9NX3Ntc19ldmVudF9pbnN0YW5jZS5mcm9tX2RhdGV0aW1lUyI7YjowO3M6Mzc6IlN0dWRlbnRfTFdDb1N1YnBhbmVsX0FOX3N0dWRlbnRfc3ViX1MiO3M6MzoiQVNDIjtzOjQ3OiJDb3Vyc2VfTFdTdFN1YnBhbmVsX2NhcnRlX2tlaXJpX0FOX2NvdXJzZV9zdWJfUyI7czozOiJBU0MiO3M6MzU6IkZlZV9MV1N0RmVTdWJwYW5lbF9BTl9wZXJzb25fZmVlc19TIjtzOjM6IkFTQyI7czo0MzoiVHJhbnNhY3Rpb25fTFdTdFRyU3VicGFuZWxfQU5fdHJhbnNhY3Rpb25fUyI7czozOiJBU0MiO3M6Mzg6IlNhbGVzR3JvdXBfVFJBTlNBQ1RJT05fQ1VTVE9NX09SREVSX0JZIjtzOjUyOiJzbXNfdHJhbnNhY3Rpb24udF9kYXRlIERFU0MsIGNvbnRhY3RzLmxhc3RfbmFtZSBBU0MgIjtzOjgzOiJTYWxlc0dyb3VwX1RSQU5TQUNUSU9OX0NVU1RPTV9zbXNfdHJhbnNhY3Rpb24udF9kYXRlIERFU0MsIGNvbnRhY3RzLmxhc3RfbmFtZSBBU0MgUyI7YjoxO3M6MzA6IlNNU0hvbGlkYXlfU01TSE9MSURBWV9PUkRFUl9CWSI7czoyMToic21zZXZlbnQuZGF0ZV9lbnRlcmVkIjtzOjQ0OiJTTVNIb2xpZGF5X1NNU0hPTElEQVlfc21zZXZlbnQuZGF0ZV9lbnRlcmVkUyI7YjowO3M6NDE6IlNNU0hvbGlkYXlfRVZFTlRfSU5TVEFOQ0VfQ1VTVE9NX09SREVSX0JZIjtzOjMyOiJzbXNfZXZlbnRfaW5zdGFuY2UuZnJvbV9kYXRldGltZSI7czo2NjoiU01TSG9saWRheV9FVkVOVF9JTlNUQU5DRV9DVVNUT01fc21zX2V2ZW50X2luc3RhbmNlLmZyb21fZGF0ZXRpbWVTIjtiOjA7czoyMDoiU3R1ZGVudF9MV1BvcHVwX0FOX1MiO3M6MzoiQVNDIjt9', 0, 0, 0, '6ad724d1-47e1-7759-fb8e-50ee24ae969d', 'staff', NULL),
('a9e80c22-3c17-2e3e-6cb0-5069027e61fc', 'master', 'maoewgp..pcqI', 'a61b41fc5b934e759eb0dd2d0bf9748d', 'off', '0', NULL, '2012-10-01 11:38:55', '2012-10-01 13:06:50', 'a9e80c22-3c17-2e3e-6cb0-5069027e61fc', '1', 'Active', 'YToxODp7czo4OiJncmlkbGluZSI7czozOiJvZmYiO3M6MTI6Im1haWxtZXJnZV9vbiI7czozOiJvZmYiO3M6MTI6ImRpc3BsYXlfdGFicyI7YToxMTp7aTowO3M6ODoiQ2FsZW5kYXIiO2k6MTtzOjY6IkNvdXJzZSI7aToyO3M6NzoiU3R1ZGVudCI7aTozO3M6NzoiVGVhY2hlciI7aTo0O3M6ODoiQ29udGFjdHMiO2k6NTtzOjg6IlJlc291cmNlIjtpOjY7czo2OiJFbWFpbHMiO2k6NztzOjU6IktlaXJpIjtpOjg7czoxMDoiU01TUmVwb3J0cyI7aTo5O3M6NDoiTWFpbiI7aToxMDtzOjc6IlNNU0hlbHAiO31zOjk6ImhpZGVfdGFicyI7YTowOnt9czoxMToicmVtb3ZlX3RhYnMiO2E6MDp7fXM6MjoidXQiO3M6MToiMSI7czoxMzoibWFpbF9mcm9tbmFtZSI7czo5OiJUZWNobm9TTVMiO3M6MTY6Im1haWxfZnJvbWFkZHJlc3MiO3M6MjQ6InRlY2hub3Ntc0B0ZWNobm9waWFuLmNvbSI7czozNToiU01TTWVtb19NWVNUVURFTlRNRU1PX0hPTUVfT1JERVJfQlkiO3M6MTc6ImRhdGVfZW50ZXJlZCBkZXNjIjtzOjQ1OiJTTVNNZW1vX01ZU1RVREVOVE1FTU9fSE9NRV9kYXRlX2VudGVyZWQgZGVzY1MiO2I6MDtzOjMxOiJTTVNNZW1vX01ZTk9USUNFU19IT01FX09SREVSX0JZIjtzOjE3OiJkYXRlX2VudGVyZWQgZGVzYyI7czo0MToiU01TTWVtb19NWU5PVElDRVNfSE9NRV9kYXRlX2VudGVyZWQgZGVzY1MiO2I6MDtzOjM1OiJTTVNNZW1vX0FOTk9VTkNFTUVOVFNfSE9NRV9PUkRFUl9CWSI7czoxNzoiZGF0ZV9lbnRlcmVkIGRlc2MiO3M6NDU6IlNNU01lbW9fQU5OT1VOQ0VNRU5UU19IT01FX2RhdGVfZW50ZXJlZCBkZXNjUyI7YjowO3M6NzoiQ291cnNlUSI7YTo3OntzOjY6Im1vZHVsZSI7czo2OiJDb3Vyc2UiO3M6NjoiYWN0aW9uIjtzOjg6Ikxpc3RWaWV3IjtzOjExOiJjb3Vyc2VfbGlzdCI7czo0OiJ0cnVlIjtzOjU6InF1ZXJ5IjtzOjQ6InRydWUiO3M6MTM6ImluaXRpYWxfc3RhdGUiO3M6MDoiIjtzOjg6InRvcF9tZW51IjtzOjE6IjEiO3M6MTE6ImNvdXJzZV9vcGVuIjtzOjEwOiJvcGVuZnV0dXJlIjt9czozMToiQ291cnNlX0NPVVJTRV9ERVRBSUxFRF9PUkRFUl9CWSI7czo0NzoiIGNvdXJzZV9jYXRlZ29yeS5uYW1lIERFU0MsIHNtc2V2ZW50Lm5hbWUgREVTQyAiO3M6NzE6IkNvdXJzZV9DT1VSU0VfREVUQUlMRURfIGNvdXJzZV9jYXRlZ29yeS5uYW1lIERFU0MsIHNtc2V2ZW50Lm5hbWUgREVTQyBTIjtiOjA7czo5OiJsYXN0VGhlbWUiO3M6NjoiVGVjaG5vIjt9', 0, 0, 0, '4c381c20-9d3e-0530-5833-506901db1322', 'staff', NULL),
('121c7332-9857-5d71-17a5-50ceacb53148', 'testk', 'te3qXgylw.TnA', 'd3c48a4ab1262b6b459d97aa4bd48eb8', 'off', '0', NULL, '2012-12-17 14:25:10', '2012-12-20 14:15:26', '121c7332-9857-5d71-17a5-50ceacb53148', '1', 'Active', 'YTozNDp7czo4OiJncmlkbGluZSI7czozOiJvZmYiO3M6MTI6Im1haWxtZXJnZV9vbiI7czozOiJvZmYiO3M6MTI6ImRpc3BsYXlfdGFicyI7YToxMTp7aTowO3M6ODoiQ2FsZW5kYXIiO2k6MTtzOjY6IkNvdXJzZSI7aToyO3M6NzoiU3R1ZGVudCI7aTozO3M6NzoiVGVhY2hlciI7aTo0O3M6ODoiQ29udGFjdHMiO2k6NTtzOjg6IlJlc291cmNlIjtpOjY7czo2OiJFbWFpbHMiO2k6NztzOjU6IktlaXJpIjtpOjg7czoxMDoiU01TUmVwb3J0cyI7aTo5O3M6NDoiTWFpbiI7aToxMDtzOjc6IlNNU0hlbHAiO31zOjk6ImhpZGVfdGFicyI7YTowOnt9czoxMToicmVtb3ZlX3RhYnMiO2E6MDp7fXM6MjoidXQiO3M6MToiMSI7czoxMzoibWFpbF9mcm9tbmFtZSI7czo5OiJUZWNobm9TTVMiO3M6MTY6Im1haWxfZnJvbWFkZHJlc3MiO3M6MjQ6InRlY2hub3Ntc0B0ZWNobm9waWFuLmNvbSI7czozNToiU01TTWVtb19NWVNUVURFTlRNRU1PX0hPTUVfT1JERVJfQlkiO3M6MTc6ImRhdGVfZW50ZXJlZCBkZXNjIjtzOjQ1OiJTTVNNZW1vX01ZU1RVREVOVE1FTU9fSE9NRV9kYXRlX2VudGVyZWQgZGVzY1MiO2I6MDtzOjMxOiJTTVNNZW1vX01ZTk9USUNFU19IT01FX09SREVSX0JZIjtzOjE3OiJkYXRlX2VudGVyZWQgZGVzYyI7czo0MToiU01TTWVtb19NWU5PVElDRVNfSE9NRV9kYXRlX2VudGVyZWQgZGVzY1MiO2I6MDtzOjM1OiJTTVNNZW1vX0FOTk9VTkNFTUVOVFNfSE9NRV9PUkRFUl9CWSI7czoxNzoiZGF0ZV9lbnRlcmVkIGRlc2MiO3M6NDU6IlNNU01lbW9fQU5OT1VOQ0VNRU5UU19IT01FX2RhdGVfZW50ZXJlZCBkZXNjUyI7YjowO3M6MjU6IkNvbnRhY3RzX0NPTlRBQ1RfT1JERVJfQlkiO3M6Mzk6ImNvbnRhY3RzLmxhc3RfbmFtZSwgY29udGFjdHMuZmlyc3RfbmFtZSI7czo1NzoiQ29udGFjdHNfQ09OVEFDVF9jb250YWN0cy5sYXN0X25hbWUsIGNvbnRhY3RzLmZpcnN0X25hbWVTIjtiOjA7czoxNjoiQWNjb3VudHNfTFdfQU5fUyI7czozOiJBU0MiO3M6OToibGFzdFRoZW1lIjtzOjY6IlRlY2hubyI7czozNzoiU3R1ZGVudF9MV0FjU3VicGFuZWxfQU5fc3R1ZGVudF9zdWJfUyI7czozOiJBU0MiO3M6MTU6IlN0dWRlbnRfTFdfQU5fUyI7czozOiJBU0MiO3M6MzI6IlN0dWRlbnRfU01TX01FTU9fQ1VTVE9NX09SREVSX0JZIjtzOjE4OiJzbXNfbWVtby5tZW1vZGF0ZSAiO3M6NDM6IlN0dWRlbnRfU01TX01FTU9fQ1VTVE9NX3Ntc19tZW1vLm1lbW9kYXRlIFMiO2I6MTtzOjQxOiJDb3Vyc2VfTFdTdFN1YnBhbmVsX0FOX2NvdXJzZV9zdWJfY2FydGVfUyI7czozOiJBU0MiO3M6NDU6IlN0dWRlbnRfRVZFTlRfSU5TVEFOQ0VfREVUQUlMX0NVU1RPTV9PUkRFUl9CWSI7czozMjoic21zZXZlbnRfaW5zdGFuY2VzLmZyb21fZGF0ZXRpbWUiO3M6NzA6IlN0dWRlbnRfRVZFTlRfSU5TVEFOQ0VfREVUQUlMX0NVU1RPTV9zbXNldmVudF9pbnN0YW5jZXMuZnJvbV9kYXRldGltZVMiO2I6MDtzOjM1OiJDb3Vyc2VfTFdTdFN1YnBhbmVsX0FOX2NvdXJzZV9zdWJfUyI7czozOiJBU0MiO3M6NjoiU3RhZmZRIjthOjM6e3M6NjoibW9kdWxlIjtzOjU6IlN0YWZmIjtzOjY6ImFjdGlvbiI7czo1OiJpbmRleCI7czo1OiJxdWVyeSI7czo0OiJ0cnVlIjt9czoyMDoiU3RhZmZfU1RBRkZfT1JERVJfQlkiO3M6Mzk6ImNvbnRhY3RzLmxhc3RfbmFtZSwgY29udGFjdHMuZmlyc3RfbmFtZSI7czo1MjoiU3RhZmZfU1RBRkZfY29udGFjdHMubGFzdF9uYW1lLCBjb250YWN0cy5maXJzdF9uYW1lUyI7YjowO3M6MTk6Ik1hc3RlckthbnJpX0xXX0FOX1MiO3M6MzoiQVNDIjtzOjg6IlN0dWRlbnRRIjthOjg6e3M6NjoibW9kdWxlIjtzOjc6IlN0dWRlbnQiO3M6NjoiYWN0aW9uIjtzOjU6ImluZGV4IjtzOjEzOiJyZXR1cm5fbW9kdWxlIjtzOjc6IlN0dWRlbnQiO3M6MTM6InJldHVybl9hY3Rpb24iO3M6NToiaW5kZXgiO3M6MTQ6ImNvbnRhY3Rfc3RhdHVzIjtzOjE6IjAiO3M6NToicXVlcnkiO3M6NDoidHJ1ZSI7czoxMToiY291cnNlX2xpc3QiO3M6NDoidHJ1ZSI7czoxMzoiaW5pdGlhbF9zdGF0ZSI7czowOiIiO31zOjQ3OiJDb3Vyc2VfTFdTdFN1YnBhbmVsX2NhcnRlX2tlaXJpX0FOX2NvdXJzZV9zdWJfUyI7czozOiJBU0MiO3M6MzU6IkZlZV9MV1N0RmVTdWJwYW5lbF9BTl9wZXJzb25fZmVlc19TIjtzOjM6IkFTQyI7czo0MzoiVHJhbnNhY3Rpb25fTFdTdFRyU3VicGFuZWxfQU5fdHJhbnNhY3Rpb25fUyI7czozOiJBU0MiO30=', 0, 0, 0, '6a0cfdaa-3eb3-3ea3-da8b-50ceace472c7', 'staff', NULL);
INSERT INTO `users` (`id`, `user_name`, `user_password`, `user_hash`, `is_admin`, `receive_notifications`, `description`, `date_entered`, `date_modified`, `modified_user_id`, `created_by`, `status`, `user_preferences`, `deleted`, `portal_only`, `is_group`, `contact_id`, `smsgroup`, `kantan_login_id`) VALUES
('967ab850-aafc-c160-943a-50d9300977e7', 'st01', 'stMWAMEojYSds', '57c2434259d10302e2267c2184b4ab55', 'off', '0', NULL, '2012-12-25 13:50:59', '2013-02-22 14:38:14', '967ab850-aafc-c160-943a-50d9300977e7', '1', 'Active', '[encoded data, 6496 characters]', 0, 0, 0, 'a8c029ba-8da3-e13f-b36e-50d92f8c1080', 'staff', NULL),
('219076bd-3fc5-3940-474a-50d8fbac517a', 'jbcc', 'jbQ8bc/FJjFx.', 'd58f8f554a6ec4de472bbf8b46dcec6b', 'off', '0', NULL, '2012-12-25 10:02:04', '2012-12-25 11:48:17', '219076bd-3fc5-3940-474a-50d8fbac517a', 'a437cc11-564c-e5c4-3ff0-4c88c6961e3b', 'Active', 'YTozNzp7czo4OiJncmlkbGluZSI7czozOiJvZmYiO3M6MTI6Im1haWxtZXJnZV9vbiI7czozOiJvZmYiO3M6MTI6ImRpc3BsYXlfdGFicyI7YToxMTp7aTowO3M6ODoiQ2FsZW5kYXIiO2k6MTtzOjY6IkNvdXJzZSI7aToyO3M6NzoiU3R1ZGVudCI7aTozO3M6NzoiVGVhY2hlciI7aTo0O3M6ODoiQ29udGFjdHMiO2k6NTtzOjg6IlJlc291cmNlIjtpOjY7czo2OiJFbWFpbHMiO2k6NztzOjU6IktlaXJpIjtpOjg7czoxMDoiU01TUmVwb3J0cyI7aTo5O3M6NDoiTWFpbiI7aToxMDtzOjc6IlNNU0hlbHAiO31zOjk6ImhpZGVfdGFicyI7YTowOnt9czoxMToicmVtb3ZlX3RhYnMiO2E6MDp7fXM6MjoidXQiO3M6MToiMSI7czoxMzoibWFpbF9mcm9tbmFtZSI7czo5OiJUZWNobm9TTVMiO3M6MTY6Im1haWxfZnJvbWFkZHJlc3MiO3M6MjQ6InRlY2hub3Ntc0B0ZWNobm9waWFuLmNvbSI7czozNToiU01TTWVtb19NWVNUVURFTlRNRU1PX0hPTUVfT1JERVJfQlkiO3M6MTc6ImRhdGVfZW50ZXJlZCBkZXNjIjtzOjQ1OiJTTVNNZW1vX01ZU1RVREVOVE1FTU9fSE9NRV9kYXRlX2VudGVyZWQgZGVzY1MiO2I6MDtzOjMxOiJTTVNNZW1vX01ZTk9USUNFU19IT01FX09SREVSX0JZIjtzOjE3OiJkYXRlX2VudGVyZWQgZGVzYyI7czo0MToiU01TTWVtb19NWU5PVElDRVNfSE9NRV9kYXRlX2VudGVyZWQgZGVzY1MiO2I6MDtzOjM1OiJTTVNNZW1vX0FOTk9VTkNFTUVOVFNfSE9NRV9PUkRFUl9CWSI7czoxNzoiZGF0ZV9lbnRlcmVkIGRlc2MiO3M6NDU6IlNNU01lbW9fQU5OT1VOQ0VNRU5UU19IT01FX2RhdGVfZW50ZXJlZCBkZXNjUyI7YjowO3M6MjY6IlJlc291cmNlX1JFU09VUkNFX09SREVSX0JZIjtzOjMyOiJyZXNvdXJjZS5jYXRlZ29yeSwgcmVzb3VyY2UubmFtZSI7czo1MToiUmVzb3VyY2VfUkVTT1VSQ0VfcmVzb3VyY2UuY2F0ZWdvcnksIHJlc291cmNlLm5hbWVTIjtiOjA7czo0NjoiUmVzb3VyY2VfRVZFTlRfSU5TVEFOQ0VfREVUQUlMX0NVU1RPTV9PUkRFUl9CWSI7czozMjoic21zZXZlbnRfaW5zdGFuY2VzLmZyb21fZGF0ZXRpbWUiO3M6NzE6IlJlc291cmNlX0VWRU5UX0lOU1RBTkNFX0RFVEFJTF9DVVNUT01fc21zZXZlbnRfaW5zdGFuY2VzLmZyb21fZGF0ZXRpbWVTIjtiOjA7czo5OiJsYXN0VGhlbWUiO3M6NjoiVGVjaG5vIjtzOjE0OiJDb3Vyc2VfTFdfQU5fUyI7czozOiJBU0MiO3M6MTU6IlN0dWRlbnRfTFdfQU5fUyI7czozOiJBU0MiO3M6MzU6IkNvdXJzZV9MV1N0U3VicGFuZWxfQU5fY291cnNlX3N1Yl9TIjtzOjM6IkFTQyI7czo0NToiU3R1ZGVudF9FVkVOVF9JTlNUQU5DRV9ERVRBSUxfQ1VTVE9NX09SREVSX0JZIjtzOjMyOiJzbXNldmVudF9pbnN0YW5jZXMuZnJvbV9kYXRldGltZSI7czo3MDoiU3R1ZGVudF9FVkVOVF9JTlNUQU5DRV9ERVRBSUxfQ1VTVE9NX3Ntc2V2ZW50X2luc3RhbmNlcy5mcm9tX2RhdGV0aW1lUyI7YjowO3M6MzI6IlN0dWRlbnRfU01TX01FTU9fQ1VTVE9NX09SREVSX0JZIjtzOjE4OiJzbXNfbWVtby5tZW1vZGF0ZSAiO3M6NDM6IlN0dWRlbnRfU01TX01FTU9fQ1VTVE9NX3Ntc19tZW1vLm1lbW9kYXRlIFMiO2I6MTtzOjQxOiJDb3Vyc2VfTFdTdFN1YnBhbmVsX0FOX2NvdXJzZV9zdWJfY2FydGVfUyI7czozOiJBU0MiO3M6MTU6IlRlYWNoZXJfTFdfQU5fUyI7czozOiJBU0MiO3M6NDE6IlNNU0hvbGlkYXlfRVZFTlRfSU5TVEFOQ0VfQ1VTVE9NX09SREVSX0JZIjtzOjMyOiJzbXNfZXZlbnRfaW5zdGFuY2UuZnJvbV9kYXRldGltZSI7czo2NjoiU01TSG9saWRheV9FVkVOVF9JTlNUQU5DRV9DVVNUT01fc21zX2V2ZW50X2luc3RhbmNlLmZyb21fZGF0ZXRpbWVTIjtiOjA7czozNzoiQ291cnNlX0VWRU5UX0lOU1RBTkNFX0NVU1RPTV9PUkRFUl9CWSI7czozMjoic21zX2V2ZW50X2luc3RhbmNlLmZyb21fZGF0ZXRpbWUiO3M6NjI6IkNvdXJzZV9FVkVOVF9JTlNUQU5DRV9DVVNUT01fc21zX2V2ZW50X2luc3RhbmNlLmZyb21fZGF0ZXRpbWVTIjtiOjA7czozMDoiVGVhY2hlcl9QT1BVUF9URUFDSEVSX09SREVSX0JZIjtzOjU4OiIgY29udGFjdHMubGFzdF9uYW1lX2Z1cmlnYW5hLCBjb250YWN0cy5maXJzdF9uYW1lX2Z1cmlnYW5hIjtzOjgxOiJUZWFjaGVyX1BPUFVQX1RFQUNIRVJfIGNvbnRhY3RzLmxhc3RfbmFtZV9mdXJpZ2FuYSwgY29udGFjdHMuZmlyc3RfbmFtZV9mdXJpZ2FuYVMiO2I6MDtzOjM3OiJUZWFjaGVyX0xXQ29TdWJwYW5lbF9BTl90ZWFjaGVyX3N1Yl9TIjtzOjM6IkFTQyI7czo4OiJTdHVkZW50USI7YToxODp7czo2OiJhY3Rpb24iO3M6NToiaW5kZXgiO3M6NToicXVlcnkiO3M6NDoidHJ1ZSI7czo2OiJtb2R1bGUiO3M6NzoiU3R1ZGVudCI7czoxNDoiYWRkaXRpb25hbF9zbXMiO3M6MDoiIjtzOjE3OiJsaXN0dmlld19jYWxlbmRhciI7czowOiIiO3M6MTE6ImNvdXJzZV9saXN0IjtzOjQ6InRydWUiO3M6MTQ6InBhcmVudF9ub2RlX2lkIjtzOjA6IiI7czo5OiJwYXJlbnRfaWQiO3M6MDoiIjtzOjg6ImV2ZW50X2lkIjtzOjA6IiI7czoyMToiaW5jbHVkZV9zdWJjYXRlZ29yaWVzIjtzOjI6Im9uIjtzOjE1OiJjdXJyZW50X3N0dWRlbnQiO3M6MDoiIjtzOjc6ImFyZWFfaWQiO3M6OToi6aaW6YO95ZyPIjtzOjk6InNjaG9vbF9pZCI7czoxMjoic3Nzc3Nzcy0xMTExIjtzOjE0OiJzdHVkZW50X3N0YXR1cyI7czoxOiIwIjtzOjI4OiJldmVudF9jb250YWN0X3N0YXR1c19zdHVkZW50IjtzOjE6IjAiO3M6MTM6InJlbF9kYXRlX2Zyb20iO3M6MDoiIjtzOjExOiJyZWxfZGF0ZV90byI7czowOiIiO3M6MjI6InByb3NwZWN0X2xpc3Rfc2F2ZW5hbWUiO3M6MDoiIjt9czoxOToiTWFzdGVyS2FucmlfTFdfQU5fUyI7czozOiJBU0MiO30=', 0, 0, 0, '2ec9b244-315d-e651-8021-50d8fa5c769e', 'staff', NULL),
('5e070921-e5f8-3617-3c3f-50d9308df71f', 'st02', 'st118cPkPthOo', '7586a21fa2499c324413e5c28e09602f', 'off', '0', NULL, '2012-12-25 13:52:06', '2013-02-07 17:26:53', '5e070921-e5f8-3617-3c3f-50d9308df71f', '1', 'Active', '[encoded data, 5776 characters]', 0, 0, 0, 'f35dc84c-db32-8a72-aa76-50d92f821757', 'staff', NULL),
('147c4b18-8ff6-c029-487a-50d933cee1a1', 'st03', 'stkkF6weO7fRI', 'ea8fe5e0d88b948b331a2ddfa4ab4a6f', 'off', '0', NULL, '2012-12-25 14:00:54', '2012-12-26 18:00:06', '147c4b18-8ff6-c029-487a-50d933cee1a1', '1', 'Active', '[encoded data, 5620 characters]', 0, 0, 0, '49271ae4-aa29-184f-cac5-50d92fdbe493', 'staff', NULL),
('7f773a56-0a02-88a3-bf88-50d93300b49c', 'st04', 'stsqHMkQMAnk2', '52df7b9e22e1d828a7ae9f586cc83c0f', 'off', '0', NULL, '2012-12-25 14:01:43', '2013-02-06 16:10:17', '7f773a56-0a02-88a3-bf88-50d93300b49c', '1', 'Active', '[encoded data, 5152 characters]', 0, 0, 0, 'a9bdcb28-9cc5-eb78-686b-50d92fd1d521', 'staff', NULL),
('e2eea000-1dc6-c03c-4c77-50d9339c0fa6', 'st05', 'stwO7UwT8Vt2Q', '5c284795d14bfb3e650df298158f5b36', 'off', '0', NULL, '2012-12-25 14:02:34', '2013-02-11 17:31:02', 'e2eea000-1dc6-c03c-4c77-50d9339c0fa6', '1', 'Active', '[encoded data, 7272 characters]', 0, 0, 0, 'c97a713e-3fa5-0e0b-35a1-50d92f2bcf8d', 'staff', NULL),
('99290008-b709-5558-2abb-50d933bdfc54', 'st06', 'stuEsUeZHYRII', '98dc6c217d8dc3b711c120ba573c1685', 'off', '0', NULL, '2012-12-25 14:03:45', '2013-03-09 19:01:47', '99290008-b709-5558-2abb-50d933bdfc54', '1', 'Active', '[encoded data, 6668 characters]', 0, 0, 0, '5160d782-7b43-fd32-d874-50d92f1996ad', 'staff', NULL);
INSERT INTO `users` (`id`, `user_name`, `user_password`, `user_hash`, `is_admin`, `receive_notifications`, `description`, `date_entered`, `date_modified`, `modified_user_id`, `created_by`, `status`, `user_preferences`, `deleted`, `portal_only`, `is_group`, `contact_id`, `smsgroup`, `kantan_login_id`) VALUES
('3e24d200-6381-e2e7-31e6-50d93380f383', 'st07', 'st3m7ADp8t.eQ', '601d6847f259bb162a31ad71ea42f0f0', 'off', '0', NULL, '2012-12-25 14:04:38', '2013-03-11 11:39:25', '3e24d200-6381-e2e7-31e6-50d93380f383', '1', 'Active', '[encoded data, 11340 characters]', 0, 0, 0, '180be646-9958-75a5-493f-50d92f623ce8', 'staff', NULL),
('dd19cd9b-4a94-f0b6-b40f-50d934e99739', 'st08', 'stNxMSG3yu/vw', '83e220080ce0f331764400349dcfd121', 'off', '0', NULL, '2012-12-25 14:05:39', '2013-02-22 14:48:32', 'dd19cd9b-4a94-f0b6-b40f-50d934e99739', '1', 'Active', 'YTo0Mjp7czo4OiJncmlkbGluZSI7czozOiJvZmYiO3M6MTI6Im1haWxtZXJnZV9vbiI7czozOiJvZmYiO3M6MTI6ImRpc3BsYXlfdGFicyI7YToxMTp7aTowO3M6ODoiQ2FsZW5kYXIiO2k6MTtzOjY6IkNvdXJzZSI7aToyO3M6NzoiU3R1ZGVudCI7aTozO3M6NzoiVGVhY2hlciI7aTo0O3M6ODoiQ29udGFjdHMiO2k6NTtzOjg6IlJlc291cmNlIjtpOjY7czo2OiJFbWFpbHMiO2k6NztzOjU6IktlaXJpIjtpOjg7czoxMDoiU01TUmVwb3J0cyI7aTo5O3M6NDoiTWFpbiI7aToxMDtzOjc6IlNNU0hlbHAiO31zOjk6ImhpZGVfdGFicyI7YTowOnt9czoxMToicmVtb3ZlX3RhYnMiO2E6MDp7fXM6MjoidXQiO3M6MToiMSI7czoxMzoibWFpbF9mcm9tbmFtZSI7czo5OiJUZWNobm9TTVMiO3M6MTY6Im1haWxfZnJvbWFkZHJlc3MiO3M6MjQ6InRlY2hub3Ntc0B0ZWNobm9waWFuLmNvbSI7czozNToiU01TTWVtb19NWVNUVURFTlRNRU1PX0hPTUVfT1JERVJfQlkiO3M6MTc6ImRhdGVfZW50ZXJlZCBkZXNjIjtzOjQ1OiJTTVNNZW1vX01ZU1RVREVOVE1FTU9fSE9NRV9kYXRlX2VudGVyZWQgZGVzY1MiO2I6MDtzOjMxOiJTTVNNZW1vX01ZTk9USUNFU19IT01FX09SREVSX0JZIjtzOjE3OiJkYXRlX2VudGVyZWQgZGVzYyI7czo0MToiU01TTWVtb19NWU5PVElDRVNfSE9NRV9kYXRlX2VudGVyZWQgZGVzY1MiO2I6MDtzOjM1OiJTTVNNZW1vX0FOTk9VTkNFTUVOVFNfSE9NRV9PUkRFUl9CWSI7czoxNzoiZGF0ZV9lbnRlcmVkIGRlc2MiO3M6NDU6IlNNU01lbW9fQU5OT1VOQ0VNRU5UU19IT01FX2RhdGVfZW50ZXJlZCBkZXNjUyI7YjowO3M6OToibGFzdFRoZW1lIjtzOjY6IlRlY2hubyI7czoyNToiQ29udGFjdHNfQ09OVEFDVF9PUkRFUl9CWSI7czozOToiY29udGFjdHMubGFzdF9uYW1lLCBjb250YWN0cy5maXJzdF9uYW1lIjtzOjU3OiJDb250YWN0c19DT05UQUNUX2NvbnRhY3RzLmxhc3RfbmFtZSwgY29udGFjdHMuZmlyc3RfbmFtZVMiO2I6MDtzOjE1OiJTdHVkZW50X0xXX0FOX1MiO3M6MzoiQVNDIjtzOjQzOiJDb3Vyc2VfTFdZb1RvQ291cnNlU3VicGFuZWxfQU5fY291cnNlX3N1Yl9TIjtzOjM6IkFTQyI7czozNDoiRmVlX0xXWW9Ub0ZlZVN1YnBhbmVsX0FOX2ZlZV9zdWJfUyI7czozOiJBU0MiO3M6MTk6IkNvdXJzZV9MV1BvcHVwX0FOX1MiO3M6MzoiQVNDIjtzOjI2OiJDb3Vyc2VfTFdQb3B1cF9BTl9PUkRFUl9CWSI7czoxMToiY29tbW9uX2NvZGUiO3M6MzA6IkNvdXJzZV9MV1BvcHVwX0FOX2NvbW1vbl9jb2RlUyI7czozOiJBU0MiO3M6MjE6IkFjY291bnRzX0xXUG9wdXBfQU5fUyI7czozOiJBU0MiO3M6NDY6IlN0dWRlbnRfTFdZb1RvU3R1ZGVudFN1YnBhbmVsX0FOX3N0dWRlbnRfc3ViX1MiO3M6MzoiQVNDIjtzOjE0OiJDb3Vyc2VfTFdfQU5fUyI7czozOiJBU0MiO3M6MzI6IlN0dWRlbnRfU01TX01FTU9fQ1VTVE9NX09SREVSX0JZIjtzOjE4OiJzbXNfbWVtby5tZW1vZGF0ZSAiO3M6NDM6IlN0dWRlbnRfU01TX01FTU9fQ1VTVE9NX3Ntc19tZW1vLm1lbW9kYXRlIFMiO2I6MTtzOjQxOiJDb3Vyc2VfTFdTdFN1YnBhbmVsX0FOX2NvdXJzZV9zdWJfY2FydGVfUyI7czozOiJBU0MiO3M6NDU6IlN0dWRlbnRfRVZFTlRfSU5TVEFOQ0VfREVUQUlMX0NVU1RPTV9PUkRFUl9CWSI7czozMjoic21zZXZlbnRfaW5zdGFuY2VzLmZyb21fZGF0ZXRpbWUiO3M6NzA6IlN0dWRlbnRfRVZFTlRfSU5TVEFOQ0VfREVUQUlMX0NVU1RPTV9zbXNldmVudF9pbnN0YW5jZXMuZnJvbV9kYXRldGltZVMiO2I6MDtzOjIwOiJTdHVkZW50X0xXUG9wdXBfQU5fUyI7czozOiJBU0MiO3M6ODoiU3R1ZGVudFEiO2E6ODp7czo2OiJtb2R1bGUiO3M6NzoiU3R1ZGVudCI7czo2OiJhY3Rpb24iO3M6NToiaW5kZXgiO3M6MTM6InJldHVybl9tb2R1bGUiO3M6NzoiU3R1ZGVudCI7czoxMzoicmV0dXJuX2FjdGlvbiI7czo1OiJpbmRleCI7czoxNDoiY29udGFjdF9zdGF0dXMiO3M6MToiMCI7czo1OiJxdWVyeSI7czo0OiJ0cnVlIjtzOjE4OiJjb3Vyc2VzX2J5X3N0dWRlbnQiO3M6NDoidHJ1ZSI7czoxMzoiaW5pdGlhbF9zdGF0ZSI7czowOiIiO31zOjM3OiJTdHVkZW50X1NUVURFTlRfQkFTRURfQ09VUlNFX09SREVSX0JZIjtzOjQ3OiJjb250YWN0cy5sYXN0X25hbWVfZnVyaWdhbmEsIGNvbnRhY3RzLmxhc3RfbmFtZSI7czo3NzoiU3R1ZGVudF9TVFVERU5UX0JBU0VEX0NPVVJTRV9jb250YWN0cy5sYXN0X25hbWVfZnVyaWdhbmEsIGNvbnRhY3RzLmxhc3RfbmFtZVMiO2I6MDtzOjI3OiJDb3Vyc2VfTFdfQ291cnNlTXlQYWdlX0FOX1MiO3M6MzoiQVNDIjtzOjE4OiJVc2Vyc19MV1BvcHVwX0FOX1MiO3M6MzoiQVNDIjtzOjIxOiJFbWFpbHNfRU1BSUxfT1JERVJfQlkiO3M6MTM6ImRhdGVfbW9kaWZpZWQiO3M6Mjc6IkVtYWlsc19FTUFJTF9kYXRlX21vZGlmaWVkUyI7YjowO3M6Mzg6IkVtYWlsVGVtcGxhdGVzX0VNQUlMX1RFTVBMQVRFX09SREVSX0JZIjtzOjMzOiJlbWFpbF90ZW1wbGF0ZXMuZGF0ZV9lbnRlcmVkIERFU0MiO3M6NjQ6IkVtYWlsVGVtcGxhdGVzX0VNQUlMX1RFTVBMQVRFX2VtYWlsX3RlbXBsYXRlcy5kYXRlX2VudGVyZWQgREVTQ1MiO2I6MDtzOjE5OiJNYXN0ZXJLYW5yaV9MV19BTl9TIjtzOjM6IkFTQyI7fQ==', 0, 0, 0, 'd131b200-08ee-f9fd-8ad3-50d92f06ac1b', 'staff', NULL),
('c4e4444a-259d-eb06-92ef-50d9348e6214', 'st09', 'styA6Y2DcAMe.', '8b5b730b269800b038e13cd1849eb37c', 'off', '0', NULL, '2012-12-25 14:07:02', '2013-02-22 14:35:52', 'c4e4444a-259d-eb06-92ef-50d9348e6214', '1', 'Active', '[encoded data, 11100 characters]', 0, 0, 0, '6a748a95-2014-2189-3c69-50d92f905f7b', 'staff', NULL),
('c07000dc-5064-5f5c-5bb8-50d934ea3dbb', 'st10', 'stVo0jK7eTWBg', 'f4c9197f56418d5bde1ce3e1161c46d3', 'off', '0', NULL, '2012-12-25 14:08:04', '2013-03-11 19:12:44', 'c07000dc-5064-5f5c-5bb8-50d934ea3dbb', '1', 'Active', '[encoded data, 8860 characters]', 0, 0, 0, '970a669e-208e-a598-0e48-50d92fd47c46', 'staff', NULL),
('d8c9164b-e73b-1b32-ab8b-50eb84f88a5e', 'st11', 'stRWXDgvdPqhw', 'c2d0cabdb1e6f0cbacd4b05065d8782b', 'off', '0', NULL, '2013-01-08 11:29:35', '2013-03-07 10:49:40', 'd8c9164b-e73b-1b32-ab8b-50eb84f88a5e', 'a437cc11-564c-e5c4-3ff0-4c88c6961e3b', 'Active', '[encoded data, 5096 characters]', 0, 0, 0, '2f060bb9-0fb3-6a62-1601-50eb830b1365', 'staff', NULL),
('65c6671f-62d3-54e1-54cc-50eb856639cc', 'st12', 'stJ5KUxVF6yIk', '546e6d7678f5843e018944ba998d76f2', 'off', '0', NULL, '2013-01-08 11:34:01', '2013-02-21 14:55:44', '65c6671f-62d3-54e1-54cc-50eb856639cc', 'a437cc11-564c-e5c4-3ff0-4c88c6961e3b', 'Active', '[encoded data, 4944 characters]', 0, 0, 0, 'f73d0534-00fc-037c-1516-50eb85c87bfd', 'staff', NULL),
('7eaddef4-f973-134f-177e-50eb867dc5b2', 'st13', 'stNWSZqzqWiFI', '6eccf1dd8f709c166e6371f26f616700', 'off', '0', NULL, '2013-01-08 11:36:01', '2013-03-07 09:58:54', '7eaddef4-f973-134f-177e-50eb867dc5b2', '1', 'Active', 'YToxNjp7czo4OiJncmlkbGluZSI7czozOiJvZmYiO3M6MTI6Im1haWxtZXJnZV9vbiI7czozOiJvZmYiO3M6MTI6ImRpc3BsYXlfdGFicyI7YToxMTp7aTowO3M6ODoiQ2FsZW5kYXIiO2k6MTtzOjY6IkNvdXJzZSI7aToyO3M6NzoiU3R1ZGVudCI7aTozO3M6NzoiVGVhY2hlciI7aTo0O3M6ODoiQ29udGFjdHMiO2k6NTtzOjg6IlJlc291cmNlIjtpOjY7czo2OiJFbWFpbHMiO2k6NztzOjU6IktlaXJpIjtpOjg7czoxMDoiU01TUmVwb3J0cyI7aTo5O3M6NDoiTWFpbiI7aToxMDtzOjc6IlNNU0hlbHAiO31zOjk6ImhpZGVfdGFicyI7YTowOnt9czoxMToicmVtb3ZlX3RhYnMiO2E6MDp7fXM6MjoidXQiO3M6MToiMSI7czoxMzoibWFpbF9mcm9tbmFtZSI7czo5OiJUZWNobm9TTVMiO3M6MTY6Im1haWxfZnJvbWFkZHJlc3MiO3M6MjQ6InRlY2hub3Ntc0B0ZWNobm9waWFuLmNvbSI7czozNToiU01TTWVtb19NWVNUVURFTlRNRU1PX0hPTUVfT1JERVJfQlkiO3M6MTc6ImRhdGVfZW50ZXJlZCBkZXNjIjtzOjQ1OiJTTVNNZW1vX01ZU1RVREVOVE1FTU9fSE9NRV9kYXRlX2VudGVyZWQgZGVzY1MiO2I6MDtzOjMxOiJTTVNNZW1vX01ZTk9USUNFU19IT01FX09SREVSX0JZIjtzOjE3OiJkYXRlX2VudGVyZWQgZGVzYyI7czo0MToiU01TTWVtb19NWU5PVElDRVNfSE9NRV9kYXRlX2VudGVyZWQgZGVzY1MiO2I6MDtzOjM1OiJTTVNNZW1vX0FOTk9VTkNFTUVOVFNfSE9NRV9PUkRFUl9CWSI7czoxNzoiZGF0ZV9lbnRlcmVkIGRlc2MiO3M6NDU6IlNNU01lbW9fQU5OT1VOQ0VNRU5UU19IT01FX2RhdGVfZW50ZXJlZCBkZXNjUyI7YjowO3M6MTk6Ik1hc3RlckthbnJpX0xXX0FOX1MiO3M6MzoiQVNDIjtzOjk6Imxhc3RUaGVtZSI7czo2OiJUZWNobm8iO30=', 0, 0, 0, '656390f9-06f1-8ceb-4427-50eb8572f457', 'staff', NULL),
('8b25000b-60ec-5811-90a7-50eb86695c05', 'st14', 'sty5gcRb/pjlA', 'f84d0f7a0a493334db939aeecec5e9cf', 'off', '0', NULL, '2013-01-08 11:37:05', '2013-01-08 11:51:31', '8b25000b-60ec-5811-90a7-50eb86695c05', '1', 'Active', 'YToxNTp7czo4OiJncmlkbGluZSI7czozOiJvZmYiO3M6MTI6Im1haWxtZXJnZV9vbiI7czozOiJvZmYiO3M6MTI6ImRpc3BsYXlfdGFicyI7YToxMTp7aTowO3M6ODoiQ2FsZW5kYXIiO2k6MTtzOjY6IkNvdXJzZSI7aToyO3M6NzoiU3R1ZGVudCI7aTozO3M6NzoiVGVhY2hlciI7aTo0O3M6ODoiQ29udGFjdHMiO2k6NTtzOjg6IlJlc291cmNlIjtpOjY7czo2OiJFbWFpbHMiO2k6NztzOjU6IktlaXJpIjtpOjg7czoxMDoiU01TUmVwb3J0cyI7aTo5O3M6NDoiTWFpbiI7aToxMDtzOjc6IlNNU0hlbHAiO31zOjk6ImhpZGVfdGFicyI7YTowOnt9czoxMToicmVtb3ZlX3RhYnMiO2E6MDp7fXM6MjoidXQiO3M6MToiMSI7czoxMzoibWFpbF9mcm9tbmFtZSI7czo5OiJUZWNobm9TTVMiO3M6MTY6Im1haWxfZnJvbWFkZHJlc3MiO3M6MjQ6InRlY2hub3Ntc0B0ZWNobm9waWFuLmNvbSI7czozNToiU01TTWVtb19NWVNUVURFTlRNRU1PX0hPTUVfT1JERVJfQlkiO3M6MTc6ImRhdGVfZW50ZXJlZCBkZXNjIjtzOjQ1OiJTTVNNZW1vX01ZU1RVREVOVE1FTU9fSE9NRV9kYXRlX2VudGVyZWQgZGVzY1MiO2I6MDtzOjMxOiJTTVNNZW1vX01ZTk9USUNFU19IT01FX09SREVSX0JZIjtzOjE3OiJkYXRlX2VudGVyZWQgZGVzYyI7czo0MToiU01TTWVtb19NWU5PVElDRVNfSE9NRV9kYXRlX2VudGVyZWQgZGVzY1MiO2I6MDtzOjM1OiJTTVNNZW1vX0FOTk9VTkNFTUVOVFNfSE9NRV9PUkRFUl9CWSI7czoxNzoiZGF0ZV9lbnRlcmVkIGRlc2MiO3M6NDU6IlNNU01lbW9fQU5OT1VOQ0VNRU5UU19IT01FX2RhdGVfZW50ZXJlZCBkZXNjUyI7YjowO3M6OToibGFzdFRoZW1lIjtzOjY6IlRlY2hubyI7fQ==', 0, 0, 0, '65ab248b-1c4a-0fef-8a46-50eb86969604', 'staff', NULL);
INSERT INTO `users` (`id`, `user_name`, `user_password`, `user_hash`, `is_admin`, `receive_notifications`, `description`, `date_entered`, `date_modified`, `modified_user_id`, `created_by`, `status`, `user_preferences`, `deleted`, `portal_only`, `is_group`, `contact_id`, `smsgroup`, `kantan_login_id`) VALUES
('d2a840f8-8b9a-fb1e-2f7b-50eb86225e2e', 'st15', 'stzJzvu.RUBTE', '747ed74beeaffd17f579d6ec4426f9d6', 'off', '0', NULL, '2013-01-08 11:37:59', '2013-02-19 15:38:59', 'd2a840f8-8b9a-fb1e-2f7b-50eb86225e2e', '1', 'Active', 'YTozNjp7czo4OiJncmlkbGluZSI7czozOiJvZmYiO3M6MTI6Im1haWxtZXJnZV9vbiI7czozOiJvZmYiO3M6MTI6ImRpc3BsYXlfdGFicyI7YToxMTp7aTowO3M6ODoiQ2FsZW5kYXIiO2k6MTtzOjY6IkNvdXJzZSI7aToyO3M6NzoiU3R1ZGVudCI7aTozO3M6NzoiVGVhY2hlciI7aTo0O3M6ODoiQ29udGFjdHMiO2k6NTtzOjg6IlJlc291cmNlIjtpOjY7czo2OiJFbWFpbHMiO2k6NztzOjU6IktlaXJpIjtpOjg7czoxMDoiU01TUmVwb3J0cyI7aTo5O3M6NDoiTWFpbiI7aToxMDtzOjc6IlNNU0hlbHAiO31zOjk6ImhpZGVfdGFicyI7YTowOnt9czoxMToicmVtb3ZlX3RhYnMiO2E6MDp7fXM6MjoidXQiO3M6MToiMSI7czoxMzoibWFpbF9mcm9tbmFtZSI7czo5OiJUZWNobm9TTVMiO3M6MTY6Im1haWxfZnJvbWFkZHJlc3MiO3M6MjQ6InRlY2hub3Ntc0B0ZWNobm9waWFuLmNvbSI7czozNToiU01TTWVtb19NWVNUVURFTlRNRU1PX0hPTUVfT1JERVJfQlkiO3M6MTc6ImRhdGVfZW50ZXJlZCBkZXNjIjtzOjQ1OiJTTVNNZW1vX01ZU1RVREVOVE1FTU9fSE9NRV9kYXRlX2VudGVyZWQgZGVzY1MiO2I6MDtzOjMxOiJTTVNNZW1vX01ZTk9USUNFU19IT01FX09SREVSX0JZIjtzOjE3OiJkYXRlX2VudGVyZWQgZGVzYyI7czo0MToiU01TTWVtb19NWU5PVElDRVNfSE9NRV9kYXRlX2VudGVyZWQgZGVzY1MiO2I6MDtzOjM1OiJTTVNNZW1vX0FOTk9VTkNFTUVOVFNfSE9NRV9PUkRFUl9CWSI7czoxNzoiZGF0ZV9lbnRlcmVkIGRlc2MiO3M6NDU6IlNNU01lbW9fQU5OT1VOQ0VNRU5UU19IT01FX2RhdGVfZW50ZXJlZCBkZXNjUyI7YjowO3M6OToibGFzdFRoZW1lIjtzOjY6IlRlY2hubyI7czoxNDoiQ291cnNlX0xXX0FOX1MiO3M6MzoiQVNDIjtzOjM3OiJTdHVkZW50X0xXQ29TdWJwYW5lbF9BTl9zdHVkZW50X3N1Yl9TIjtzOjM6IkFTQyI7czozNzoiQ291cnNlX0VWRU5UX0lOU1RBTkNFX0NVU1RPTV9PUkRFUl9CWSI7czozMjoic21zX2V2ZW50X2luc3RhbmNlLmZyb21fZGF0ZXRpbWUiO3M6NjI6IkNvdXJzZV9FVkVOVF9JTlNUQU5DRV9DVVNUT01fc21zX2V2ZW50X2luc3RhbmNlLmZyb21fZGF0ZXRpbWVTIjtiOjA7czozNzoiVGVhY2hlcl9MV0NvU3VicGFuZWxfQU5fdGVhY2hlcl9zdWJfUyI7czozOiJBU0MiO3M6NDQ6IlRlYWNoZXJfTFdDb1N1YnBhbmVsX0FOX3RlYWNoZXJfc3ViX09SREVSX0JZIjtzOjk6Imxhc3RfbmFtZSI7czo0NjoiVGVhY2hlcl9MV0NvU3VicGFuZWxfQU5fdGVhY2hlcl9zdWJfbGFzdF9uYW1lUyI7czozOiJBU0MiO3M6MjA6IlRlYWNoZXJfTFdQb3B1cF9BTl9TIjtzOjM6IkFTQyI7czozNToiQ291cnNlX0xXVGVTdWJwYW5lbF9BTl9jb3Vyc2Vfc3ViX1MiO3M6MzoiQVNDIjtzOjMxOiJDb3Vyc2VfUkVTT1VSQ0VfQ1VTVE9NX09SREVSX0JZIjtzOjMyOiJyZXNvdXJjZS5jYXRlZ29yeSwgcmVzb3VyY2UubmFtZSI7czo1NjoiQ291cnNlX1JFU09VUkNFX0NVU1RPTV9yZXNvdXJjZS5jYXRlZ29yeSwgcmVzb3VyY2UubmFtZVMiO2I6MDtzOjMwOiJUZWFjaGVyX1BPUFVQX1RFQUNIRVJfT1JERVJfQlkiO3M6NTg6IiBjb250YWN0cy5sYXN0X25hbWVfZnVyaWdhbmEsIGNvbnRhY3RzLmZpcnN0X25hbWVfZnVyaWdhbmEiO3M6ODE6IlRlYWNoZXJfUE9QVVBfVEVBQ0hFUl8gY29udGFjdHMubGFzdF9uYW1lX2Z1cmlnYW5hLCBjb250YWN0cy5maXJzdF9uYW1lX2Z1cmlnYW5hUyI7YjowO3M6MjY6IlJlc291cmNlX1JFU09VUkNFX09SREVSX0JZIjtzOjMyOiJyZXNvdXJjZS5jYXRlZ29yeSwgcmVzb3VyY2UubmFtZSI7czozMjoiUmVzb3VyY2VfUkVTT1VSQ0VfcmVzb3VyY2UubmFtZVMiO2I6MDtzOjUxOiJSZXNvdXJjZV9SRVNPVVJDRV9yZXNvdXJjZS5jYXRlZ29yeSwgcmVzb3VyY2UubmFtZVMiO2I6MDtzOjE4OiJVc2Vyc19MV1BvcHVwX0FOX1MiO3M6MzoiQVNDIjtzOjI0OiJDb3Vyc2VfTFdTaHVzc2VraWJvX0FOX1MiO3M6MzoiQVNDIjtzOjI0OiJDb3Vyc2VfTFdHb3VrZWlEYXRhX0FOX1MiO3M6MzoiQVNDIjtzOjI1OiJDb250YWN0c19DT05UQUNUX09SREVSX0JZIjtzOjM5OiJjb250YWN0cy5sYXN0X25hbWUsIGNvbnRhY3RzLmZpcnN0X25hbWUiO3M6NTc6IkNvbnRhY3RzX0NPTlRBQ1RfY29udGFjdHMubGFzdF9uYW1lLCBjb250YWN0cy5maXJzdF9uYW1lUyI7YjowO30=', 0, 0, 0, 'dac8e63c-5559-96f4-8195-50eb8655a035', 'staff', NULL),
('71ca9351-bc9b-d4fa-1d8f-50eb8638a656', 'st16', 'stydsh0SsKg3w', '1f160f82d6553d265e1a5a28882aeda0', 'off', '0', NULL, '2013-01-08 11:38:58', '2013-01-08 11:52:01', '71ca9351-bc9b-d4fa-1d8f-50eb8638a656', '1', 'Active', 'YToxNTp7czo4OiJncmlkbGluZSI7czozOiJvZmYiO3M6MTI6Im1haWxtZXJnZV9vbiI7czozOiJvZmYiO3M6MTI6ImRpc3BsYXlfdGFicyI7YToxMTp7aTowO3M6ODoiQ2FsZW5kYXIiO2k6MTtzOjY6IkNvdXJzZSI7aToyO3M6NzoiU3R1ZGVudCI7aTozO3M6NzoiVGVhY2hlciI7aTo0O3M6ODoiQ29udGFjdHMiO2k6NTtzOjg6IlJlc291cmNlIjtpOjY7czo2OiJFbWFpbHMiO2k6NztzOjU6IktlaXJpIjtpOjg7czoxMDoiU01TUmVwb3J0cyI7aTo5O3M6NDoiTWFpbiI7aToxMDtzOjc6IlNNU0hlbHAiO31zOjk6ImhpZGVfdGFicyI7YTowOnt9czoxMToicmVtb3ZlX3RhYnMiO2E6MDp7fXM6MjoidXQiO3M6MToiMSI7czoxMzoibWFpbF9mcm9tbmFtZSI7czo5OiJUZWNobm9TTVMiO3M6MTY6Im1haWxfZnJvbWFkZHJlc3MiO3M6MjQ6InRlY2hub3Ntc0B0ZWNobm9waWFuLmNvbSI7czozNToiU01TTWVtb19NWVNUVURFTlRNRU1PX0hPTUVfT1JERVJfQlkiO3M6MTc6ImRhdGVfZW50ZXJlZCBkZXNjIjtzOjQ1OiJTTVNNZW1vX01ZU1RVREVOVE1FTU9fSE9NRV9kYXRlX2VudGVyZWQgZGVzY1MiO2I6MDtzOjMxOiJTTVNNZW1vX01ZTk9USUNFU19IT01FX09SREVSX0JZIjtzOjE3OiJkYXRlX2VudGVyZWQgZGVzYyI7czo0MToiU01TTWVtb19NWU5PVElDRVNfSE9NRV9kYXRlX2VudGVyZWQgZGVzY1MiO2I6MDtzOjM1OiJTTVNNZW1vX0FOTk9VTkNFTUVOVFNfSE9NRV9PUkRFUl9CWSI7czoxNzoiZGF0ZV9lbnRlcmVkIGRlc2MiO3M6NDU6IlNNU01lbW9fQU5OT1VOQ0VNRU5UU19IT01FX2RhdGVfZW50ZXJlZCBkZXNjUyI7YjowO3M6OToibGFzdFRoZW1lIjtzOjY6IlRlY2hubyI7fQ==', 0, 0, 0, '5e0d184d-d63e-20c2-4c7c-50eb86a493c4', 'staff', NULL),
('863330d3-106f-3b1d-0efa-50eb87236cce', 'st17', 'stJkKjTJzLwWI', '0d67e7c72ab41b30d814057d14cc02ca', 'off', '0', NULL, '2013-01-08 11:40:07', '2013-02-22 14:48:36', '863330d3-106f-3b1d-0efa-50eb87236cce', '1', 'Active', '[encoded data, 4148 characters]', 0, 0, 0, '6c0c1584-e57e-62b7-7a15-50eb86bd3d1d', 'staff', NULL),
('a0cb51d7-600a-d522-8950-50eb87ba0ba0', 'st18', 'st6vzs6T.m6RI', 'a062e55c80d10f05298dd80bd60c4e0d', 'off', '0', NULL, '2013-01-08 11:41:15', '2013-03-11 11:45:17', 'a0cb51d7-600a-d522-8950-50eb87ba0ba0', '1', 'Active', 'YTo1MTp7czo4OiJncmlkbGluZSI7czozOiJvZmYiO3M6MTI6Im1haWxtZXJnZV9vbiI7czozOiJvZmYiO3M6MTI6ImRpc3BsYXlfdGFicyI7YToxMTp7aTowO3M6ODoiQ2FsZW5kYXIiO2k6MTtzOjY6IkNvdXJzZSI7aToyO3M6NzoiU3R1ZGVudCI7aTozO3M6NzoiVGVhY2hlciI7aTo0O3M6ODoiQ29udGFjdHMiO2k6NTtzOjg6IlJlc291cmNlIjtpOjY7czo2OiJFbWFpbHMiO2k6NztzOjU6IktlaXJpIjtpOjg7czoxMDoiU01TUmVwb3J0cyI7aTo5O3M6NDoiTWFpbiI7aToxMDtzOjc6IlNNU0hlbHAiO31zOjk6ImhpZGVfdGFicyI7YTowOnt9czoxMToicmVtb3ZlX3RhYnMiO2E6MDp7fXM6MjoidXQiO3M6MToiMSI7czoxMzoibWFpbF9mcm9tbmFtZSI7czo5OiJUZWNobm9TTVMiO3M6MTY6Im1haWxfZnJvbWFkZHJlc3MiO3M6MjQ6InRlY2hub3Ntc0B0ZWNobm9waWFuLmNvbSI7czozNToiU01TTWVtb19NWVNUVURFTlRNRU1PX0hPTUVfT1JERVJfQlkiO3M6MTc6ImRhdGVfZW50ZXJlZCBkZXNjIjtzOjQ1OiJTTVNNZW1vX01ZU1RVREVOVE1FTU9fSE9NRV9kYXRlX2VudGVyZWQgZGVzY1MiO2I6MDtzOjMxOiJTTVNNZW1vX01ZTk9USUNFU19IT01FX09SREVSX0JZIjtzOjE3OiJkYXRlX2VudGVyZWQgZGVzYyI7czo0MToiU01TTWVtb19NWU5PVElDRVNfSE9NRV9kYXRlX2VudGVyZWQgZGVzY1MiO2I6MDtzOjM1OiJTTVNNZW1vX0FOTk9VTkNFTUVOVFNfSE9NRV9PUkRFUl9CWSI7czoxNzoiZGF0ZV9lbnRlcmVkIGRlc2MiO3M6NDU6IlNNU01lbW9fQU5OT1VOQ0VNRU5UU19IT01FX2RhdGVfZW50ZXJlZCBkZXNjUyI7YjowO3M6OToibGFzdFRoZW1lIjtzOjY6IlRlY2hubyI7czoxNDoiQ291cnNlX0xXX0FOX1MiO3M6MzoiQVNDIjtzOjM3OiJTdHVkZW50X0xXQ29TdWJwYW5lbF9BTl9zdHVkZW50X3N1Yl9TIjtzOjM6IkFTQyI7czoyMDoiU3R1ZGVudF9MV1BvcHVwX0FOX1MiO3M6MzoiQVNDIjtzOjQ2OiJTdHVkZW50X0xXWW9Ub1N0dWRlbnRTdWJwYW5lbF9BTl9zdHVkZW50X3N1Yl9TIjtzOjM6IkFTQyI7czo0MzoiQ291cnNlX0xXWW9Ub0NvdXJzZVN1YnBhbmVsX0FOX2NvdXJzZV9zdWJfUyI7czozOiJBU0MiO3M6MzQ6IkZlZV9MV1lvVG9GZWVTdWJwYW5lbF9BTl9mZWVfc3ViX1MiO3M6MzoiQVNDIjtzOjE1OiJTdHVkZW50X0xXX0FOX1MiO3M6MzoiQVNDIjtzOjE5OiJDb3Vyc2VfTFdQb3B1cF9BTl9TIjtzOjM6IkFTQyI7czoyMDoiS2VpcmlfS0VJUklfT1JERVJfQlkiO3M6Mjc6InNtc190cmFuc2FjdGlvbi50X2RhdGUgZGVzYyI7czo0MDoiS2VpcmlfS0VJUklfc21zX3RyYW5zYWN0aW9uLnRfZGF0ZSBkZXNjUyI7YjowO3M6MzI6IlN0dWRlbnRfU01TX01FTU9fQ1VTVE9NX09SREVSX0JZIjtzOjE4OiJzbXNfbWVtby5tZW1vZGF0ZSAiO3M6NDM6IlN0dWRlbnRfU01TX01FTU9fQ1VTVE9NX3Ntc19tZW1vLm1lbW9kYXRlIFMiO2I6MTtzOjQxOiJDb3Vyc2VfTFdTdFN1YnBhbmVsX0FOX2NvdXJzZV9zdWJfY2FydGVfUyI7czozOiJBU0MiO3M6NDU6IlN0dWRlbnRfRVZFTlRfSU5TVEFOQ0VfREVUQUlMX0NVU1RPTV9PUkRFUl9CWSI7czozMjoic21zZXZlbnRfaW5zdGFuY2VzLmZyb21fZGF0ZXRpbWUiO3M6NzA6IlN0dWRlbnRfRVZFTlRfSU5TVEFOQ0VfREVUQUlMX0NVU1RPTV9zbXNldmVudF9pbnN0YW5jZXMuZnJvbV9kYXRldGltZVMiO2I6MDtzOjMzOiJDb250YWN0c19DT05UQUNUX1VOSUZJRURfT1JERVJfQlkiO3M6Mzk6ImNvbnRhY3RzLmxhc3RfbmFtZSwgY29udGFjdHMuZmlyc3RfbmFtZSI7czo2NToiQ29udGFjdHNfQ09OVEFDVF9VTklGSUVEX2NvbnRhY3RzLmxhc3RfbmFtZSwgY29udGFjdHMuZmlyc3RfbmFtZVMiO2I6MTtzOjM1OiJDb3Vyc2VfTFdTdFN1YnBhbmVsX0FOX2NvdXJzZV9zdWJfUyI7czozOiJBU0MiO3M6NDc6IkNvdXJzZV9MV1N0U3VicGFuZWxfY2FydGVfa2VpcmlfQU5fY291cnNlX3N1Yl9TIjtzOjM6IkFTQyI7czozNToiRmVlX0xXU3RGZVN1YnBhbmVsX0FOX3BlcnNvbl9mZWVzX1MiO3M6MzoiQVNDIjtzOjQzOiJUcmFuc2FjdGlvbl9MV1N0VHJTdWJwYW5lbF9BTl90cmFuc2FjdGlvbl9TIjtzOjM6IkFTQyI7czoyNjoiUmVzb3VyY2VfUkVTT1VSQ0VfT1JERVJfQlkiO3M6MzI6InJlc291cmNlLmNhdGVnb3J5LCByZXNvdXJjZS5uYW1lIjtzOjUxOiJSZXNvdXJjZV9SRVNPVVJDRV9yZXNvdXJjZS5jYXRlZ29yeSwgcmVzb3VyY2UubmFtZVMiO2I6MDtzOjI1OiJDb250YWN0c19DT05UQUNUX09SREVSX0JZIjtzOjM5OiJjb250YWN0cy5sYXN0X25hbWUsIGNvbnRhY3RzLmZpcnN0X25hbWUiO3M6NTc6IkNvbnRhY3RzX0NPTlRBQ1RfY29udGFjdHMubGFzdF9uYW1lLCBjb250YWN0cy5maXJzdF9uYW1lUyI7YjowO3M6MjI6IkZlZV9MV1JlaWdhaVNob3JpX0FOX1MiO3M6MzoiQVNDIjtzOjM3OiJDb3Vyc2VfRVZFTlRfSU5TVEFOQ0VfQ1VTVE9NX09SREVSX0JZIjtzOjMyOiJzbXNfZXZlbnRfaW5zdGFuY2UuZnJvbV9kYXRldGltZSI7czo2MjoiQ291cnNlX0VWRU5UX0lOU1RBTkNFX0NVU1RPTV9zbXNfZXZlbnRfaW5zdGFuY2UuZnJvbV9kYXRldGltZVMiO2I6MDtzOjM3OiJUZWFjaGVyX0xXQ29TdWJwYW5lbF9BTl90ZWFjaGVyX3N1Yl9TIjtzOjM6IkFTQyI7czozMToiQ291cnNlX1JFU09VUkNFX0NVU1RPTV9PUkRFUl9CWSI7czozMjoicmVzb3VyY2UuY2F0ZWdvcnksIHJlc291cmNlLm5hbWUiO3M6NTY6IkNvdXJzZV9SRVNPVVJDRV9DVVNUT01fcmVzb3VyY2UuY2F0ZWdvcnksIHJlc291cmNlLm5hbWVTIjtiOjA7czoyMToiQ291cnNlX0xXX0FOX09SREVSX0JZIjtzOjExOiJjb21tb25fY29kZSI7czoyNToiQ291cnNlX0xXX0FOX2NvbW1vbl9jb2RlUyI7czozOiJBU0MiO3M6MjY6IkNvdXJzZV9MV1BvcHVwX0FOX09SREVSX0JZIjtzOjExOiJjb21tb25fY29kZSI7czozMDoiQ291cnNlX0xXUG9wdXBfQU5fY29tbW9uX2NvZGVTIjtzOjM6IkFTQyI7czoyMToiQWNjb3VudHNfTFdQb3B1cF9BTl9TIjtzOjM6IkFTQyI7fQ==', 0, 0, 0, 'adf12f32-30ca-2115-b61b-50eb87e51aaf', 'staff', NULL),
('3a5a1b23-ac70-ed70-f58b-50eb87d01f9b', 'st19', 'st0xAO06im8qc', 'f18a822e1309c855a8222ba357d44eb7', 'off', '0', NULL, '2013-01-08 11:42:20', '2013-01-10 12:10:06', '3a5a1b23-ac70-ed70-f58b-50eb87d01f9b', '1', 'Active', 'YTozMTp7czo4OiJncmlkbGluZSI7czozOiJvZmYiO3M6MTI6Im1haWxtZXJnZV9vbiI7czozOiJvZmYiO3M6MTI6ImRpc3BsYXlfdGFicyI7YToxMTp7aTowO3M6ODoiQ2FsZW5kYXIiO2k6MTtzOjY6IkNvdXJzZSI7aToyO3M6NzoiU3R1ZGVudCI7aTozO3M6NzoiVGVhY2hlciI7aTo0O3M6ODoiQ29udGFjdHMiO2k6NTtzOjg6IlJlc291cmNlIjtpOjY7czo2OiJFbWFpbHMiO2k6NztzOjU6IktlaXJpIjtpOjg7czoxMDoiU01TUmVwb3J0cyI7aTo5O3M6NDoiTWFpbiI7aToxMDtzOjc6IlNNU0hlbHAiO31zOjk6ImhpZGVfdGFicyI7YTowOnt9czoxMToicmVtb3ZlX3RhYnMiO2E6MDp7fXM6MjoidXQiO3M6MToiMSI7czoxMzoibWFpbF9mcm9tbmFtZSI7czo5OiJUZWNobm9TTVMiO3M6MTY6Im1haWxfZnJvbWFkZHJlc3MiO3M6MjQ6InRlY2hub3Ntc0B0ZWNobm9waWFuLmNvbSI7czozNToiU01TTWVtb19NWVNUVURFTlRNRU1PX0hPTUVfT1JERVJfQlkiO3M6MTc6ImRhdGVfZW50ZXJlZCBkZXNjIjtzOjQ1OiJTTVNNZW1vX01ZU1RVREVOVE1FTU9fSE9NRV9kYXRlX2VudGVyZWQgZGVzY1MiO2I6MDtzOjMxOiJTTVNNZW1vX01ZTk9USUNFU19IT01FX09SREVSX0JZIjtzOjE3OiJkYXRlX2VudGVyZWQgZGVzYyI7czo0MToiU01TTWVtb19NWU5PVElDRVNfSE9NRV9kYXRlX2VudGVyZWQgZGVzY1MiO2I6MDtzOjM1OiJTTVNNZW1vX0FOTk9VTkNFTUVOVFNfSE9NRV9PUkRFUl9CWSI7czoxNzoiZGF0ZV9lbnRlcmVkIGRlc2MiO3M6NDU6IlNNU01lbW9fQU5OT1VOQ0VNRU5UU19IT01FX2RhdGVfZW50ZXJlZCBkZXNjUyI7YjowO3M6OToibGFzdFRoZW1lIjtzOjY6IlRlY2hubyI7czoyNToiQ29udGFjdHNfQ09OVEFDVF9PUkRFUl9CWSI7czozOToiY29udGFjdHMubGFzdF9uYW1lLCBjb250YWN0cy5maXJzdF9uYW1lIjtzOjU3OiJDb250YWN0c19DT05UQUNUX2NvbnRhY3RzLmxhc3RfbmFtZSwgY29udGFjdHMuZmlyc3RfbmFtZVMiO2I6MDtzOjE2OiJBY2NvdW50c19MV19BTl9TIjtzOjM6IkFTQyI7czoxNToiU3R1ZGVudF9MV19BTl9TIjtzOjM6IkFTQyI7czo0NToiU3R1ZGVudF9FVkVOVF9JTlNUQU5DRV9ERVRBSUxfQ1VTVE9NX09SREVSX0JZIjtzOjMyOiJzbXNldmVudF9pbnN0YW5jZXMuZnJvbV9kYXRldGltZSI7czo3MDoiU3R1ZGVudF9FVkVOVF9JTlNUQU5DRV9ERVRBSUxfQ1VTVE9NX3Ntc2V2ZW50X2luc3RhbmNlcy5mcm9tX2RhdGV0aW1lUyI7YjowO3M6NDM6IkNvdXJzZV9MV1lvVG9Db3Vyc2VTdWJwYW5lbF9BTl9jb3Vyc2Vfc3ViX1MiO3M6MzoiQVNDIjtzOjM0OiJGZWVfTFdZb1RvRmVlU3VicGFuZWxfQU5fZmVlX3N1Yl9TIjtzOjM6IkFTQyI7czozMjoiU3R1ZGVudF9TTVNfTUVNT19DVVNUT01fT1JERVJfQlkiO3M6MTg6InNtc19tZW1vLm1lbW9kYXRlICI7czo0MzoiU3R1ZGVudF9TTVNfTUVNT19DVVNUT01fc21zX21lbW8ubWVtb2RhdGUgUyI7YjoxO3M6NDE6IkNvdXJzZV9MV1N0U3VicGFuZWxfQU5fY291cnNlX3N1Yl9jYXJ0ZV9TIjtzOjM6IkFTQyI7czo0NjoiU3R1ZGVudF9MV1lvVG9TdHVkZW50U3VicGFuZWxfQU5fc3R1ZGVudF9zdWJfUyI7czozOiJBU0MiO3M6MTk6IkNvdXJzZV9MV1BvcHVwX0FOX1MiO3M6MzoiQVNDIjtzOjI2OiJDb3Vyc2VfTFdQb3B1cF9BTl9PUkRFUl9CWSI7czoxMToiY29tbW9uX2NvZGUiO3M6MzA6IkNvdXJzZV9MV1BvcHVwX0FOX2NvbW1vbl9jb2RlUyI7czozOiJBU0MiO3M6ODoiU3R1ZGVudFEiO2E6ODp7czo2OiJtb2R1bGUiO3M6NzoiU3R1ZGVudCI7czo2OiJhY3Rpb24iO3M6NToiaW5kZXgiO3M6MTM6InJldHVybl9tb2R1bGUiO3M6NzoiU3R1ZGVudCI7czoxMzoicmV0dXJuX2FjdGlvbiI7czo1OiJpbmRleCI7czoxNDoiY29udGFjdF9zdGF0dXMiO3M6MToiMCI7czo1OiJxdWVyeSI7czo0OiJ0cnVlIjtzOjE4OiJjb3Vyc2VzX2J5X3N0dWRlbnQiO3M6NDoidHJ1ZSI7czoxMzoiaW5pdGlhbF9zdGF0ZSI7czowOiIiO319', 0, 0, 0, 'cd78a83b-eeed-5069-85f5-50eb8761c370', 'staff', NULL),
('c2978c18-8c3d-299d-8d82-50eb87c74920', 'st20', 'stTl.1wlcpKJI', '85c56c9d6964279991e6490cf9bb7066', 'off', '0', NULL, '2013-01-08 11:43:17', '2013-01-08 11:57:41', 'c2978c18-8c3d-299d-8d82-50eb87c74920', '1', 'Active', 'YToxNjp7czo4OiJncmlkbGluZSI7czozOiJvZmYiO3M6MTI6Im1haWxtZXJnZV9vbiI7czozOiJvZmYiO3M6MTI6ImRpc3BsYXlfdGFicyI7YToxMTp7aTowO3M6ODoiQ2FsZW5kYXIiO2k6MTtzOjY6IkNvdXJzZSI7aToyO3M6NzoiU3R1ZGVudCI7aTozO3M6NzoiVGVhY2hlciI7aTo0O3M6ODoiQ29udGFjdHMiO2k6NTtzOjg6IlJlc291cmNlIjtpOjY7czo2OiJFbWFpbHMiO2k6NztzOjU6IktlaXJpIjtpOjg7czoxMDoiU01TUmVwb3J0cyI7aTo5O3M6NDoiTWFpbiI7aToxMDtzOjc6IlNNU0hlbHAiO31zOjk6ImhpZGVfdGFicyI7YTowOnt9czoxMToicmVtb3ZlX3RhYnMiO2E6MDp7fXM6MjoidXQiO3M6MToiMSI7czoxMzoibWFpbF9mcm9tbmFtZSI7czo5OiJUZWNobm9TTVMiO3M6MTY6Im1haWxfZnJvbWFkZHJlc3MiO3M6MjQ6InRlY2hub3Ntc0B0ZWNobm9waWFuLmNvbSI7czozNToiU01TTWVtb19NWVNUVURFTlRNRU1PX0hPTUVfT1JERVJfQlkiO3M6MTc6ImRhdGVfZW50ZXJlZCBkZXNjIjtzOjQ1OiJTTVNNZW1vX01ZU1RVREVOVE1FTU9fSE9NRV9kYXRlX2VudGVyZWQgZGVzY1MiO2I6MDtzOjMxOiJTTVNNZW1vX01ZTk9USUNFU19IT01FX09SREVSX0JZIjtzOjE3OiJkYXRlX2VudGVyZWQgZGVzYyI7czo0MToiU01TTWVtb19NWU5PVElDRVNfSE9NRV9kYXRlX2VudGVyZWQgZGVzY1MiO2I6MDtzOjM1OiJTTVNNZW1vX0FOTk9VTkNFTUVOVFNfSE9NRV9PUkRFUl9CWSI7czoxNzoiZGF0ZV9lbnRlcmVkIGRlc2MiO3M6NDU6IlNNU01lbW9fQU5OT1VOQ0VNRU5UU19IT01FX2RhdGVfZW50ZXJlZCBkZXNjUyI7YjowO3M6MTU6IlN0dWRlbnRfTFdfQU5fUyI7czozOiJBU0MiO3M6OToibGFzdFRoZW1lIjtzOjY6IlRlY2hubyI7fQ==', 0, 0, 0, 'e32a04f3-1e21-307e-d5ce-50eb87e53403', 'staff', NULL),
('a0a77081-c87a-bfa3-294a-51088cc28418', 'teststaff2', 'teTkWzEN5oBL6', 'e1e13c9d3d2c3ab509a0787f00875256', 'off', '0', NULL, '2013-01-30 11:58:23', '2013-03-05 18:26:27', 'a0a77081-c87a-bfa3-294a-51088cc28418', '1', 'Active', '[encoded data, 10652 characters]', 0, 0, 0, 'e2a0d8be-4759-e641-07dc-51088c5b5da8', 'staff', NULL),
('7822a720-e764-5845-a896-5110c8cc2b83', 'ktest', 'kt9CH0Kek1srw', 'd3c48a4ab1262b6b459d97aa4bd48eb8', 'off', '0', NULL, '2013-02-05 17:51:33', '2013-03-12 18:15:13', '7822a720-e764-5845-a896-5110c8cc2b83', '1', 'Active', '[encoded data, 7668 characters]', 0, 0, 0, 'b81305da-6844-ec2d-0f6b-5110c8d44e7d', 'staff', NULL),
('68e5081d-e449-56c8-cd43-5126bd2ff9f8', '0100000160', '01C2Z2.vzMEos', '7c6e4ca5300d758dc7534af55fb39ec3', 'off', '0', NULL, '2013-02-22 09:35:40', '2013-02-22 09:35:40', '1', '1', 'Active', NULL, 0, 0, 0, '790e66f9-fda7-040d-e668-5126bd205bbc', 'student', NULL),
('92187e15-f3c4-9cb4-1da6-5126bd45020e', '0100000161', '010ORmNVQycwU', 'c490e41f2befe54146eefdd1e17278ff', 'off', '0', NULL, '2013-02-22 09:38:14', '2013-02-22 10:05:15', '92187e15-f3c4-9cb4-1da6-5126bd45020e', '1', 'Active', 'YTo3OntzOjg6InRpbWV6b25lIjtzOjEwOiJBc2lhL1Rva3lvIjtzOjI6InV0IjtpOjE7czoyNzoiQ291cnNlX0xXX0NvdXJzZU15UGFnZV9BTl9TIjtzOjM6IkFTQyI7czozMToiQ291cnNlX0xXTXlwYWdlX0FOX2NvdXJzZV9zdWJfUyI7czozOiJBU0MiO3M6MzY6IlNNU01lbW9fTU9CSUxFX0FOTk9VTkNFTUVOVF9PUkRFUl9CWSI7czoxMzoibWVtb2RhdGUgZGVzYyI7czo0MjoiU01TTWVtb19NT0JJTEVfQU5OT1VOQ0VNRU5UX21lbW9kYXRlIGRlc2NTIjtiOjA7czo5OiJsYXN0VGhlbWUiO3M6OToiTXlQYWdlQUNDIjt9', 0, 0, 0, '8f8658a9-348a-3447-4405-5126bdafd5a2', 'student', NULL),
('8d9d71d8-7a91-d7da-9b0f-5126c0940a00', '0100000162', '01bpC5K20Le86', '0016c2adfa520f00979a01306e25673a', 'off', '0', NULL, '2013-02-22 09:48:10', '2013-02-22 09:53:14', '8d9d71d8-7a91-d7da-9b0f-5126c0940a00', '1', 'Active', 'YTo2OntzOjg6InRpbWV6b25lIjtzOjEwOiJBc2lhL1Rva3lvIjtzOjI6InV0IjtpOjE7czoyNzoiQ291cnNlX0xXX0NvdXJzZU15UGFnZV9BTl9TIjtzOjM6IkFTQyI7czozNjoiU01TTWVtb19NT0JJTEVfQU5OT1VOQ0VNRU5UX09SREVSX0JZIjtzOjEzOiJtZW1vZGF0ZSBkZXNjIjtzOjQyOiJTTVNNZW1vX01PQklMRV9BTk5PVU5DRU1FTlRfbWVtb2RhdGUgZGVzY1MiO2I6MDtzOjMxOiJDb3Vyc2VfTFdNeXBhZ2VfQU5fY291cnNlX3N1Yl9TIjtzOjM6IkFTQyI7fQ==', 0, 0, 0, '88abeafd-ed43-ea71-4252-5126c0c1db58', 'student', NULL),
('e23f0e6e-914e-7b0c-d278-5126f85c663d', '0100000168', '019DmnAh7mjFo', '23dceda8673bfe54e818499f2250ffb8', 'off', '0', NULL, '2013-02-22 13:47:36', '2013-02-22 13:47:36', '1', '1', 'Active', NULL, 0, 0, 0, 'b09d00bc-3cc1-0d2f-fc02-5126f84b0a73', 'student', NULL),
('2d81e2ac-a23c-f548-7471-5126f8048ef9', '0100000169', '01rgSJXCPAFzI', '8b06a96671ed10df3fa05f40aed6dede', 'off', '0', NULL, '2013-02-22 13:47:49', '2013-02-22 13:47:49', '1', '1', 'Active', NULL, 0, 0, 0, '2afef8c4-13c9-0411-dc1e-5126f8ef9155', 'student', NULL),
('8cae67b9-c02c-b072-4f50-5126f8b94aca', '0100000170', '018UrFdU4nJvg', '98bcc4f29d6fc4e1b91c2fc9c9717051', 'off', '0', NULL, '2013-02-22 13:47:49', '2013-02-22 13:47:49', '1', '1', 'Active', NULL, 0, 0, 0, '8a8d6c1f-db8e-0fd2-fd9a-5126f81eead4', 'student', NULL),
('5d3083ef-a5c1-f58b-9be2-5126f8a95741', '0100000171', '01BHM7lrTNPMw', '1fd24509a3a00fcd4222838af79da467', 'off', '0', NULL, '2013-02-22 13:47:51', '2013-02-22 13:47:51', '1', '1', 'Active', NULL, 0, 0, 0, '5a3a3a85-4626-464f-1f48-5126f86498fa', 'student', NULL),
('29401711-72a3-51cd-4012-5126c7c923d4', '0100000166', '01pDvZRuZ3rMc', '9f7aa9bda3013cb8d18c7dc99651af9e', 'off', '0', NULL, '2013-02-22 10:19:52', '2013-02-22 10:19:52', '1', '1', 'Active', NULL, 0, 0, 0, '26c3444a-b2d9-4d35-6531-5126c722e9dd', 'student', NULL),
('49740691-5d56-eaba-fdeb-5126c8cc4dfe', '0100000167', '01Yv1A1KeD3Pc', '50ec9c28aba9e8fee816bbb95a9c8885', 'off', '0', NULL, '2013-02-22 10:21:41', '2013-02-22 14:19:25', '49740691-5d56-eaba-fdeb-5126c8cc4dfe', '1', 'Active', 'YToxMDp7czo4OiJ0aW1lem9uZSI7czoxMDoiQXNpYS9Ub2t5byI7czoyOiJ1dCI7aToxO3M6Mjc6IkNvdXJzZV9MV19Db3Vyc2VNeVBhZ2VfQU5fUyI7czozOiJBU0MiO3M6MzE6IkNvdXJzZV9MV015cGFnZV9BTl9jb3Vyc2Vfc3ViX1MiO3M6MzoiQVNDIjtzOjQ1OiJTdHVkZW50X0VWRU5UX0lOU1RBTkNFX0RFVEFJTF9DVVNUT01fT1JERVJfQlkiO3M6MzI6InNtc2V2ZW50X2luc3RhbmNlcy5mcm9tX2RhdGV0aW1lIjtzOjcwOiJTdHVkZW50X0VWRU5UX0lOU1RBTkNFX0RFVEFJTF9DVVNUT01fc21zZXZlbnRfaW5zdGFuY2VzLmZyb21fZGF0ZXRpbWVTIjtiOjA7czozNjoiU01TTWVtb19NT0JJTEVfQU5OT1VOQ0VNRU5UX09SREVSX0JZIjtzOjEzOiJtZW1vZGF0ZSBkZXNjIjtzOjQyOiJTTVNNZW1vX01PQklMRV9BTk5PVU5DRU1FTlRfbWVtb2RhdGUgZGVzY1MiO2I6MDtzOjk6Imxhc3RUaGVtZSI7czo5OiJNeVBhZ2VBQ0MiO3M6MjQ6IkNvdXJzZV9MV19Db3Vyc2VTRU9fQU5fUyI7czozOiJBU0MiO30=', 0, 0, 0, '459b995e-e9f1-21fd-8a4a-5126c8adf37f', 'student', NULL),
('1cdce73d-91c4-25be-1eab-5126c3ae16bf', '0100000164', '01aNvt.w5blGg', '4e6ae7e554a40819552c74b64214e08b', 'off', '0', NULL, '2013-02-22 10:02:55', '2013-02-22 10:02:55', '1', '1', 'Active', NULL, 0, 0, 0, '18fd3c72-69b0-edd3-4e7e-5126c3456806', 'student', NULL),
('17387712-51af-e59e-b1b6-5126c4a0f063', '0100000165', '01N3T2vDbZRZ2', '75ad4d7f25b8eb85ac417e100ee94f0a', 'off', '0', NULL, '2013-02-22 10:06:27', '2013-02-22 10:11:59', '17387712-51af-e59e-b1b6-5126c4a0f063', '1', 'Active', 'YTo3OntzOjg6InRpbWV6b25lIjtzOjEwOiJBc2lhL1Rva3lvIjtzOjI6InV0IjtpOjE7czoyNzoiQ291cnNlX0xXX0NvdXJzZU15UGFnZV9BTl9TIjtzOjM6IkFTQyI7czozNjoiU01TTWVtb19NT0JJTEVfQU5OT1VOQ0VNRU5UX09SREVSX0JZIjtzOjEzOiJtZW1vZGF0ZSBkZXNjIjtzOjQyOiJTTVNNZW1vX01PQklMRV9BTk5PVU5DRU1FTlRfbWVtb2RhdGUgZGVzY1MiO2I6MDtzOjk6Imxhc3RUaGVtZSI7czo5OiJNeVBhZ2VBQ0MiO3M6MjQ6IkNvdXJzZV9MV19Db3Vyc2VTRU9fQU5fUyI7czozOiJBU0MiO30=', 0, 0, 0, '1489b335-aa93-4548-4a91-5126c4f5407e', 'student', NULL),
('79a4b1f3-1b48-b62d-58b7-5126c3d5750d', '0100000163', '010mCCZ0jQ/aI', '9d5592cae1d402b6fb0a8b42a29e0d29', 'off', '0', NULL, '2013-02-22 10:01:59', '2013-02-22 11:49:14', '79a4b1f3-1b48-b62d-58b7-5126c3d5750d', '1', 'Active', 'YTo3OntzOjg6InRpbWV6b25lIjtzOjEwOiJBc2lhL1Rva3lvIjtzOjI6InV0IjtpOjE7czoyNzoiQ291cnNlX0xXX0NvdXJzZU15UGFnZV9BTl9TIjtzOjM6IkFTQyI7czozMToiQ291cnNlX0xXTXlwYWdlX0FOX2NvdXJzZV9zdWJfUyI7czozOiJBU0MiO3M6NDU6IlN0dWRlbnRfRVZFTlRfSU5TVEFOQ0VfREVUQUlMX0NVU1RPTV9PUkRFUl9CWSI7czozMjoic21zZXZlbnRfaW5zdGFuY2VzLmZyb21fZGF0ZXRpbWUiO3M6NzA6IlN0dWRlbnRfRVZFTlRfSU5TVEFOQ0VfREVUQUlMX0NVU1RPTV9zbXNldmVudF9pbnN0YW5jZXMuZnJvbV9kYXRldGltZVMiO2I6MDtzOjk6Imxhc3RUaGVtZSI7czo5OiJNeVBhZ2VBQ0MiO30=', 0, 0, 0, '7462f104-d48f-1153-a26d-5126c3c1aec0', 'student', NULL),
('77dfee4f-8cef-2d2c-0121-5126f8910259', '0100000172', '01w9vLPMssIFc', 'fd9ab3a5b21fd60ff6bc400f3a59c04b', 'off', '0', NULL, '2013-02-22 13:47:51', '2013-02-22 13:47:51', '1', '1', 'Active', NULL, 0, 0, 0, '758e9196-1c91-c5b8-6701-5126f80465a0', 'student', NULL),
('300fd1ed-2d6e-d1ce-4d7a-5126f882f2fe', '0100000173', '01Sn8BXciTuto', '870682ecb2713d034ceaa9f73e1a6c2e', 'off', '0', NULL, '2013-02-22 13:47:59', '2013-02-22 13:47:59', '1', '1', 'Active', NULL, 0, 0, 0, '2c88e0b0-d083-2c14-d4c3-5126f8def65a', 'student', NULL),
('87e38d19-1773-9de1-2e92-5126f819dc52', '0100000174', '01ksvAq19z3Kk', '1b389a58ad24a94146dcdb9b88cbd130', 'off', '0', NULL, '2013-02-22 13:48:20', '2013-02-22 13:48:20', '1', '1', 'Active', NULL, 0, 0, 0, '8545f2aa-bdef-face-7fdb-5126f8e09817', 'student', NULL),
('44c841a7-ccc7-90bf-be59-5126f965d879', '0100000175', '015Njv4uzp35M', '3ff6d70221b1c387c58ee5004afdb5e5', 'off', '0', NULL, '2013-02-22 13:50:34', '2013-02-22 13:50:34', '1', '1', 'Active', NULL, 0, 0, 0, '412684d7-97a5-87f0-4050-5126f9fb483b', 'student', NULL),
('c9c0ed26-d996-e633-a3bb-5126fceb252e', '0100000176', '01o2P0azS7IuI', '7cc714640031037a382af27845325eef', 'off', '0', NULL, '2013-02-22 14:06:37', '2013-02-22 14:06:37', '1', '1', 'Active', NULL, 0, 0, 0, 'bf15b362-93f1-72ab-119a-5126fc7d512b', 'student', NULL),
('cb086d0f-98aa-3daa-aadf-5126fceaa248', '0100000177', '01tCiXK7Yhazs', '710f019721b923d150125b40c9ee8b53', 'off', '0', NULL, '2013-02-22 14:06:37', '2013-02-22 14:18:14', 'cb086d0f-98aa-3daa-aadf-5126fceaa248', '1', 'Active', 'YTo3OntzOjg6InRpbWV6b25lIjtzOjEwOiJBc2lhL1Rva3lvIjtzOjI6InV0IjtpOjE7czoyNzoiQ291cnNlX0xXX0NvdXJzZU15UGFnZV9BTl9TIjtzOjM6IkFTQyI7czozMToiQ291cnNlX0xXTXlwYWdlX0FOX2NvdXJzZV9zdWJfUyI7czozOiJBU0MiO3M6NDU6IlN0dWRlbnRfRVZFTlRfSU5TVEFOQ0VfREVUQUlMX0NVU1RPTV9PUkRFUl9CWSI7czozMjoic21zZXZlbnRfaW5zdGFuY2VzLmZyb21fZGF0ZXRpbWUiO3M6NzA6IlN0dWRlbnRfRVZFTlRfSU5TVEFOQ0VfREVUQUlMX0NVU1RPTV9zbXNldmVudF9pbnN0YW5jZXMuZnJvbV9kYXRldGltZVMiO2I6MDtzOjk6Imxhc3RUaGVtZSI7czo5OiJNeVBhZ2VBQ0MiO30=', 0, 0, 0, 'c7ae3b81-f1f7-7047-64bc-5126fcfeeb27', 'student', NULL),
('3d362fe6-98e7-8247-9dba-5126fc4c0831', '0100000178', '01nZkJvQsqH0w', '971a2c2120b5091ee1b763a9f0489e1f', 'off', '0', NULL, '2013-02-22 14:06:39', '2013-02-22 14:06:39', '1', '1', 'Active', NULL, 0, 0, 0, '3aa3d1d9-9e04-fa48-e290-5126fc6c3b64', 'student', NULL),
('e28c6fc6-bd0c-05b6-c589-5126fc311030', '0100000179', '01rL8NytriwsY', '915b15780365e0927b6e255e8cb83b96', 'off', '0', NULL, '2013-02-22 14:06:41', '2013-02-22 14:06:41', '1', '1', 'Active', NULL, 0, 0, 0, 'e02dcdd7-b97b-1f6b-b6ed-5126fcc28662', 'student', NULL),
('a11a44ae-a12d-f66a-19b3-5126fcece5b0', '0100000180', '01dlhy42vgd1Y', '259ca63bc36ac77a4cf4a9a4b5c47d4e', 'off', '0', NULL, '2013-02-22 14:06:54', '2013-02-22 14:06:54', '1', '1', 'Active', NULL, 0, 0, 0, '9e904a90-563b-8671-c21b-5126fceddad9', 'student', NULL),
('4614e4cb-9079-c23c-e892-5126fc042962', '0100000181', '01OpuYv5kcHFs', '3ae151b25153f0d71b115e76c4744293', 'off', '0', NULL, '2013-02-22 14:07:05', '2013-02-22 14:07:05', '1', '1', 'Active', NULL, 0, 0, 0, '43c1a40b-4cff-2ab0-454d-5126fc5bbab7', 'student', NULL),
('f31706cf-9905-4b90-d3cb-5126fd2837ef', '0100000182', '011yyIvEpNOpI', '91a90ebd55f36bbdd3b6f18aa6db6da3', 'off', '0', NULL, '2013-02-22 14:08:19', '2013-02-22 15:11:36', 'f31706cf-9905-4b90-d3cb-5126fd2837ef', '1', 'Active', 'YTo4OntzOjg6InRpbWV6b25lIjtzOjEwOiJBc2lhL1Rva3lvIjtzOjI6InV0IjtpOjE7czoyNzoiQ291cnNlX0xXX0NvdXJzZU15UGFnZV9BTl9TIjtzOjM6IkFTQyI7czozNjoiU01TTWVtb19NT0JJTEVfQU5OT1VOQ0VNRU5UX09SREVSX0JZIjtzOjEzOiJtZW1vZGF0ZSBkZXNjIjtzOjQyOiJTTVNNZW1vX01PQklMRV9BTk5PVU5DRU1FTlRfbWVtb2RhdGUgZGVzY1MiO2I6MDtzOjMxOiJDb3Vyc2VfTFdNeXBhZ2VfQU5fY291cnNlX3N1Yl9TIjtzOjM6IkFTQyI7czo0NToiU3R1ZGVudF9FVkVOVF9JTlNUQU5DRV9ERVRBSUxfQ1VTVE9NX09SREVSX0JZIjtzOjMyOiJzbXNldmVudF9pbnN0YW5jZXMuZnJvbV9kYXRldGltZSI7czo3MDoiU3R1ZGVudF9FVkVOVF9JTlNUQU5DRV9ERVRBSUxfQ1VTVE9NX3Ntc2V2ZW50X2luc3RhbmNlcy5mcm9tX2RhdGV0aW1lUyI7YjowO30=', 0, 0, 0, 'ca180ccb-c3cb-198e-44d9-5126fd1da542', 'student', NULL),
('dc646bfb-3ced-fe3b-6b34-5126fdbcb4b4', '0100000183', '01CTOWWme3kgA', 'a5419b89879da52aa9d37e2cc497d79a', 'off', '0', NULL, '2013-02-22 14:09:51', '2013-02-22 14:09:51', '1', '1', 'Active', NULL, 0, 0, 0, 'd916bed8-2098-618d-8140-5126fdbe31fa', 'student', NULL),
('8946b4fa-d331-b762-24d0-513a9ed5fd0a', '0100000198', '01.HlZXfsF34g', '7ca6bd18045944e8ca22008605e3f5b5', 'off', '0', NULL, '2013-03-09 11:29:44', '2013-03-09 11:58:51', '8946b4fa-d331-b762-24d0-513a9ed5fd0a', '1', 'Active', 'YTo2OntzOjg6InRpbWV6b25lIjtzOjEwOiJBc2lhL1Rva3lvIjtzOjI6InV0IjtpOjE7czoyNzoiQ291cnNlX0xXX0NvdXJzZU15UGFnZV9BTl9TIjtzOjM6IkFTQyI7czozMToiQ291cnNlX0xXTXlwYWdlX0FOX2NvdXJzZV9zdWJfUyI7czozOiJBU0MiO3M6NDU6IlN0dWRlbnRfRVZFTlRfSU5TVEFOQ0VfREVUQUlMX0NVU1RPTV9PUkRFUl9CWSI7czozMjoic21zZXZlbnRfaW5zdGFuY2VzLmZyb21fZGF0ZXRpbWUiO3M6NzA6IlN0dWRlbnRfRVZFTlRfSU5TVEFOQ0VfREVUQUlMX0NVU1RPTV9zbXNldmVudF9pbnN0YW5jZXMuZnJvbV9kYXRldGltZVMiO2I6MDt9', 0, 0, 0, '806712d6-d1d0-c87e-9d67-513a9e23cbbf', 'student', NULL),
('b6f37a9e-60b9-3ea6-0f02-51270d479878', '0100000184', '01bTAVJZJIxdc', '310a95ae979f8b6e1424fded7de793f4', 'off', '0', NULL, '2013-02-22 15:17:30', '2013-02-22 15:17:30', '1', '1', 'Active', NULL, 0, 0, 0, 'b4ce3241-fd2c-5185-83e4-51270d9b4d56', 'student', NULL),
('f2e1022b-0255-ca97-cec9-51358b20e4a0', '0100000193', '01UhTHTVYca0s', '9eada1c8f91ea4118788c0fed954d898', 'off', '0', NULL, '2013-03-05 15:04:54', '2013-03-05 15:04:54', '1', '1', 'Active', NULL, 0, 0, 0, 'ea03534c-3dc0-a7dd-5136-51358b1277f2', 'student', NULL),
('541174c3-e870-7e88-8845-51358c62f749', '0100000194', '01AGkW/tDkN/M', '03508d97b7ce1f8df4165a56ecc40b92', 'off', '0', NULL, '2013-03-05 15:10:28', '2013-03-05 15:10:28', '1', '1', 'Active', NULL, 0, 0, 0, '4e0a107d-1439-230e-6416-51358ce7c24b', 'student', NULL),
('e42d0454-25a6-be18-ce6d-513a9bcff945', '0100000197', '01PjgWzgDAsJc', '48bb8fa48eb5ed286c9aa44008adb3dc', 'off', '0', NULL, '2013-03-09 11:17:14', '2013-03-09 11:17:14', '1', '1', 'Active', NULL, 0, 0, 0, 'f02e303c-bea3-a77d-f6b7-513a9b3c0414', 'student', NULL),
('ab9efe12-01fa-3356-f58f-513aa41ff01b', '0100000199', '01HPEONLN1YfQ', '19c1283d437419c695c28fc25cc47168', 'off', '0', NULL, '2013-03-09 11:55:13', '2013-03-09 11:55:13', '1', '1', 'Active', NULL, 0, 0, 0, 'a7c65bc8-e068-2d43-b3a9-513aa4168945', 'student', NULL),
('885af9a5-68ac-51ee-0e55-513aa546bd8c', '0100000200', '01eUTk.tK11YI', 'bd1c7b8660b95e0eb31ba21437873936', 'off', '0', NULL, '2013-03-09 12:00:38', '2013-03-09 12:00:38', '1', '1', 'Active', NULL, 0, 0, 0, '82991447-d19f-a09a-045f-513aa5f9d72d', 'student', NULL),
('dd954e2e-cfd2-1279-c7f1-513b06ac570c', '0100000201', '012nzWftGR4wg', 'bb4167bd607375d89ba6255fc3e88d8b', 'off', '0', NULL, '2013-03-09 18:54:00', '2013-03-09 18:54:00', '1', '1', 'Active', NULL, 0, 0, 0, 'd95a2729-a377-386b-9fd6-513b06cad2a2', 'student', NULL);
INSERT INTO `users` (`id`, `user_name`, `user_password`, `user_hash`, `is_admin`, `receive_notifications`, `description`, `date_entered`, `date_modified`, `modified_user_id`, `created_by`, `status`, `user_preferences`, `deleted`, `portal_only`, `is_group`, `contact_id`, `smsgroup`, `kantan_login_id`) VALUES
('c4edb39f-61c2-89be-7a1d-513b0acdb633', '0100000202', '01MaDSMSGVhEs', '06b0b78d259d368d929cc7f3c12666fb', 'off', '0', NULL, '2013-03-09 19:09:05', '2013-03-09 19:12:47', 'c4edb39f-61c2-89be-7a1d-513b0acdb633', '1', 'Active', 'YTo2OntzOjg6InRpbWV6b25lIjtzOjEwOiJBc2lhL1Rva3lvIjtzOjI6InV0IjtpOjE7czoyNzoiQ291cnNlX0xXX0NvdXJzZU15UGFnZV9BTl9TIjtzOjM6IkFTQyI7czozMToiQ291cnNlX0xXTXlwYWdlX0FOX2NvdXJzZV9zdWJfUyI7czozOiJBU0MiO3M6NDU6IlN0dWRlbnRfRVZFTlRfSU5TVEFOQ0VfREVUQUlMX0NVU1RPTV9PUkRFUl9CWSI7czozMjoic21zZXZlbnRfaW5zdGFuY2VzLmZyb21fZGF0ZXRpbWUiO3M6NzA6IlN0dWRlbnRfRVZFTlRfSU5TVEFOQ0VfREVUQUlMX0NVU1RPTV9zbXNldmVudF9pbnN0YW5jZXMuZnJvbV9kYXRldGltZVMiO2I6MDt9', 0, 0, 0, 'bff5d433-9e0c-d405-5800-513b0a977dca', 'student', NULL);

-- --------------------------------------------------------

--
-- Table structure for table `users_feeds`
--

CREATE TABLE IF NOT EXISTS `users_feeds` (
  `user_id` varchar(36) default NULL,
  `feed_id` varchar(36) default NULL,
  `rank` int(11) default NULL,
  `date_modified` datetime default NULL,
  `deleted` tinyint(1) NOT NULL default '0',
  KEY `idx_user_id` (`user_id`,`feed_id`)
) ENGINE=MyISAM DEFAULT CHARSET=utf8;

--
-- Dumping data for table `users_feeds`
--


-- --------------------------------------------------------

--
-- Table structure for table `users_last_import`
--

CREATE TABLE IF NOT EXISTS `users_last_import` (
  `id` varchar(36) NOT NULL default '',
  `assigned_user_id` varchar(36) default NULL,
  `bean_type` varchar(36) default NULL,
  `bean_id` varchar(36) default NULL,
  `deleted` tinyint(1) NOT NULL default '0',
  PRIMARY KEY  (`id`),
  KEY `idx_user_id` (`assigned_user_id`)
) ENGINE=MyISAM DEFAULT CHARSET=utf8;

--
-- Dumping data for table `users_last_import`
--


-- --------------------------------------------------------

--
-- Table structure for table `users_schools`
--

CREATE TABLE IF NOT EXISTS `users_schools` (
  `id` varchar(36) NOT NULL default '',
  `user_id` varchar(36) default NULL,
  `school_id` varchar(36) default NULL,
  `date_modified` datetime default NULL,
  `deleted` tinyint(1) NOT NULL default '0',
  PRIMARY KEY  (`id`),
  KEY `idx_user_sch_user` (`user_id`),
  KEY `idx_user_sch_school` (`school_id`),
  KEY `idx_users_schools` (`user_id`,`school_id`)
) ENGINE=MyISAM DEFAULT CHARSET=utf8;

--
-- Dumping data for table `users_schools`
--

INSERT INTO `users_schools` (`id`, `user_id`, `school_id`, `date_modified`, `deleted`) VALUES
('c4565fc0-30f9-719c-cb31-37354e807d', '1', 'sssssss-1111', '2006-04-16 15:10:19', 0),
('c4565fc0-30f9-719c-cb31-443735807d', 'c4565fc9-30f9-719c-cb31-4437354e807d', 'sssssss-1111', '2010-09-12 19:05:48', 0),
('cc6d74ca-8e4e-fa31-161d-4c889fa495bd', '1', 'c924c801-c83e-0279-7912-4c889f232b81', '2010-09-09 17:49:02', 0),
('aee7402e-3e69-c9da-829a-4850ac4f73a2', 'ef256ecf-d1c4-c18a-6ade-46cb935f01ae', 'sssssss-1111', '2009-04-01 10:27:26', 0),
('e8024506-5680-e17c-3920-4c889f51c2c8', '1', 'e4e2db2e-f8f8-17cb-dffa-4c889fee8645', '2010-09-09 17:48:53', 0),
('a1e8564a-2fdf-6d64-6c7b-4c889f9e66dd', '1', '9efa1bc1-a477-b813-393e-4c889fdccd68', '2010-09-09 17:48:12', 0),
('73eed95e-e278-f863-7518-4c889f9a3bd5', '1', '70da7afa-eec5-49b6-d477-4c889f633d66', '2010-09-09 17:48:22', 0),
('ea6e7755-5d5e-728b-588f-4c889f73c662', '1', 'e70cf0c1-54d0-57eb-e444-4c889fb8f741', '2010-09-09 17:48:45', 0),
('e7ea7230-2e89-c8dd-9fc5-4c889f2a168d', '1', 'd40d5fb3-e903-20b9-2f14-4c889f01fb93', '2010-09-09 17:47:55', 0),
('8b1aa09c-b891-c4f8-cb57-4c889f08c7a9', '1', '87b96c34-4659-761d-3dcb-4c889f92a64d', '2010-09-09 17:49:10', 0),
('8ebf0ad8-645b-48f2-dc31-4c889f1d8a42', '1', '8bc8e1f2-99ab-1ed6-1bf9-4c889fbd0e7d', '2010-09-09 17:49:17', 0),
('7bd60adb-341a-fbdd-25ba-4c889ffc6ded', '1', '78c81fd2-ed5a-e606-141f-4c889fa68b9b', '2010-09-09 17:49:34', 0),
('6dc95bfa-8234-0bc6-3384-4c889f891d42', '1', '687ec71c-1c7d-6c97-fc2a-4c889fc5d652', '2010-09-09 17:50:04', 0),
('cedc327b-824e-4051-de45-4c88a01c300f', '1', 'bc3a6a25-6dc7-9348-ce21-4c88a00a08ab', '2010-09-09 17:53:56', 0),
('bdd1a493-bc3c-e3be-205d-4c88c6b964d0', '1', 'adbdda7a-1928-6105-9ed8-4c88c6ca48a1', '2010-09-09 20:33:54', 0),
('3d27b51b-bd13-c542-efba-4c88c631221c', 'a437cc11-564c-e5c4-3ff0-4c88c6961e3b', 'sssssss-1111', '2012-10-26 15:18:58', 0),
('3d953021-6c08-7c27-a9b6-4c88c6945124', 'a437cc11-564c-e5c4-3ff0-4c88c6961e3b', 'd40d5fb3-e903-20b9-2f14-4c889f01fb93', '2010-09-09 20:35:25', 0),
('3de44e8a-6ae7-a8c2-f6f6-4c88c6414f69', 'a437cc11-564c-e5c4-3ff0-4c88c6961e3b', '9efa1bc1-a477-b813-393e-4c889fdccd68', '2010-09-09 20:35:25', 0),
('3e2f453d-079b-e82d-9207-4c88c603730c', 'a437cc11-564c-e5c4-3ff0-4c88c6961e3b', '70da7afa-eec5-49b6-d477-4c889f633d66', '2010-09-09 20:35:25', 0),
('3e827090-5106-f128-aa70-4c88c64539e0', 'a437cc11-564c-e5c4-3ff0-4c88c6961e3b', 'e70cf0c1-54d0-57eb-e444-4c889fb8f741', '2010-09-09 20:35:25', 0),
('3eca5da4-fd67-375d-c8cf-4c88c6f38ca0', 'a437cc11-564c-e5c4-3ff0-4c88c6961e3b', 'e4e2db2e-f8f8-17cb-dffa-4c889fee8645', '2010-09-09 20:35:25', 0),
('3f4ceed7-b22e-18ee-cf0e-4c88c6d80f54', 'a437cc11-564c-e5c4-3ff0-4c88c6961e3b', 'c924c801-c83e-0279-7912-4c889f232b81', '2010-09-09 20:35:25', 0),
('3fa85d61-77d9-16b1-4cd3-4c88c67379dc', 'a437cc11-564c-e5c4-3ff0-4c88c6961e3b', '87b96c34-4659-761d-3dcb-4c889f92a64d', '2010-09-09 20:35:25', 0),
('404f4d31-a1ad-ca55-d5b9-4c88c6d562a3', 'a437cc11-564c-e5c4-3ff0-4c88c6961e3b', '8bc8e1f2-99ab-1ed6-1bf9-4c889fbd0e7d', '2010-09-09 20:35:25', 0),
('4228101d-2ae3-c5b8-6679-4c88c6a9cd4e', 'a437cc11-564c-e5c4-3ff0-4c88c6961e3b', '78c81fd2-ed5a-e606-141f-4c889fa68b9b', '2010-09-09 20:35:25', 0),
('42819ce4-b9a1-acee-e8a9-4c88c6708ad6', 'a437cc11-564c-e5c4-3ff0-4c88c6961e3b', 'adbdda7a-1928-6105-9ed8-4c88c6ca48a1', '2010-09-09 20:35:25', 0),
('42d6c758-b0bc-9d63-3e45-4c88c6d258b8', 'a437cc11-564c-e5c4-3ff0-4c88c6961e3b', 'bc3a6a25-6dc7-9348-ce21-4c88a00a08ab', '2011-06-09 09:28:03', 1),
('43324049-0321-0133-dd6e-4c88c64b3b9d', 'a437cc11-564c-e5c4-3ff0-4c88c6961e3b', '687ec71c-1c7d-6c97-fc2a-4c889fc5d652', '2012-10-26 15:18:58', 0),
('c200a9f5-30c2-222e-cb32-4c8ca5d9e55c', 'c4565fc9-30f9-719c-cb31-4437354e807d', 'd40d5fb3-e903-20b9-2f14-4c889f01fb93', '2010-09-12 19:05:48', 0),
('c2ec936b-9937-f08e-9b7b-4c8ca5fbe56f', 'c4565fc9-30f9-719c-cb31-4437354e807d', '9efa1bc1-a477-b813-393e-4c889fdccd68', '2010-09-12 19:05:48', 0),
('c3435771-4ae6-1fef-9e7b-4c8ca59ba249', 'c4565fc9-30f9-719c-cb31-4437354e807d', '70da7afa-eec5-49b6-d477-4c889f633d66', '2010-09-12 19:05:48', 0),
('c3991767-d1e5-5d00-70ee-4c8ca5bbd6b1', 'c4565fc9-30f9-719c-cb31-4437354e807d', 'e70cf0c1-54d0-57eb-e444-4c889fb8f741', '2010-09-12 19:05:48', 0),
('c40cb0ab-f8ad-3eb0-7630-4c8ca5c36597', 'c4565fc9-30f9-719c-cb31-4437354e807d', 'e4e2db2e-f8f8-17cb-dffa-4c889fee8645', '2010-09-12 19:05:48', 0),
('c460b47c-67b3-ca71-8001-4c8ca5e4263c', 'c4565fc9-30f9-719c-cb31-4437354e807d', 'c924c801-c83e-0279-7912-4c889f232b81', '2010-09-12 19:05:48', 0),
('c4b850a4-b18c-b2ac-61e7-4c8ca5aca740', 'c4565fc9-30f9-719c-cb31-4437354e807d', '87b96c34-4659-761d-3dcb-4c889f92a64d', '2010-09-12 19:05:48', 0),
('c5185ca6-4c68-a037-caee-4c8ca5d07a52', 'c4565fc9-30f9-719c-cb31-4437354e807d', '8bc8e1f2-99ab-1ed6-1bf9-4c889fbd0e7d', '2010-09-12 19:05:48', 0),
('c5d1d98f-5c24-4685-c5a9-4c8ca5a7ed33', 'c4565fc9-30f9-719c-cb31-4437354e807d', '78c81fd2-ed5a-e606-141f-4c889fa68b9b', '2010-09-12 19:05:48', 0),
('c6222573-eec6-0587-7448-4c8ca57deb9e', 'c4565fc9-30f9-719c-cb31-4437354e807d', 'adbdda7a-1928-6105-9ed8-4c88c6ca48a1', '2010-09-12 19:05:48', 0),
('550f20e8-2aac-fb97-cc77-5001d0bd211c', '1', '49caa19d-9872-3095-6bd4-5001d0aa692d', '2012-07-15 05:03:38', 0),
('ad672ad1-80ef-26e9-5f88-5001d06fdb2b', '1', 'a32c39d6-45da-a750-6e4d-5001d0bd7a8d', '2012-07-15 05:03:49', 0),
('bbb9da44-5c79-1ef7-eb29-5001d069a19d', '1', 'b0845182-f1bc-145f-0560-5001d0cbee2a', '2012-07-15 05:04:02', 0),
('33f0d7f0-0a40-37b5-cd70-5001d0171149', '1', '28e74451-24cc-c806-9642-5001d0f926d9', '2012-07-15 05:04:19', 0),
('cbc5ca27-854a-499d-ee64-5001d09fdac4', '1', 'c083c4e8-6f1d-24ea-fd47-5001d0b9910f', '2012-07-15 05:04:50', 0),
('c641d701-fd38-b7e2-4d33-5001d0c9918e', '1', 'bb0d4d73-13a4-b000-36a6-5001d0094cb6', '2012-07-15 05:05:09', 0),
('102756f5-aadf-abe6-193d-5001d1c18a4e', '1', '5bc40075-3911-d52a-a0f8-5001d15a06e5', '2012-07-15 05:05:20', 0),
('68c9c4ff-a33f-7b43-844e-5001d183c928', '1', '5ea7a466-203e-45f4-582c-5001d12b64db', '2012-07-15 05:05:32', 0),
('ced5d526-0023-bc15-05a2-5001d189cb38', '1', 'c387f0ac-5700-6490-3264-5001d1127ee7', '2012-07-15 05:05:47', 0),
('ae1654e6-efb1-2d81-140a-5001d1cb3d12', '1', 'a312c57a-0e45-6f65-0402-5001d1e84f1d', '2012-07-15 05:05:57', 0),
('27b10328-816a-2421-f6af-5001d1801120', '1', '1ca1eb40-372a-27a2-bf44-5001d1ad9d91', '2012-07-15 05:06:08', 0),
('f3a24b4f-374c-14bb-c4e1-5001d1c1841f', '1', 'e86510a2-302b-7c34-250d-5001d1fc1b41', '2012-07-15 05:06:17', 0),
('c57fa11d-6e6f-40e8-05ef-50024874ea6b', '1', 'bf737929-0509-7bfe-586f-500248ae9b81', '2012-07-15 13:34:22', 0),
('de5500bc-2c02-c5a2-6a3d-5003a6a8e27c', 'a437cc11-564c-e5c4-3ff0-4c88c6961e3b', '5ea7a466-203e-45f4-582c-5001d12b64db', '2012-10-26 15:18:58', 0),
('dfbcb04d-84eb-c83d-e468-5003a6f8b920', 'a437cc11-564c-e5c4-3ff0-4c88c6961e3b', 'bb0d4d73-13a4-b000-36a6-5001d0094cb6', '2012-10-26 15:18:58', 0),
('e01e2dde-2c41-259d-26f0-5003a654318b', 'a437cc11-564c-e5c4-3ff0-4c88c6961e3b', '1ca1eb40-372a-27a2-bf44-5001d1ad9d91', '2012-10-26 15:18:58', 0),
('e07f2d6f-39bc-6f1f-677f-5003a6235cc4', 'a437cc11-564c-e5c4-3ff0-4c88c6961e3b', '28e74451-24cc-c806-9642-5001d0f926d9', '2012-10-26 15:18:58', 0),
('e0cf7f93-fdbd-f851-d701-5003a6bdaebb', 'a437cc11-564c-e5c4-3ff0-4c88c6961e3b', 'c083c4e8-6f1d-24ea-fd47-5001d0b9910f', '2012-10-26 15:18:58', 0),
('e129f2a8-a5f2-f782-a524-5003a604e7ee', 'a437cc11-564c-e5c4-3ff0-4c88c6961e3b', 'a312c57a-0e45-6f65-0402-5001d1e84f1d', '2012-10-26 15:18:58', 0),
('e1d0ba52-3f24-046e-6b65-5003a66130e7', 'a437cc11-564c-e5c4-3ff0-4c88c6961e3b', 'bf737929-0509-7bfe-586f-500248ae9b81', '2012-10-26 15:18:58', 0),
('e21ffe5b-6703-417b-edb4-5003a653a70c', 'a437cc11-564c-e5c4-3ff0-4c88c6961e3b', '5bc40075-3911-d52a-a0f8-5001d15a06e5', '2012-07-16 14:28:51', 0),
('e27657d5-00bd-330d-88a6-5003a63fd72d', 'a437cc11-564c-e5c4-3ff0-4c88c6961e3b', '49caa19d-9872-3095-6bd4-5001d0aa692d', '2012-10-26 15:18:58', 0),
('e3a4a2b2-a156-beaa-799e-5003a695934c', 'a437cc11-564c-e5c4-3ff0-4c88c6961e3b', 'a32c39d6-45da-a750-6e4d-5001d0bd7a8d', '2012-10-26 15:18:58', 0),
('e3f90a79-b6a2-85d1-f681-5003a6872934', 'a437cc11-564c-e5c4-3ff0-4c88c6961e3b', 'e86510a2-302b-7c34-250d-5001d1fc1b41', '2012-10-26 15:18:58', 0),
('e45bb3b0-4d2c-8686-ada2-5003a66f2391', 'a437cc11-564c-e5c4-3ff0-4c88c6961e3b', 'b0845182-f1bc-145f-0560-5001d0cbee2a', '2012-10-26 15:18:58', 0),
('e4b9ea78-8288-5430-686c-5003a6c2ab3c', 'a437cc11-564c-e5c4-3ff0-4c88c6961e3b', 'c387f0ac-5700-6490-3264-5001d1127ee7', '2012-10-26 15:18:58', 0),
('5b3cf80b-7b64-fefc-ffe3-506901b3452d', '1', '4dac1600-cfec-aae9-e2ee-506901c68069', '2012-10-01 11:37:20', 0),
('dccf0861-2080-aa01-54aa-5069026e3c85', 'a9e80c22-3c17-2e3e-6cb0-5069027e61fc', '4dac1600-cfec-aae9-e2ee-506901c68069', '2012-10-01 11:39:08', 0),
('7681e0a6-ee80-3933-71b1-508a2be90be4', 'a437cc11-564c-e5c4-3ff0-4c88c6961e3b', '4dac1600-cfec-aae9-e2ee-506901c68069', '2012-10-26 15:19:41', 1),
('5373e12c-36a7-d68a-75c5-50ceac41c35d', '121c7332-9857-5d71-17a5-50ceacb53148', '687ec71c-1c7d-6c97-fc2a-4c889fc5d652', '2012-12-17 14:25:25', 0),
('5568b637-67e7-4ee4-0d8f-50ceacb4cbb0', '121c7332-9857-5d71-17a5-50ceacb53148', 'c083c4e8-6f1d-24ea-fd47-5001d0b9910f', '2012-12-17 14:25:25', 0),
('55cff1f8-c498-b0b1-06c2-50ceac77d74f', '121c7332-9857-5d71-17a5-50ceacb53148', 'c387f0ac-5700-6490-3264-5001d1127ee7', '2012-12-17 14:25:25', 0),
('5638b88b-33a1-0f86-0227-50ceac29608d', '121c7332-9857-5d71-17a5-50ceacb53148', '1ca1eb40-372a-27a2-bf44-5001d1ad9d91', '2012-12-17 14:25:25', 0),
('56a07a87-72d7-796a-91cc-50ceaca8d12b', '121c7332-9857-5d71-17a5-50ceacb53148', 'e86510a2-302b-7c34-250d-5001d1fc1b41', '2012-12-17 14:25:25', 0),
('5705c127-1312-83ed-1887-50ceac61a612', '121c7332-9857-5d71-17a5-50ceacb53148', '5ea7a466-203e-45f4-582c-5001d12b64db', '2012-12-17 14:25:25', 0),
('576dd030-7f74-4170-1875-50ceac6d3606', '121c7332-9857-5d71-17a5-50ceacb53148', 'sssssss-1111', '2012-12-17 14:25:25', 0),
('57d746e4-1014-a937-d0aa-50ceacd3f3cf', '121c7332-9857-5d71-17a5-50ceacb53148', 'bf737929-0509-7bfe-586f-500248ae9b81', '2012-12-17 14:25:25', 0),
('58399a2d-3070-c0ac-e671-50ceac8052db', '121c7332-9857-5d71-17a5-50ceacb53148', '28e74451-24cc-c806-9642-5001d0f926d9', '2012-12-17 14:25:25', 0),
('58a3bc70-d46f-39b6-c292-50ceacb9ee3f', '121c7332-9857-5d71-17a5-50ceacb53148', 'bb0d4d73-13a4-b000-36a6-5001d0094cb6', '2012-12-17 14:25:25', 0),
('590a68d2-e545-a0e4-cb10-50ceacf32c33', '121c7332-9857-5d71-17a5-50ceacb53148', '49caa19d-9872-3095-6bd4-5001d0aa692d', '2012-12-17 14:25:25', 0),
('596e6e7d-d44a-7b6e-dd7e-50ceac8d7310', '121c7332-9857-5d71-17a5-50ceacb53148', 'b0845182-f1bc-145f-0560-5001d0cbee2a', '2012-12-17 14:25:25', 0),
('59d8ff5a-89c9-d017-66b3-50ceacd434f4', '121c7332-9857-5d71-17a5-50ceacb53148', 'a312c57a-0e45-6f65-0402-5001d1e84f1d', '2012-12-17 14:25:25', 0),
('5a4b7fe9-5040-d3c8-e894-50ceaca08b2b', '121c7332-9857-5d71-17a5-50ceacb53148', 'a32c39d6-45da-a750-6e4d-5001d0bd7a8d', '2012-12-17 14:25:25', 0),
('5b98c017-275f-c05d-32cf-50ceac6189ce', '121c7332-9857-5d71-17a5-50ceacb53148', '5bc40075-3911-d52a-a0f8-5001d15a06e5', '2012-12-17 14:25:25', 0),
('9cb9204e-c070-a6f9-e42c-50d29a6e1a78', '1', '910052d3-bf10-6415-45db-50d29aa11747', '2012-12-20 13:57:09', 0),
('a7cce9f7-8035-d113-fd8a-50d8fb0e4d06', '219076bd-3fc5-3940-474a-50d8fbac517a', 'c083c4e8-6f1d-24ea-fd47-5001d0b9910f', '2012-12-25 10:02:27', 0),
('b3288189-c1c5-7191-4644-50d8fb9428d0', '219076bd-3fc5-3940-474a-50d8fbac517a', 'c387f0ac-5700-6490-3264-5001d1127ee7', '2012-12-25 10:02:27', 0),
('b38baccd-f201-598f-7dc6-50d8fbd72fc4', '219076bd-3fc5-3940-474a-50d8fbac517a', '1ca1eb40-372a-27a2-bf44-5001d1ad9d91', '2012-12-25 10:02:27', 0),
('b3f059e7-cdae-bb45-214b-50d8fb815528', '219076bd-3fc5-3940-474a-50d8fbac517a', 'e86510a2-302b-7c34-250d-5001d1fc1b41', '2012-12-25 10:02:27', 0),
('b45415a9-24b6-5269-3296-50d8fb98de2f', '219076bd-3fc5-3940-474a-50d8fbac517a', '5ea7a466-203e-45f4-582c-5001d12b64db', '2012-12-25 10:02:27', 0),
('b4ba52e9-ec02-4a61-f2ef-50d8fb8370eb', '219076bd-3fc5-3940-474a-50d8fbac517a', 'sssssss-1111', '2012-12-25 10:02:27', 0),
('b51ea8f5-69d2-5f36-ea75-50d8fb955cc1', '219076bd-3fc5-3940-474a-50d8fbac517a', 'bf737929-0509-7bfe-586f-500248ae9b81', '2012-12-25 10:02:27', 0),
('b582bc5e-8526-d4af-e919-50d8fb7e3994', '219076bd-3fc5-3940-474a-50d8fbac517a', '28e74451-24cc-c806-9642-5001d0f926d9', '2012-12-25 10:02:27', 0),
('b5ecb7b2-f3d9-fabe-8634-50d8fb2082db', '219076bd-3fc5-3940-474a-50d8fbac517a', 'bb0d4d73-13a4-b000-36a6-5001d0094cb6', '2012-12-25 10:02:27', 0),
('b650a5bc-50bd-407d-81d9-50d8fb6e6171', '219076bd-3fc5-3940-474a-50d8fbac517a', '49caa19d-9872-3095-6bd4-5001d0aa692d', '2012-12-25 10:02:27', 0),
('b6b5ebb6-7820-c035-bb91-50d8fb491010', '219076bd-3fc5-3940-474a-50d8fbac517a', 'b0845182-f1bc-145f-0560-5001d0cbee2a', '2012-12-25 10:02:27', 0),
('b71ca0ac-d03d-9d99-3745-50d8fb9c2e89', '219076bd-3fc5-3940-474a-50d8fbac517a', 'a312c57a-0e45-6f65-0402-5001d1e84f1d', '2012-12-25 10:02:27', 0),
('b782232e-9e8c-c500-1490-50d8fbf774c3', '219076bd-3fc5-3940-474a-50d8fbac517a', 'a32c39d6-45da-a750-6e4d-5001d0bd7a8d', '2012-12-25 10:02:27', 0),
('b7e76417-a284-d1b5-8090-50d8fbbd60a0', '219076bd-3fc5-3940-474a-50d8fbac517a', '5bc40075-3911-d52a-a0f8-5001d15a06e5', '2012-12-25 10:02:27', 0),
('16be12d0-d808-447a-8d11-50d930b5db96', '967ab850-aafc-c160-943a-50d9300977e7', 'c083c4e8-6f1d-24ea-fd47-5001d0b9910f', '2012-12-25 13:51:15', 0),
('17be7ee3-2aaa-0f31-5f37-50d930609bea', '967ab850-aafc-c160-943a-50d9300977e7', 'c387f0ac-5700-6490-3264-5001d1127ee7', '2012-12-25 13:51:15', 0),
('18300749-b875-e199-37bc-50d9303f8c4a', '967ab850-aafc-c160-943a-50d9300977e7', '1ca1eb40-372a-27a2-bf44-5001d1ad9d91', '2012-12-25 13:51:15', 0),
('189cec02-47e4-6c1f-07c1-50d930c742d5', '967ab850-aafc-c160-943a-50d9300977e7', 'e86510a2-302b-7c34-250d-5001d1fc1b41', '2012-12-25 13:51:15', 0),
('190a646f-4b28-be13-e368-50d930094aa4', '967ab850-aafc-c160-943a-50d9300977e7', '5ea7a466-203e-45f4-582c-5001d12b64db', '2012-12-25 13:51:15', 0),
('1971d266-dc00-303f-76e6-50d930832a1b', '967ab850-aafc-c160-943a-50d9300977e7', 'sssssss-1111', '2012-12-25 13:51:15', 0),
('19d50817-973f-b531-e588-50d93073ec6e', '967ab850-aafc-c160-943a-50d9300977e7', 'bf737929-0509-7bfe-586f-500248ae9b81', '2012-12-25 13:51:15', 0),
('1a3e1c2a-ba0b-52a6-8aac-50d9307154f1', '967ab850-aafc-c160-943a-50d9300977e7', '28e74451-24cc-c806-9642-5001d0f926d9', '2012-12-25 13:51:15', 0),
('1aae7983-a3d7-299c-7113-50d93091aaf1', '967ab850-aafc-c160-943a-50d9300977e7', 'bb0d4d73-13a4-b000-36a6-5001d0094cb6', '2012-12-25 13:51:15', 0),
('1b3065e9-8bbd-d9bf-e7dc-50d930cb9dde', '967ab850-aafc-c160-943a-50d9300977e7', '49caa19d-9872-3095-6bd4-5001d0aa692d', '2012-12-25 13:51:15', 0),
('1ba30172-36d8-d02c-0e63-50d93046fd2f', '967ab850-aafc-c160-943a-50d9300977e7', 'b0845182-f1bc-145f-0560-5001d0cbee2a', '2012-12-25 13:51:15', 0),
('1c222988-48a0-3ab4-df43-50d9306ea38e', '967ab850-aafc-c160-943a-50d9300977e7', 'a312c57a-0e45-6f65-0402-5001d1e84f1d', '2012-12-25 13:51:15', 0),
('1c9982b5-d62b-dd7a-a419-50d9301f6dc7', '967ab850-aafc-c160-943a-50d9300977e7', 'a32c39d6-45da-a750-6e4d-5001d0bd7a8d', '2012-12-25 13:51:15', 0),
('1d115c76-e709-3b0a-2003-50d930ba9ee8', '967ab850-aafc-c160-943a-50d9300977e7', '5bc40075-3911-d52a-a0f8-5001d15a06e5', '2012-12-25 13:51:15', 0),
('ad75c931-9239-49de-0bde-50d931b596ae', '5e070921-e5f8-3617-3c3f-50d9308df71f', 'c083c4e8-6f1d-24ea-fd47-5001d0b9910f', '2012-12-25 13:53:16', 0),
('ae914f19-cde2-aa5d-7895-50d93121c762', '5e070921-e5f8-3617-3c3f-50d9308df71f', 'c387f0ac-5700-6490-3264-5001d1127ee7', '2012-12-25 13:53:16', 0),
('aef7aa7a-5619-062a-8446-50d93122e327', '5e070921-e5f8-3617-3c3f-50d9308df71f', '1ca1eb40-372a-27a2-bf44-5001d1ad9d91', '2012-12-25 13:53:16', 0),
('af92a655-36d7-5911-8898-50d931c95f83', '5e070921-e5f8-3617-3c3f-50d9308df71f', 'e86510a2-302b-7c34-250d-5001d1fc1b41', '2012-12-25 13:53:16', 0),
('b027d95b-20c5-fa15-5a6a-50d931d48282', '5e070921-e5f8-3617-3c3f-50d9308df71f', '5ea7a466-203e-45f4-582c-5001d12b64db', '2012-12-25 13:53:16', 0),
('b0be8af1-9ade-dc3d-f99a-50d931f43679', '5e070921-e5f8-3617-3c3f-50d9308df71f', 'sssssss-1111', '2012-12-25 13:53:16', 0),
('b1294dbc-b5b2-3fe2-8527-50d93151adfa', '5e070921-e5f8-3617-3c3f-50d9308df71f', 'bf737929-0509-7bfe-586f-500248ae9b81', '2012-12-25 13:53:16', 0),
('b1900405-cfde-ed94-3d08-50d9311bd98c', '5e070921-e5f8-3617-3c3f-50d9308df71f', '28e74451-24cc-c806-9642-5001d0f926d9', '2012-12-25 13:53:16', 0),
('b1f529de-6bfa-87f4-9cfd-50d931f97fdb', '5e070921-e5f8-3617-3c3f-50d9308df71f', 'bb0d4d73-13a4-b000-36a6-5001d0094cb6', '2012-12-25 13:53:16', 0),
('b259a0f4-681c-f589-f41e-50d9313c0111', '5e070921-e5f8-3617-3c3f-50d9308df71f', '49caa19d-9872-3095-6bd4-5001d0aa692d', '2012-12-25 13:53:16', 0),
('b2bda510-ae16-7851-c5e0-50d9314e807c', '5e070921-e5f8-3617-3c3f-50d9308df71f', 'b0845182-f1bc-145f-0560-5001d0cbee2a', '2012-12-25 13:53:16', 0),
('b344903f-deda-3831-3200-50d9316c9d01', '5e070921-e5f8-3617-3c3f-50d9308df71f', 'a312c57a-0e45-6f65-0402-5001d1e84f1d', '2012-12-25 13:53:16', 0),
('b3a8802b-3304-83e4-3d8d-50d931f45ea2', '5e070921-e5f8-3617-3c3f-50d9308df71f', 'a32c39d6-45da-a750-6e4d-5001d0bd7a8d', '2012-12-25 13:53:16', 0),
('b41166a4-9a8c-2ca5-f0fb-50d931f5c0d0', '5e070921-e5f8-3617-3c3f-50d9308df71f', '5bc40075-3911-d52a-a0f8-5001d15a06e5', '2012-12-25 13:53:16', 0),
('2aad0c84-7d59-169a-54c5-50d933d1bdd2', '147c4b18-8ff6-c029-487a-50d933cee1a1', 'c083c4e8-6f1d-24ea-fd47-5001d0b9910f', '2012-12-25 14:01:18', 0),
('3c880808-ca34-783d-d302-50d933c102ee', '147c4b18-8ff6-c029-487a-50d933cee1a1', 'c387f0ac-5700-6490-3264-5001d1127ee7', '2012-12-25 14:01:18', 0),
('4317091d-09c7-c986-d96c-50d933643eda', '147c4b18-8ff6-c029-487a-50d933cee1a1', '1ca1eb40-372a-27a2-bf44-5001d1ad9d91', '2012-12-25 14:01:18', 0),
('4c78073e-8561-9a7a-ef7b-50d933b5f05b', '147c4b18-8ff6-c029-487a-50d933cee1a1', 'e86510a2-302b-7c34-250d-5001d1fc1b41', '2012-12-25 14:01:18', 0),
('54120e6e-bb5d-b91f-2392-50d9334611a2', '147c4b18-8ff6-c029-487a-50d933cee1a1', '5ea7a466-203e-45f4-582c-5001d12b64db', '2012-12-25 14:01:18', 0),
('5d800360-67c0-40f9-7a07-50d933814219', '147c4b18-8ff6-c029-487a-50d933cee1a1', 'sssssss-1111', '2012-12-25 14:01:18', 0),
('63e00994-74f6-13fb-955d-50d9337de13e', '147c4b18-8ff6-c029-487a-50d933cee1a1', 'bf737929-0509-7bfe-586f-500248ae9b81', '2012-12-25 14:01:18', 0),
('699b0478-c9a5-a9ed-b8c9-50d933e706d9', '147c4b18-8ff6-c029-487a-50d933cee1a1', '28e74451-24cc-c806-9642-5001d0f926d9', '2012-12-25 14:01:18', 0),
('707b0342-b42c-c2de-3ec5-50d933e73b0c', '147c4b18-8ff6-c029-487a-50d933cee1a1', 'bb0d4d73-13a4-b000-36a6-5001d0094cb6', '2012-12-25 14:01:18', 0),
('775a0a52-7423-5c00-d33a-50d93330be04', '147c4b18-8ff6-c029-487a-50d933cee1a1', '49caa19d-9872-3095-6bd4-5001d0aa692d', '2012-12-25 14:01:18', 0),
('7d800b42-d505-fb7a-0393-50d933f49c10', '147c4b18-8ff6-c029-487a-50d933cee1a1', 'b0845182-f1bc-145f-0560-5001d0cbee2a', '2012-12-25 14:01:18', 0),
('83ef0e81-feaf-35a5-9b68-50d9332937c9', '147c4b18-8ff6-c029-487a-50d933cee1a1', 'a312c57a-0e45-6f65-0402-5001d1e84f1d', '2012-12-25 14:01:18', 0),
('8f100a0a-9372-9dae-afcc-50d9335f9113', '147c4b18-8ff6-c029-487a-50d933cee1a1', 'a32c39d6-45da-a750-6e4d-5001d0bd7a8d', '2012-12-25 14:01:18', 0),
('961a01aa-af36-672a-0d9b-50d933ae0d54', '147c4b18-8ff6-c029-487a-50d933cee1a1', '5bc40075-3911-d52a-a0f8-5001d15a06e5', '2012-12-25 14:01:18', 0),
('45448cf4-2216-6dac-638e-50d93357cf0c', '7f773a56-0a02-88a3-bf88-50d93300b49c', 'c083c4e8-6f1d-24ea-fd47-5001d0b9910f', '2012-12-25 14:01:53', 0),
('464f7778-99b5-cd6f-3689-50d9337cc3b1', '7f773a56-0a02-88a3-bf88-50d93300b49c', 'c387f0ac-5700-6490-3264-5001d1127ee7', '2012-12-25 14:01:53', 0),
('46e469a5-46c3-cfda-5d99-50d9337f785a', '7f773a56-0a02-88a3-bf88-50d93300b49c', '1ca1eb40-372a-27a2-bf44-5001d1ad9d91', '2012-12-25 14:01:53', 0),
('47682e6c-2dd5-a8d2-b3c5-50d933b13350', '7f773a56-0a02-88a3-bf88-50d93300b49c', 'e86510a2-302b-7c34-250d-5001d1fc1b41', '2012-12-25 14:01:53', 0),
('47d3c99b-305c-f93b-cd15-50d933ca2728', '7f773a56-0a02-88a3-bf88-50d93300b49c', '5ea7a466-203e-45f4-582c-5001d12b64db', '2012-12-25 14:01:53', 0),
('4840971f-8552-b1c2-fa95-50d9338caac9', '7f773a56-0a02-88a3-bf88-50d93300b49c', 'sssssss-1111', '2012-12-25 14:01:53', 0),
('48afdd07-39e4-efc1-1bac-50d933a5a168', '7f773a56-0a02-88a3-bf88-50d93300b49c', 'bf737929-0509-7bfe-586f-500248ae9b81', '2012-12-25 14:01:53', 0),
('491d1a3f-bc2a-6dc2-76ea-50d933c56aea', '7f773a56-0a02-88a3-bf88-50d93300b49c', '28e74451-24cc-c806-9642-5001d0f926d9', '2012-12-25 14:01:53', 0),
('4985abf4-65fa-7516-8549-50d9337f4405', '7f773a56-0a02-88a3-bf88-50d93300b49c', 'bb0d4d73-13a4-b000-36a6-5001d0094cb6', '2012-12-25 14:01:53', 0),
('4a1a3cdc-9289-8c73-a729-50d933ca2b88', '7f773a56-0a02-88a3-bf88-50d93300b49c', '49caa19d-9872-3095-6bd4-5001d0aa692d', '2012-12-25 14:01:53', 0),
('4a893e91-5f0a-da7f-51cd-50d933504714', '7f773a56-0a02-88a3-bf88-50d93300b49c', 'b0845182-f1bc-145f-0560-5001d0cbee2a', '2012-12-25 14:01:53', 0),
('4af72e26-4c69-099f-7116-50d933b2d3db', '7f773a56-0a02-88a3-bf88-50d93300b49c', 'a312c57a-0e45-6f65-0402-5001d1e84f1d', '2012-12-25 14:01:53', 0),
('4b68497d-f9a8-a85b-8a08-50d933a50948', '7f773a56-0a02-88a3-bf88-50d93300b49c', 'a32c39d6-45da-a750-6e4d-5001d0bd7a8d', '2012-12-25 14:01:53', 0),
('4bd963aa-4edd-efa9-9b59-50d9338d71b0', '7f773a56-0a02-88a3-bf88-50d93300b49c', '5bc40075-3911-d52a-a0f8-5001d15a06e5', '2012-12-25 14:01:53', 0),
('84d286be-7d43-f0b9-819d-50d9338ea54e', 'e2eea000-1dc6-c03c-4c77-50d9339c0fa6', 'c083c4e8-6f1d-24ea-fd47-5001d0b9910f', '2012-12-25 14:03:22', 0),
('8aedde7f-6517-52ca-b4c5-50d93386ac09', 'e2eea000-1dc6-c03c-4c77-50d9339c0fa6', 'c387f0ac-5700-6490-3264-5001d1127ee7', '2012-12-25 14:03:22', 0),
('8f2d44b0-0bab-9079-2684-50d933d5f4c2', 'e2eea000-1dc6-c03c-4c77-50d9339c0fa6', '1ca1eb40-372a-27a2-bf44-5001d1ad9d91', '2012-12-25 14:03:22', 0),
('8fd2b35e-35be-4835-2c36-50d93304180a', 'e2eea000-1dc6-c03c-4c77-50d9339c0fa6', 'e86510a2-302b-7c34-250d-5001d1fc1b41', '2012-12-25 14:03:22', 0),
('92bd1b73-4449-924c-408a-50d933274418', 'e2eea000-1dc6-c03c-4c77-50d9339c0fa6', '5ea7a466-203e-45f4-582c-5001d12b64db', '2012-12-25 14:03:22', 0),
('94eef5e8-7762-a043-3179-50d933f44117', 'e2eea000-1dc6-c03c-4c77-50d9339c0fa6', 'sssssss-1111', '2012-12-25 14:03:22', 0),
('96f61c7e-7c4f-7046-5f48-50d933fb0eb7', 'e2eea000-1dc6-c03c-4c77-50d9339c0fa6', 'bf737929-0509-7bfe-586f-500248ae9b81', '2012-12-25 14:03:22', 0),
('979112a9-c7f6-e166-8b21-50d933c54fa7', 'e2eea000-1dc6-c03c-4c77-50d9339c0fa6', '28e74451-24cc-c806-9642-5001d0f926d9', '2012-12-25 14:03:22', 0),
('98fedb97-12a8-39cf-704f-50d9335bd13b', 'e2eea000-1dc6-c03c-4c77-50d9339c0fa6', 'bb0d4d73-13a4-b000-36a6-5001d0094cb6', '2012-12-25 14:03:22', 0),
('999631c0-6c0b-5ad4-b497-50d933246947', 'e2eea000-1dc6-c03c-4c77-50d9339c0fa6', '49caa19d-9872-3095-6bd4-5001d0aa692d', '2012-12-25 14:03:22', 0),
('9a299f78-3dde-b7b3-75eb-50d933a052b9', 'e2eea000-1dc6-c03c-4c77-50d9339c0fa6', 'b0845182-f1bc-145f-0560-5001d0cbee2a', '2012-12-25 14:03:22', 0),
('9abbd7dc-47f4-0824-40be-50d933a91984', 'e2eea000-1dc6-c03c-4c77-50d9339c0fa6', 'a312c57a-0e45-6f65-0402-5001d1e84f1d', '2012-12-25 14:03:22', 0),
('9d4f5101-b3b0-7231-29a6-50d933bf9327', 'e2eea000-1dc6-c03c-4c77-50d9339c0fa6', 'a32c39d6-45da-a750-6e4d-5001d0bd7a8d', '2012-12-25 14:03:22', 0),
('9fe6602b-a899-b38f-5a41-50d9334da174', 'e2eea000-1dc6-c03c-4c77-50d9339c0fa6', '5bc40075-3911-d52a-a0f8-5001d15a06e5', '2012-12-25 14:03:22', 0),
('1c720903-93f6-6107-1208-50d93396ba93', '99290008-b709-5558-2abb-50d933bdfc54', 'c083c4e8-6f1d-24ea-fd47-5001d0b9910f', '2012-12-25 14:04:03', 0),
('2cc30cbe-0642-082a-9cee-50d933283519', '99290008-b709-5558-2abb-50d933bdfc54', 'c387f0ac-5700-6490-3264-5001d1127ee7', '2012-12-25 14:04:03', 0),
('34c40202-b388-3d83-9f29-50d933f8f0d5', '99290008-b709-5558-2abb-50d933bdfc54', '1ca1eb40-372a-27a2-bf44-5001d1ad9d91', '2012-12-25 14:04:03', 0),
('3d030dec-e4cb-c221-2c82-50d933074860', '99290008-b709-5558-2abb-50d933bdfc54', 'e86510a2-302b-7c34-250d-5001d1fc1b41', '2012-12-25 14:04:03', 0),
('45450ef8-4878-4f38-77bf-50d9331eb093', '99290008-b709-5558-2abb-50d933bdfc54', '5ea7a466-203e-45f4-582c-5001d12b64db', '2012-12-25 14:04:03', 0),
('4dbd0c35-8b0c-bf7a-e0e2-50d9330efefd', '99290008-b709-5558-2abb-50d933bdfc54', 'sssssss-1111', '2012-12-25 14:04:03', 0),
('57db0ef3-612c-1634-a06b-50d933abf45c', '99290008-b709-5558-2abb-50d933bdfc54', 'bf737929-0509-7bfe-586f-500248ae9b81', '2012-12-25 14:04:03', 0),
('600f0632-92f9-fcfb-a3f9-50d933cb7fc5', '99290008-b709-5558-2abb-50d933bdfc54', '28e74451-24cc-c806-9642-5001d0f926d9', '2012-12-25 14:04:03', 0),
('67940767-6746-df20-c027-50d9336cd929', '99290008-b709-5558-2abb-50d933bdfc54', 'bb0d4d73-13a4-b000-36a6-5001d0094cb6', '2012-12-25 14:04:03', 0),
('6f3f05b7-213e-2581-6ae5-50d93309ef03', '99290008-b709-5558-2abb-50d933bdfc54', '49caa19d-9872-3095-6bd4-5001d0aa692d', '2012-12-25 14:04:03', 0),
('772505b0-7999-d204-e277-50d933f618e4', '99290008-b709-5558-2abb-50d933bdfc54', 'b0845182-f1bc-145f-0560-5001d0cbee2a', '2012-12-25 14:04:03', 0),
('843002e7-9012-05c6-2ce2-50d93389f557', '99290008-b709-5558-2abb-50d933bdfc54', 'a312c57a-0e45-6f65-0402-5001d1e84f1d', '2012-12-25 14:04:03', 0),
('8fc10490-1469-e0a2-43d8-50d9331d03e2', '99290008-b709-5558-2abb-50d933bdfc54', 'a32c39d6-45da-a750-6e4d-5001d0bd7a8d', '2012-12-25 14:04:03', 0),
('97d50e77-57bd-0e49-0dc6-50d93310b12a', '99290008-b709-5558-2abb-50d933bdfc54', '5bc40075-3911-d52a-a0f8-5001d15a06e5', '2012-12-25 14:04:03', 0),
('def40b47-e714-379b-c7ba-50d93311717a', '3e24d200-6381-e2e7-31e6-50d93380f383', 'c083c4e8-6f1d-24ea-fd47-5001d0b9910f', '2012-12-25 14:04:56', 0),
('1016837e-cdaa-bf8a-907f-50d933fdc11d', '3e24d200-6381-e2e7-31e6-50d93380f383', 'c387f0ac-5700-6490-3264-5001d1127ee7', '2012-12-25 14:04:56', 0),
('10b5fbee-84d3-9a9b-4230-50d933498403', '3e24d200-6381-e2e7-31e6-50d93380f383', '1ca1eb40-372a-27a2-bf44-5001d1ad9d91', '2012-12-25 14:04:56', 0),
('1171f533-8ae4-eb0c-bdb7-50d9330b1849', '3e24d200-6381-e2e7-31e6-50d93380f383', 'e86510a2-302b-7c34-250d-5001d1fc1b41', '2012-12-25 14:04:56', 0),
('12132f67-b109-478a-fa63-50d933ef9cf1', '3e24d200-6381-e2e7-31e6-50d93380f383', '5ea7a466-203e-45f4-582c-5001d12b64db', '2012-12-25 14:04:56', 0),
('12b43555-336b-02c3-f48d-50d933a1cf9a', '3e24d200-6381-e2e7-31e6-50d93380f383', 'sssssss-1111', '2012-12-25 14:04:56', 0),
('134f7d7f-b6ee-da48-b7fe-50d9338b12c9', '3e24d200-6381-e2e7-31e6-50d93380f383', 'bf737929-0509-7bfe-586f-500248ae9b81', '2012-12-25 14:04:56', 0),
('13b16141-965d-d5d7-f295-50d933eb18cb', '3e24d200-6381-e2e7-31e6-50d93380f383', '28e74451-24cc-c806-9642-5001d0f926d9', '2012-12-25 14:04:56', 0),
('141b14db-d6ae-e6aa-4487-50d933454b8a', '3e24d200-6381-e2e7-31e6-50d93380f383', 'bb0d4d73-13a4-b000-36a6-5001d0094cb6', '2012-12-25 14:04:56', 0),
('14b8f27c-070a-d846-0d70-50d933a5f0b8', '3e24d200-6381-e2e7-31e6-50d93380f383', '49caa19d-9872-3095-6bd4-5001d0aa692d', '2012-12-25 14:04:56', 0),
('155920f9-2786-f826-969b-50d933b76ed5', '3e24d200-6381-e2e7-31e6-50d93380f383', 'b0845182-f1bc-145f-0560-5001d0cbee2a', '2012-12-25 14:04:56', 0),
('15fa8785-53be-9d1c-7fa1-50d93312f885', '3e24d200-6381-e2e7-31e6-50d93380f383', 'a312c57a-0e45-6f65-0402-5001d1e84f1d', '2012-12-25 14:04:56', 0),
('169ed8dc-31cb-fc38-8a22-50d933e3d279', '3e24d200-6381-e2e7-31e6-50d93380f383', 'a32c39d6-45da-a750-6e4d-5001d0bd7a8d', '2012-12-25 14:04:56', 0),
('17404a4b-f40a-194e-1ab8-50d933c66775', '3e24d200-6381-e2e7-31e6-50d93380f383', '5bc40075-3911-d52a-a0f8-5001d15a06e5', '2012-12-25 14:04:56', 0),
('43868a61-ecaf-f332-49f5-50d934184b54', 'dd19cd9b-4a94-f0b6-b40f-50d934e99739', 'c083c4e8-6f1d-24ea-fd47-5001d0b9910f', '2012-12-25 14:06:21', 0),
('44a6a980-dc2d-263f-062d-50d9344c72fb', 'dd19cd9b-4a94-f0b6-b40f-50d934e99739', 'c387f0ac-5700-6490-3264-5001d1127ee7', '2012-12-25 14:06:21', 0),
('453ff317-2677-bd4a-7365-50d9346e5013', 'dd19cd9b-4a94-f0b6-b40f-50d934e99739', '1ca1eb40-372a-27a2-bf44-5001d1ad9d91', '2012-12-25 14:06:21', 0),
('45d898f7-ff3b-50cd-d68a-50d934f637ba', 'dd19cd9b-4a94-f0b6-b40f-50d934e99739', 'e86510a2-302b-7c34-250d-5001d1fc1b41', '2012-12-25 14:06:21', 0),
('46739073-f667-6739-6b5e-50d9347767ee', 'dd19cd9b-4a94-f0b6-b40f-50d934e99739', '5ea7a466-203e-45f4-582c-5001d12b64db', '2012-12-25 14:06:21', 0),
('47129abe-420e-543f-5969-50d934d3d9d9', 'dd19cd9b-4a94-f0b6-b40f-50d934e99739', 'sssssss-1111', '2012-12-25 14:06:21', 0),
('47aca0f4-0b98-eff6-c078-50d93455a1c5', 'dd19cd9b-4a94-f0b6-b40f-50d934e99739', 'bf737929-0509-7bfe-586f-500248ae9b81', '2012-12-25 14:06:21', 0),
('484503bc-8875-3c78-dbe2-50d934c0cc82', 'dd19cd9b-4a94-f0b6-b40f-50d934e99739', '28e74451-24cc-c806-9642-5001d0f926d9', '2012-12-25 14:06:21', 0),
('48df1493-2a61-6044-7d3c-50d9340da3b3', 'dd19cd9b-4a94-f0b6-b40f-50d934e99739', 'bb0d4d73-13a4-b000-36a6-5001d0094cb6', '2012-12-25 14:06:21', 0),
('49777328-0239-2a0e-0855-50d9346e2fae', 'dd19cd9b-4a94-f0b6-b40f-50d934e99739', '49caa19d-9872-3095-6bd4-5001d0aa692d', '2012-12-25 14:06:21', 0),
('4a145b34-c6c0-8b6c-6e04-50d9346f481b', 'dd19cd9b-4a94-f0b6-b40f-50d934e99739', 'b0845182-f1bc-145f-0560-5001d0cbee2a', '2012-12-25 14:06:21', 0),
('4ab099df-101f-5ba2-e3e9-50d9346feb2c', 'dd19cd9b-4a94-f0b6-b40f-50d934e99739', 'a312c57a-0e45-6f65-0402-5001d1e84f1d', '2012-12-25 14:06:21', 0),
('4b4ffdad-6efe-b69e-6909-50d9347c5136', 'dd19cd9b-4a94-f0b6-b40f-50d934e99739', 'a32c39d6-45da-a750-6e4d-5001d0bd7a8d', '2012-12-25 14:06:21', 0),
('4bec1230-977b-eaac-37d3-50d934a521c2', 'dd19cd9b-4a94-f0b6-b40f-50d934e99739', '5bc40075-3911-d52a-a0f8-5001d15a06e5', '2012-12-25 14:06:21', 0),
('470b8b56-540a-1e5c-1056-50d9341bfc8f', 'c4e4444a-259d-eb06-92ef-50d9348e6214', 'c083c4e8-6f1d-24ea-fd47-5001d0b9910f', '2012-12-25 14:07:22', 0),
('4b5bac17-bc31-ed0d-1174-50d93462d91a', 'c4e4444a-259d-eb06-92ef-50d9348e6214', 'c387f0ac-5700-6490-3264-5001d1127ee7', '2012-12-25 14:07:22', 0),
('4be07914-f866-0037-9f37-50d934d49747', 'c4e4444a-259d-eb06-92ef-50d9348e6214', '1ca1eb40-372a-27a2-bf44-5001d1ad9d91', '2012-12-25 14:07:22', 0),
('4d85d55d-fc33-e3a3-0069-50d934ad0ddf', 'c4e4444a-259d-eb06-92ef-50d9348e6214', 'e86510a2-302b-7c34-250d-5001d1fc1b41', '2012-12-25 14:07:22', 0),
('4dfb534a-3374-e55d-d9c6-50d93459ce18', 'c4e4444a-259d-eb06-92ef-50d9348e6214', '5ea7a466-203e-45f4-582c-5001d12b64db', '2012-12-25 14:07:22', 0),
('4e70ba4a-b634-a151-9d92-50d934ff9384', 'c4e4444a-259d-eb06-92ef-50d9348e6214', 'sssssss-1111', '2012-12-25 14:07:22', 0),
('50524310-bbd3-3484-18ee-50d93456a6c3', 'c4e4444a-259d-eb06-92ef-50d9348e6214', 'bf737929-0509-7bfe-586f-500248ae9b81', '2012-12-25 14:07:22', 0),
('50dbb48d-4bef-b7d3-71f7-50d9344f9626', 'c4e4444a-259d-eb06-92ef-50d9348e6214', '28e74451-24cc-c806-9642-5001d0f926d9', '2012-12-25 14:07:22', 0),
('526ac803-21d2-23bb-d4ba-50d9344b3a83', 'c4e4444a-259d-eb06-92ef-50d9348e6214', 'bb0d4d73-13a4-b000-36a6-5001d0094cb6', '2012-12-25 14:07:22', 0),
('52e148b0-b67a-bb87-09ff-50d934fc944e', 'c4e4444a-259d-eb06-92ef-50d9348e6214', '49caa19d-9872-3095-6bd4-5001d0aa692d', '2012-12-25 14:07:22', 0),
('535819bf-b67d-b8c2-9b9f-50d934b7c1a7', 'c4e4444a-259d-eb06-92ef-50d9348e6214', 'b0845182-f1bc-145f-0560-5001d0cbee2a', '2012-12-25 14:07:22', 0),
('55388741-5d70-05d6-5252-50d934131e38', 'c4e4444a-259d-eb06-92ef-50d9348e6214', 'a312c57a-0e45-6f65-0402-5001d1e84f1d', '2012-12-25 14:07:22', 0),
('56cd619c-3de6-813f-5dab-50d934d08da4', 'c4e4444a-259d-eb06-92ef-50d9348e6214', 'a32c39d6-45da-a750-6e4d-5001d0bd7a8d', '2012-12-25 14:07:22', 0),
('5752282b-7a2b-9e9e-e628-50d934e90107', 'c4e4444a-259d-eb06-92ef-50d9348e6214', '5bc40075-3911-d52a-a0f8-5001d15a06e5', '2012-12-25 14:07:22', 0),
('4d0c7416-28e3-8f63-b32e-50d9341b6b13', 'c07000dc-5064-5f5c-5bb8-50d934ea3dbb', 'c083c4e8-6f1d-24ea-fd47-5001d0b9910f', '2012-12-25 14:08:29', 0),
('4e2aa4ac-f3bd-563e-c49a-50d93493bc8d', 'c07000dc-5064-5f5c-5bb8-50d934ea3dbb', 'c387f0ac-5700-6490-3264-5001d1127ee7', '2012-12-25 14:08:29', 0),
('4ebd847d-2bad-7c88-fd04-50d934739e97', 'c07000dc-5064-5f5c-5bb8-50d934ea3dbb', '1ca1eb40-372a-27a2-bf44-5001d1ad9d91', '2012-12-25 14:08:29', 0),
('4f74329f-0a0e-ec84-96b5-50d934e433d6', 'c07000dc-5064-5f5c-5bb8-50d934ea3dbb', 'e86510a2-302b-7c34-250d-5001d1fc1b41', '2012-12-25 14:08:29', 0),
('500ba14c-e11b-cf37-b2b8-50d934ef96dc', 'c07000dc-5064-5f5c-5bb8-50d934ea3dbb', '5ea7a466-203e-45f4-582c-5001d12b64db', '2012-12-25 14:08:29', 0),
('50e4b381-ddca-427c-abd7-50d9344aa7a3', 'c07000dc-5064-5f5c-5bb8-50d934ea3dbb', 'sssssss-1111', '2012-12-25 14:08:29', 0),
('515dabab-1d4a-33c6-422c-50d934b39e57', 'c07000dc-5064-5f5c-5bb8-50d934ea3dbb', 'bf737929-0509-7bfe-586f-500248ae9b81', '2012-12-25 14:08:29', 0),
('51cbb3ba-c126-4966-bfed-50d934483e52', 'c07000dc-5064-5f5c-5bb8-50d934ea3dbb', '28e74451-24cc-c806-9642-5001d0f926d9', '2012-12-25 14:08:29', 0),
('5242186f-91f7-59c0-2626-50d934954d06', 'c07000dc-5064-5f5c-5bb8-50d934ea3dbb', 'bb0d4d73-13a4-b000-36a6-5001d0094cb6', '2012-12-25 14:08:29', 0),
('5303d9b8-714b-ce8d-e797-50d93443d9e5', 'c07000dc-5064-5f5c-5bb8-50d934ea3dbb', '49caa19d-9872-3095-6bd4-5001d0aa692d', '2012-12-25 14:08:29', 0),
('5446edb6-9277-0910-014d-50d9347e735d', 'c07000dc-5064-5f5c-5bb8-50d934ea3dbb', 'b0845182-f1bc-145f-0560-5001d0cbee2a', '2012-12-25 14:08:29', 0),
('54cbe7ef-3ba5-592f-0966-50d934e45790', 'c07000dc-5064-5f5c-5bb8-50d934ea3dbb', 'a312c57a-0e45-6f65-0402-5001d1e84f1d', '2012-12-25 14:08:29', 0),
('554aa14e-7914-44b3-c91f-50d934e70504', 'c07000dc-5064-5f5c-5bb8-50d934ea3dbb', 'a32c39d6-45da-a750-6e4d-5001d0bd7a8d', '2012-12-25 14:08:29', 0),
('56b857f1-5986-cee8-1142-50d93429c896', 'c07000dc-5064-5f5c-5bb8-50d934ea3dbb', '5bc40075-3911-d52a-a0f8-5001d15a06e5', '2012-12-25 14:08:29', 0),
('850ea37b-e846-0138-a77e-50eb84c99bfa', 'd8c9164b-e73b-1b32-ab8b-50eb84f88a5e', 'c083c4e8-6f1d-24ea-fd47-5001d0b9910f', '2013-01-08 11:29:57', 0),
('8b2cc93a-9e2d-4b7a-27b9-50eb8455df34', 'd8c9164b-e73b-1b32-ab8b-50eb84f88a5e', 'c387f0ac-5700-6490-3264-5001d1127ee7', '2013-01-08 11:29:57', 0),
('8babe929-c1c8-366b-acab-50eb844557d7', 'd8c9164b-e73b-1b32-ab8b-50eb84f88a5e', '1ca1eb40-372a-27a2-bf44-5001d1ad9d91', '2013-01-08 11:29:57', 0),
('8c6081c8-059f-e4db-4758-50eb84b36369', 'd8c9164b-e73b-1b32-ab8b-50eb84f88a5e', 'e86510a2-302b-7c34-250d-5001d1fc1b41', '2013-01-08 11:29:57', 0),
('8cd3c264-6e4f-b5df-1cd7-50eb84c97b2b', 'd8c9164b-e73b-1b32-ab8b-50eb84f88a5e', '5ea7a466-203e-45f4-582c-5001d12b64db', '2013-01-08 11:29:57', 0),
('8d47de96-d35d-229e-6eb0-50eb8474392b', 'd8c9164b-e73b-1b32-ab8b-50eb84f88a5e', 'sssssss-1111', '2013-01-08 11:29:57', 0),
('8de74793-7d9c-b1f4-1fd7-50eb84cfc445', 'd8c9164b-e73b-1b32-ab8b-50eb84f88a5e', 'bf737929-0509-7bfe-586f-500248ae9b81', '2013-01-08 11:29:57', 0),
('8e589769-5d54-d082-60e7-50eb843e2383', 'd8c9164b-e73b-1b32-ab8b-50eb84f88a5e', '28e74451-24cc-c806-9642-5001d0f926d9', '2013-01-08 11:29:57', 0),
('8ec1597a-eb8b-3f0d-312d-50eb8417fb36', 'd8c9164b-e73b-1b32-ab8b-50eb84f88a5e', 'bb0d4d73-13a4-b000-36a6-5001d0094cb6', '2013-01-08 11:29:57', 0),
('8f2d8a43-c4c2-232d-fc21-50eb849c7d55', 'd8c9164b-e73b-1b32-ab8b-50eb84f88a5e', '49caa19d-9872-3095-6bd4-5001d0aa692d', '2013-01-08 11:29:57', 0),
('8f90a495-f3b3-f315-2cad-50eb84d23c87', 'd8c9164b-e73b-1b32-ab8b-50eb84f88a5e', 'b0845182-f1bc-145f-0560-5001d0cbee2a', '2013-01-08 11:29:57', 0),
('8fefb56e-e0a3-a33b-644a-50eb84e7d906', 'd8c9164b-e73b-1b32-ab8b-50eb84f88a5e', 'a312c57a-0e45-6f65-0402-5001d1e84f1d', '2013-01-08 11:29:57', 0),
('90523be3-ecd9-c72a-2772-50eb840ef6e2', 'd8c9164b-e73b-1b32-ab8b-50eb84f88a5e', 'a32c39d6-45da-a750-6e4d-5001d0bd7a8d', '2013-01-08 11:29:57', 0),
('90ae72c2-fad4-887f-81fc-50eb84967c91', 'd8c9164b-e73b-1b32-ab8b-50eb84f88a5e', '5bc40075-3911-d52a-a0f8-5001d15a06e5', '2013-01-08 11:29:57', 0),
('8035b44b-fcdd-b19d-23a6-50eb85d7683e', '65c6671f-62d3-54e1-54cc-50eb856639cc', 'c083c4e8-6f1d-24ea-fd47-5001d0b9910f', '2013-01-08 11:34:25', 0),
('812c6609-a945-d539-da11-50eb85a467ee', '65c6671f-62d3-54e1-54cc-50eb856639cc', 'c387f0ac-5700-6490-3264-5001d1127ee7', '2013-01-08 11:34:25', 0),
('81d7b7ed-e967-cbe4-6daf-50eb85d363b2', '65c6671f-62d3-54e1-54cc-50eb856639cc', '1ca1eb40-372a-27a2-bf44-5001d1ad9d91', '2013-01-08 11:34:25', 0),
('8279a168-1307-a14f-ccf9-50eb855c1054', '65c6671f-62d3-54e1-54cc-50eb856639cc', 'e86510a2-302b-7c34-250d-5001d1fc1b41', '2013-01-08 11:34:25', 0),
('82f3d085-42f6-2d74-a5b4-50eb8560a355', '65c6671f-62d3-54e1-54cc-50eb856639cc', '5ea7a466-203e-45f4-582c-5001d12b64db', '2013-01-08 11:34:25', 0),
('836ed2b7-c1b8-1dce-8b65-50eb85b66015', '65c6671f-62d3-54e1-54cc-50eb856639cc', 'sssssss-1111', '2013-01-08 11:34:25', 0),
('83e4e44d-4e18-85de-4400-50eb8562a591', '65c6671f-62d3-54e1-54cc-50eb856639cc', 'bf737929-0509-7bfe-586f-500248ae9b81', '2013-01-08 11:34:25', 0),
('8459d2ad-f562-aeef-5f6a-50eb8582b142', '65c6671f-62d3-54e1-54cc-50eb856639cc', '28e74451-24cc-c806-9642-5001d0f926d9', '2013-01-08 11:34:25', 0),
('84cf5ce1-93fe-a440-0423-50eb852bc5f3', '65c6671f-62d3-54e1-54cc-50eb856639cc', 'bb0d4d73-13a4-b000-36a6-5001d0094cb6', '2013-01-08 11:34:25', 0),
('85611a5b-0c06-19ed-5ac8-50eb859e2470', '65c6671f-62d3-54e1-54cc-50eb856639cc', '49caa19d-9872-3095-6bd4-5001d0aa692d', '2013-01-08 11:34:25', 0),
('85d83115-ce5d-046e-17ab-50eb851b3669', '65c6671f-62d3-54e1-54cc-50eb856639cc', 'b0845182-f1bc-145f-0560-5001d0cbee2a', '2013-01-08 11:34:25', 0),
('864ee55a-3bb5-8b7f-2616-50eb8562746c', '65c6671f-62d3-54e1-54cc-50eb856639cc', 'a312c57a-0e45-6f65-0402-5001d1e84f1d', '2013-01-08 11:34:25', 0),
('86c5e518-d3b2-cc2d-395d-50eb85ab993e', '65c6671f-62d3-54e1-54cc-50eb856639cc', 'a32c39d6-45da-a750-6e4d-5001d0bd7a8d', '2013-01-08 11:34:25', 0),
('873fa7d9-976c-a379-d648-50eb850ef57f', '65c6671f-62d3-54e1-54cc-50eb856639cc', '5bc40075-3911-d52a-a0f8-5001d15a06e5', '2013-01-08 11:34:25', 0),
('5ad268d4-993f-f3c3-2b33-50eb86f57e32', '7eaddef4-f973-134f-177e-50eb867dc5b2', 'c083c4e8-6f1d-24ea-fd47-5001d0b9910f', '2013-01-08 11:36:14', 0),
('5c279927-3553-afe6-dc5d-50eb86fa2473', '7eaddef4-f973-134f-177e-50eb867dc5b2', 'c387f0ac-5700-6490-3264-5001d1127ee7', '2013-01-08 11:36:14', 0),
('5ccd62f6-650b-7661-ec1c-50eb86d30c63', '7eaddef4-f973-134f-177e-50eb867dc5b2', '1ca1eb40-372a-27a2-bf44-5001d1ad9d91', '2013-01-08 11:36:14', 0),
('5d74cd5c-63db-0275-b6f6-50eb865d57f3', '7eaddef4-f973-134f-177e-50eb867dc5b2', 'e86510a2-302b-7c34-250d-5001d1fc1b41', '2013-01-08 11:36:14', 0),
('5e1bec58-c713-b980-15db-50eb86ce1b90', '7eaddef4-f973-134f-177e-50eb867dc5b2', '5ea7a466-203e-45f4-582c-5001d12b64db', '2013-01-08 11:36:14', 0),
('5ecbe98b-3fb0-1fd1-6858-50eb86513beb', '7eaddef4-f973-134f-177e-50eb867dc5b2', 'sssssss-1111', '2013-01-08 11:36:14', 0),
('5f72885a-19d0-d4e4-6a1b-50eb869b16c8', '7eaddef4-f973-134f-177e-50eb867dc5b2', 'bf737929-0509-7bfe-586f-500248ae9b81', '2013-01-08 11:36:14', 0),
('5ff12a8a-8bf0-2755-b0df-50eb86c4d077', '7eaddef4-f973-134f-177e-50eb867dc5b2', '28e74451-24cc-c806-9642-5001d0f926d9', '2013-01-08 11:36:14', 0),
('605c4b0a-f9bb-fa2f-85d5-50eb86abdd6c', '7eaddef4-f973-134f-177e-50eb867dc5b2', 'bb0d4d73-13a4-b000-36a6-5001d0094cb6', '2013-01-08 11:36:14', 0),
('60d79e8b-f800-fba0-54c6-50eb8603bf71', '7eaddef4-f973-134f-177e-50eb867dc5b2', '49caa19d-9872-3095-6bd4-5001d0aa692d', '2013-01-08 11:36:14', 0),
('6195f45e-49bd-96f0-0c31-50eb8639d9e0', '7eaddef4-f973-134f-177e-50eb867dc5b2', 'b0845182-f1bc-145f-0560-5001d0cbee2a', '2013-01-08 11:36:14', 0),
('623cb10e-4999-8e36-6ff7-50eb86c3080d', '7eaddef4-f973-134f-177e-50eb867dc5b2', 'a312c57a-0e45-6f65-0402-5001d1e84f1d', '2013-01-08 11:36:14', 0),
('62e243b8-c216-8b36-68ff-50eb8611ca2c', '7eaddef4-f973-134f-177e-50eb867dc5b2', 'a32c39d6-45da-a750-6e4d-5001d0bd7a8d', '2013-01-08 11:36:14', 0),
('638c79fe-2f91-485d-f6fa-50eb867f42be', '7eaddef4-f973-134f-177e-50eb867dc5b2', '5bc40075-3911-d52a-a0f8-5001d15a06e5', '2013-01-08 11:36:14', 0),
('5e031760-6abd-3d97-a607-50eb86c76bf2', '8b25000b-60ec-5811-90a7-50eb86695c05', 'c083c4e8-6f1d-24ea-fd47-5001d0b9910f', '2013-01-08 11:37:30', 0),
('5f41cb1e-2a17-10c7-6581-50eb86d05a2e', '8b25000b-60ec-5811-90a7-50eb86695c05', 'c387f0ac-5700-6490-3264-5001d1127ee7', '2013-01-08 11:37:30', 0),
('6006bec6-54eb-9210-55b9-50eb86826242', '8b25000b-60ec-5811-90a7-50eb86695c05', '1ca1eb40-372a-27a2-bf44-5001d1ad9d91', '2013-01-08 11:37:30', 0),
('60db973b-7036-72f2-ccde-50eb86e165e1', '8b25000b-60ec-5811-90a7-50eb86695c05', 'e86510a2-302b-7c34-250d-5001d1fc1b41', '2013-01-08 11:37:30', 0),
('6177dfa9-811f-42e8-6817-50eb8627b97f', '8b25000b-60ec-5811-90a7-50eb86695c05', '5ea7a466-203e-45f4-582c-5001d12b64db', '2013-01-08 11:37:30', 0),
('6205464d-369b-9fbb-90d1-50eb86b6110a', '8b25000b-60ec-5811-90a7-50eb86695c05', 'sssssss-1111', '2013-01-08 11:37:30', 0),
('629d9f29-fa00-a07f-655b-50eb862ccf30', '8b25000b-60ec-5811-90a7-50eb86695c05', 'bf737929-0509-7bfe-586f-500248ae9b81', '2013-01-08 11:37:30', 0),
('63393085-7dda-edc6-da6c-50eb86a04fac', '8b25000b-60ec-5811-90a7-50eb86695c05', '28e74451-24cc-c806-9642-5001d0f926d9', '2013-01-08 11:37:30', 0),
('63d34b19-912f-c7f3-ac7d-50eb86d1fbad', '8b25000b-60ec-5811-90a7-50eb86695c05', 'bb0d4d73-13a4-b000-36a6-5001d0094cb6', '2013-01-08 11:37:30', 0),
('646336d9-43ea-3eeb-6891-50eb8641956d', '8b25000b-60ec-5811-90a7-50eb86695c05', '49caa19d-9872-3095-6bd4-5001d0aa692d', '2013-01-08 11:37:30', 0),
('64e6591b-6e53-0312-6539-50eb8606d112', '8b25000b-60ec-5811-90a7-50eb86695c05', 'b0845182-f1bc-145f-0560-5001d0cbee2a', '2013-01-08 11:37:30', 0),
('657011a4-36db-8540-4901-50eb86d3f87a', '8b25000b-60ec-5811-90a7-50eb86695c05', 'a312c57a-0e45-6f65-0402-5001d1e84f1d', '2013-01-08 11:37:30', 0),
('660cfba1-c77d-970d-3cb0-50eb867e1cfa', '8b25000b-60ec-5811-90a7-50eb86695c05', 'a32c39d6-45da-a750-6e4d-5001d0bd7a8d', '2013-01-08 11:37:30', 0),
('6696a944-7378-e357-786a-50eb86e574ce', '8b25000b-60ec-5811-90a7-50eb86695c05', '5bc40075-3911-d52a-a0f8-5001d15a06e5', '2013-01-08 11:37:30', 0),
('30ddfce0-675b-caf5-d163-50eb86111aa9', 'd2a840f8-8b9a-fb1e-2f7b-50eb86225e2e', 'c083c4e8-6f1d-24ea-fd47-5001d0b9910f', '2013-01-08 11:38:12', 0),
('3337d8b6-fd8c-c7a8-7d24-50eb86af3d7b', 'd2a840f8-8b9a-fb1e-2f7b-50eb86225e2e', 'c387f0ac-5700-6490-3264-5001d1127ee7', '2013-01-08 11:38:12', 0),
('339cb7ec-c781-f9c5-49ef-50eb86f282ee', 'd2a840f8-8b9a-fb1e-2f7b-50eb86225e2e', '1ca1eb40-372a-27a2-bf44-5001d1ad9d91', '2013-01-08 11:38:12', 0),
('33fdcce2-a44a-e0ba-6b0d-50eb86b518b1', 'd2a840f8-8b9a-fb1e-2f7b-50eb86225e2e', 'e86510a2-302b-7c34-250d-5001d1fc1b41', '2013-01-08 11:38:12', 0),
('347050bc-fbfd-c774-0603-50eb863894cb', 'd2a840f8-8b9a-fb1e-2f7b-50eb86225e2e', '5ea7a466-203e-45f4-582c-5001d12b64db', '2013-01-08 11:38:12', 0),
('34cd8e57-4eb9-8b7e-bc70-50eb8601950e', 'd2a840f8-8b9a-fb1e-2f7b-50eb86225e2e', 'sssssss-1111', '2013-01-08 11:38:12', 0),
('352c8122-1457-ccf7-7a5a-50eb865caabc', 'd2a840f8-8b9a-fb1e-2f7b-50eb86225e2e', 'bf737929-0509-7bfe-586f-500248ae9b81', '2013-01-08 11:38:12', 0),
('358d1b8e-34c7-1ede-6112-50eb86cb4d75', 'd2a840f8-8b9a-fb1e-2f7b-50eb86225e2e', '28e74451-24cc-c806-9642-5001d0f926d9', '2013-01-08 11:38:12', 0),
('35ea9937-a15c-90ec-1dc1-50eb8618e33f', 'd2a840f8-8b9a-fb1e-2f7b-50eb86225e2e', 'bb0d4d73-13a4-b000-36a6-5001d0094cb6', '2013-01-08 11:38:12', 0),
('3646e32a-caa1-13d2-3267-50eb86423245', 'd2a840f8-8b9a-fb1e-2f7b-50eb86225e2e', '49caa19d-9872-3095-6bd4-5001d0aa692d', '2013-01-08 11:38:12', 0),
('36a066df-8b4b-eed1-d2ce-50eb869f5a82', 'd2a840f8-8b9a-fb1e-2f7b-50eb86225e2e', 'b0845182-f1bc-145f-0560-5001d0cbee2a', '2013-01-08 11:38:12', 0),
('37022de2-b257-dc49-d907-50eb8660de4b', 'd2a840f8-8b9a-fb1e-2f7b-50eb86225e2e', 'a312c57a-0e45-6f65-0402-5001d1e84f1d', '2013-01-08 11:38:12', 0),
('375e460b-d68a-612f-2a96-50eb86b4d8b7', 'd2a840f8-8b9a-fb1e-2f7b-50eb86225e2e', 'a32c39d6-45da-a750-6e4d-5001d0bd7a8d', '2013-01-08 11:38:12', 0),
('37bd0a9e-54f3-ae05-2a49-50eb862d884b', 'd2a840f8-8b9a-fb1e-2f7b-50eb86225e2e', '5bc40075-3911-d52a-a0f8-5001d15a06e5', '2013-01-08 11:38:12', 0),
('3bd10eaf-d1e5-65cc-e4cd-50eb868aafb0', '71ca9351-bc9b-d4fa-1d8f-50eb8638a656', 'c083c4e8-6f1d-24ea-fd47-5001d0b9910f', '2013-01-08 11:39:15', 0),
('3ce64f96-d299-ae9f-fe56-50eb865e0605', '71ca9351-bc9b-d4fa-1d8f-50eb8638a656', 'c387f0ac-5700-6490-3264-5001d1127ee7', '2013-01-08 11:39:15', 0),
('3d7e664f-b907-f7bf-e867-50eb86dbd7f3', '71ca9351-bc9b-d4fa-1d8f-50eb8638a656', '1ca1eb40-372a-27a2-bf44-5001d1ad9d91', '2013-01-08 11:39:15', 0),
('3e0ebde4-3a64-0d3e-f23f-50eb86e95ddf', '71ca9351-bc9b-d4fa-1d8f-50eb8638a656', 'e86510a2-302b-7c34-250d-5001d1fc1b41', '2013-01-08 11:39:15', 0),
('3ea26557-009b-bd23-fbcc-50eb8673fc90', '71ca9351-bc9b-d4fa-1d8f-50eb8638a656', '5ea7a466-203e-45f4-582c-5001d12b64db', '2013-01-08 11:39:15', 0),
('3f35dc4e-27f0-30a2-b848-50eb8605cd44', '71ca9351-bc9b-d4fa-1d8f-50eb8638a656', 'sssssss-1111', '2013-01-08 11:39:15', 0),
('3fc75b10-4d5b-e5bb-8217-50eb8660f0fc', '71ca9351-bc9b-d4fa-1d8f-50eb8638a656', 'bf737929-0509-7bfe-586f-500248ae9b81', '2013-01-08 11:39:15', 0),
('4057be48-5301-ca3a-09d6-50eb8600e00c', '71ca9351-bc9b-d4fa-1d8f-50eb8638a656', '28e74451-24cc-c806-9642-5001d0f926d9', '2013-01-08 11:39:15', 0),
('40ea371f-b34f-62ec-04f8-50eb86c40706', '71ca9351-bc9b-d4fa-1d8f-50eb8638a656', 'bb0d4d73-13a4-b000-36a6-5001d0094cb6', '2013-01-08 11:39:15', 0),
('417d9f74-5608-6224-c988-50eb8638d126', '71ca9351-bc9b-d4fa-1d8f-50eb8638a656', '49caa19d-9872-3095-6bd4-5001d0aa692d', '2013-01-08 11:39:15', 0),
('4244350d-a400-5589-b879-50eb86920897', '71ca9351-bc9b-d4fa-1d8f-50eb8638a656', 'b0845182-f1bc-145f-0560-5001d0cbee2a', '2013-01-08 11:39:15', 0),
('43e5d206-ab9a-0ad7-f04a-50eb863f4fe3', '71ca9351-bc9b-d4fa-1d8f-50eb8638a656', 'a312c57a-0e45-6f65-0402-5001d1e84f1d', '2013-01-08 11:39:15', 0),
('4466279a-c53c-0ec2-a678-50eb869403d9', '71ca9351-bc9b-d4fa-1d8f-50eb8638a656', 'a32c39d6-45da-a750-6e4d-5001d0bd7a8d', '2013-01-08 11:39:15', 0),
('44e53da5-b2b9-3883-a22a-50eb86e0c5b8', '71ca9351-bc9b-d4fa-1d8f-50eb8638a656', '5bc40075-3911-d52a-a0f8-5001d15a06e5', '2013-01-08 11:39:15', 0),
('5b519854-eac0-5029-423e-50eb871e03a7', '863330d3-106f-3b1d-0efa-50eb87236cce', '687ec71c-1c7d-6c97-fc2a-4c889fc5d652', '2013-01-08 11:40:29', 1),
('5c27b517-a74c-0388-24e8-50eb87ee90e1', '863330d3-106f-3b1d-0efa-50eb87236cce', 'c083c4e8-6f1d-24ea-fd47-5001d0b9910f', '2013-01-08 11:40:22', 0),
('5c91c6e5-c5b8-e550-ad44-50eb8765f2ea', '863330d3-106f-3b1d-0efa-50eb87236cce', 'c387f0ac-5700-6490-3264-5001d1127ee7', '2013-01-08 11:40:22', 0),
('5cfad331-f048-d539-046c-50eb875adf9c', '863330d3-106f-3b1d-0efa-50eb87236cce', '1ca1eb40-372a-27a2-bf44-5001d1ad9d91', '2013-01-08 11:40:22', 0),
('5d68e547-4b1d-25a4-083c-50eb87a9bf6b', '863330d3-106f-3b1d-0efa-50eb87236cce', 'e86510a2-302b-7c34-250d-5001d1fc1b41', '2013-01-08 11:40:22', 0),
('5dd24aa7-1112-c3d4-78e6-50eb87c4619b', '863330d3-106f-3b1d-0efa-50eb87236cce', '5ea7a466-203e-45f4-582c-5001d12b64db', '2013-01-08 11:40:22', 0),
('5e3bf803-8426-f008-0037-50eb87837ed1', '863330d3-106f-3b1d-0efa-50eb87236cce', 'sssssss-1111', '2013-01-08 11:40:22', 0),
('5ea48731-bc53-5546-2893-50eb872dcb74', '863330d3-106f-3b1d-0efa-50eb87236cce', 'bf737929-0509-7bfe-586f-500248ae9b81', '2013-01-08 11:40:22', 0),
('5f0e65fd-5a2f-70fa-e860-50eb873330a2', '863330d3-106f-3b1d-0efa-50eb87236cce', '28e74451-24cc-c806-9642-5001d0f926d9', '2013-01-08 11:40:22', 0),
('5f78dd6b-7c0f-303f-e10e-50eb87366960', '863330d3-106f-3b1d-0efa-50eb87236cce', 'bb0d4d73-13a4-b000-36a6-5001d0094cb6', '2013-01-08 11:40:22', 0),
('5fe21c68-7477-063f-8d87-50eb879d656a', '863330d3-106f-3b1d-0efa-50eb87236cce', '49caa19d-9872-3095-6bd4-5001d0aa692d', '2013-01-08 11:40:22', 0),
('604caa2d-6b06-e8a7-5fbc-50eb87265433', '863330d3-106f-3b1d-0efa-50eb87236cce', 'b0845182-f1bc-145f-0560-5001d0cbee2a', '2013-01-08 11:40:22', 0),
('60bbecda-210a-be91-c9fe-50eb876c05d3', '863330d3-106f-3b1d-0efa-50eb87236cce', 'a312c57a-0e45-6f65-0402-5001d1e84f1d', '2013-01-08 11:40:22', 0),
('612918b4-2e31-b1b1-bbf7-50eb878ec534', '863330d3-106f-3b1d-0efa-50eb87236cce', 'a32c39d6-45da-a750-6e4d-5001d0bd7a8d', '2013-01-08 11:40:22', 0),
('61965a34-2f5d-48c4-c604-50eb871f5d8f', '863330d3-106f-3b1d-0efa-50eb87236cce', '5bc40075-3911-d52a-a0f8-5001d15a06e5', '2013-01-08 11:40:22', 0),
('4747bf5f-5155-ccc3-237e-50eb87d08bdb', 'a0cb51d7-600a-d522-8950-50eb87ba0ba0', 'c083c4e8-6f1d-24ea-fd47-5001d0b9910f', '2013-01-08 11:41:42', 0),
('48412f12-f707-73a3-ac65-50eb87323752', 'a0cb51d7-600a-d522-8950-50eb87ba0ba0', 'c387f0ac-5700-6490-3264-5001d1127ee7', '2013-01-08 11:41:42', 0),
('48d9a55d-a915-2346-e675-50eb877ce377', 'a0cb51d7-600a-d522-8950-50eb87ba0ba0', '1ca1eb40-372a-27a2-bf44-5001d1ad9d91', '2013-01-08 11:41:42', 0),
('495da29b-e172-75aa-7ca7-50eb87c5e823', 'a0cb51d7-600a-d522-8950-50eb87ba0ba0', 'e86510a2-302b-7c34-250d-5001d1fc1b41', '2013-01-08 11:41:42', 0),
('49d5e8e4-6891-74cc-ebdb-50eb87790cf7', 'a0cb51d7-600a-d522-8950-50eb87ba0ba0', '5ea7a466-203e-45f4-582c-5001d12b64db', '2013-01-08 11:41:42', 0),
('4a4d2b07-693a-82e1-12a8-50eb873ef6b2', 'a0cb51d7-600a-d522-8950-50eb87ba0ba0', 'sssssss-1111', '2013-01-08 11:41:42', 0),
('4ad3f97c-1617-193a-4c4a-50eb8717e579', 'a0cb51d7-600a-d522-8950-50eb87ba0ba0', 'bf737929-0509-7bfe-586f-500248ae9b81', '2013-01-08 11:41:42', 0),
('4b5a76df-8f51-5c95-d19e-50eb87de8ce0', 'a0cb51d7-600a-d522-8950-50eb87ba0ba0', '28e74451-24cc-c806-9642-5001d0f926d9', '2013-01-08 11:41:42', 0),
('4bd3c718-23a7-9ea7-1121-50eb87d32cac', 'a0cb51d7-600a-d522-8950-50eb87ba0ba0', 'bb0d4d73-13a4-b000-36a6-5001d0094cb6', '2013-01-08 11:41:42', 0),
('4c51c7d6-c897-f697-fb8a-50eb87f4c9f6', 'a0cb51d7-600a-d522-8950-50eb87ba0ba0', '49caa19d-9872-3095-6bd4-5001d0aa692d', '2013-01-08 11:41:42', 0),
('4cb2e81a-5f01-ca21-2761-50eb871dae61', 'a0cb51d7-600a-d522-8950-50eb87ba0ba0', 'b0845182-f1bc-145f-0560-5001d0cbee2a', '2013-01-08 11:41:42', 0),
('4d3fdce4-723b-00fc-a294-50eb8771d114', 'a0cb51d7-600a-d522-8950-50eb87ba0ba0', 'a312c57a-0e45-6f65-0402-5001d1e84f1d', '2013-01-08 11:41:42', 0),
('4dbdae39-d6df-796e-4388-50eb87cec964', 'a0cb51d7-600a-d522-8950-50eb87ba0ba0', 'a32c39d6-45da-a750-6e4d-5001d0bd7a8d', '2013-01-08 11:41:42', 0),
('4e3f63f1-1f0a-f672-4613-50eb87274e10', 'a0cb51d7-600a-d522-8950-50eb87ba0ba0', '5bc40075-3911-d52a-a0f8-5001d15a06e5', '2013-01-08 11:41:42', 0),
('e8b20f95-5a40-648e-de54-50eb87356157', '3a5a1b23-ac70-ed70-f58b-50eb87d01f9b', 'c083c4e8-6f1d-24ea-fd47-5001d0b9910f', '2013-01-08 11:42:33', 0),
('f8b80f15-8c01-ca63-c0f0-50eb871eae16', '3a5a1b23-ac70-ed70-f58b-50eb87d01f9b', 'c387f0ac-5700-6490-3264-5001d1127ee7', '2013-01-08 11:42:33', 0);
INSERT INTO `users_schools` (`id`, `user_id`, `school_id`, `date_modified`, `deleted`) VALUES
('ffbb0120-6f80-2570-b5be-50eb877b891a', '3a5a1b23-ac70-ed70-f58b-50eb87d01f9b', '1ca1eb40-372a-27a2-bf44-5001d1ad9d91', '2013-01-08 11:42:33', 0),
('106a6d6e-bb4d-7b86-7251-50eb8793dc63', '3a5a1b23-ac70-ed70-f58b-50eb87d01f9b', 'e86510a2-302b-7c34-250d-5001d1fc1b41', '2013-01-08 11:42:33', 0),
('10d82f6c-3452-7df1-145f-50eb87e7f1c9', '3a5a1b23-ac70-ed70-f58b-50eb87d01f9b', '5ea7a466-203e-45f4-582c-5001d12b64db', '2013-01-08 11:42:33', 0),
('11442433-c0ed-71bf-c2d1-50eb87f85564', '3a5a1b23-ac70-ed70-f58b-50eb87d01f9b', 'sssssss-1111', '2013-01-08 11:42:33', 0),
('11b20ddf-bf7f-6ad2-ce80-50eb8787209f', '3a5a1b23-ac70-ed70-f58b-50eb87d01f9b', 'bf737929-0509-7bfe-586f-500248ae9b81', '2013-01-08 11:42:33', 0),
('12220487-5b67-b425-6da0-50eb878a7074', '3a5a1b23-ac70-ed70-f58b-50eb87d01f9b', '28e74451-24cc-c806-9642-5001d0f926d9', '2013-01-08 11:42:33', 0),
('128f232e-117d-2f57-4edf-50eb87054c9e', '3a5a1b23-ac70-ed70-f58b-50eb87d01f9b', 'bb0d4d73-13a4-b000-36a6-5001d0094cb6', '2013-01-08 11:42:33', 0),
('12fb96b1-5223-b63a-5f86-50eb87af43aa', '3a5a1b23-ac70-ed70-f58b-50eb87d01f9b', '49caa19d-9872-3095-6bd4-5001d0aa692d', '2013-01-08 11:42:33', 0),
('136b2949-ffb8-b24f-e292-50eb87ddadf6', '3a5a1b23-ac70-ed70-f58b-50eb87d01f9b', 'b0845182-f1bc-145f-0560-5001d0cbee2a', '2013-01-08 11:42:33', 0),
('13d8fb72-a041-6e79-c7d7-50eb8736614a', '3a5a1b23-ac70-ed70-f58b-50eb87d01f9b', 'a312c57a-0e45-6f65-0402-5001d1e84f1d', '2013-01-08 11:42:33', 0),
('144617f5-bdde-490f-ed84-50eb878a494e', '3a5a1b23-ac70-ed70-f58b-50eb87d01f9b', 'a32c39d6-45da-a750-6e4d-5001d0bd7a8d', '2013-01-08 11:42:33', 0),
('14b2d98a-d464-374e-7987-50eb87dbaf0c', '3a5a1b23-ac70-ed70-f58b-50eb87d01f9b', '5bc40075-3911-d52a-a0f8-5001d15a06e5', '2013-01-08 11:42:33', 0),
('2b78876e-98f0-634a-9305-50eb87472674', 'c2978c18-8c3d-299d-8d82-50eb87c74920', 'c083c4e8-6f1d-24ea-fd47-5001d0b9910f', '2013-01-08 11:43:30', 0),
('2cb2a460-d3b4-0ab9-6d0b-50eb87d77d67', 'c2978c18-8c3d-299d-8d82-50eb87c74920', 'c387f0ac-5700-6490-3264-5001d1127ee7', '2013-01-08 11:43:30', 0),
('2d5116fd-d303-f284-2067-50eb87d21182', 'c2978c18-8c3d-299d-8d82-50eb87c74920', '1ca1eb40-372a-27a2-bf44-5001d1ad9d91', '2013-01-08 11:43:30', 0),
('2dc8c455-5637-999a-6196-50eb8710a4a4', 'c2978c18-8c3d-299d-8d82-50eb87c74920', 'e86510a2-302b-7c34-250d-5001d1fc1b41', '2013-01-08 11:43:30', 0),
('2e399951-9bcf-bb1e-e58c-50eb870a4570', 'c2978c18-8c3d-299d-8d82-50eb87c74920', '5ea7a466-203e-45f4-582c-5001d12b64db', '2013-01-08 11:43:30', 0),
('2eb3c59c-408b-294f-43cd-50eb8765abb0', 'c2978c18-8c3d-299d-8d82-50eb87c74920', 'sssssss-1111', '2013-01-08 11:43:30', 0),
('2f1f8653-1fdb-8f06-2205-50eb8799bcad', 'c2978c18-8c3d-299d-8d82-50eb87c74920', 'bf737929-0509-7bfe-586f-500248ae9b81', '2013-01-08 11:43:30', 0),
('2f8b8c12-1b8e-af75-2070-50eb8784a872', 'c2978c18-8c3d-299d-8d82-50eb87c74920', '28e74451-24cc-c806-9642-5001d0f926d9', '2013-01-08 11:43:30', 0),
('30382800-11c4-a477-3efb-50eb87474926', 'c2978c18-8c3d-299d-8d82-50eb87c74920', 'bb0d4d73-13a4-b000-36a6-5001d0094cb6', '2013-01-08 11:43:30', 0),
('30c6f620-2baa-09f8-87e0-50eb87dc4e04', 'c2978c18-8c3d-299d-8d82-50eb87c74920', '49caa19d-9872-3095-6bd4-5001d0aa692d', '2013-01-08 11:43:30', 0),
('312ec452-6968-d16e-c7b0-50eb87cedb37', 'c2978c18-8c3d-299d-8d82-50eb87c74920', 'b0845182-f1bc-145f-0560-5001d0cbee2a', '2013-01-08 11:43:30', 0),
('31a1edca-bd4d-de26-bb13-50eb878991de', 'c2978c18-8c3d-299d-8d82-50eb87c74920', 'a312c57a-0e45-6f65-0402-5001d1e84f1d', '2013-01-08 11:43:30', 0),
('320f84d4-7fb0-3bc2-fd64-50eb87139610', 'c2978c18-8c3d-299d-8d82-50eb87c74920', 'a32c39d6-45da-a750-6e4d-5001d0bd7a8d', '2013-01-08 11:43:30', 0),
('328482bd-f3e1-37d0-5306-50eb87e7f0a3', 'c2978c18-8c3d-299d-8d82-50eb87c74920', '5bc40075-3911-d52a-a0f8-5001d15a06e5', '2013-01-08 11:43:30', 0),
('316a6d4d-8efc-2429-fb2a-50fe273fe7f5', 'ba01204c-5a6f-dec2-0302-50ee24a94e7a', 'c083c4e8-6f1d-24ea-fd47-5001d0b9910f', '2013-01-22 14:44:49', 0),
('34383d86-237f-b946-d813-50fe2704678c', 'ba01204c-5a6f-dec2-0302-50ee24a94e7a', 'c387f0ac-5700-6490-3264-5001d1127ee7', '2013-01-22 14:44:49', 0),
('34ddba80-cb6c-1322-1a5e-50fe279d4212', 'ba01204c-5a6f-dec2-0302-50ee24a94e7a', '1ca1eb40-372a-27a2-bf44-5001d1ad9d91', '2013-01-22 14:44:49', 0),
('358d3db4-dad0-ed89-9333-50fe274de5ca', 'ba01204c-5a6f-dec2-0302-50ee24a94e7a', 'e86510a2-302b-7c34-250d-5001d1fc1b41', '2013-01-22 14:44:49', 0),
('362e2e94-5c1b-f05c-1671-50fe27fad72c', 'ba01204c-5a6f-dec2-0302-50ee24a94e7a', '5ea7a466-203e-45f4-582c-5001d12b64db', '2013-01-22 14:44:49', 0),
('36cbc5d6-8efc-7e60-a9be-50fe27fbb32a', 'ba01204c-5a6f-dec2-0302-50ee24a94e7a', 'sssssss-1111', '2013-01-22 14:44:49', 0),
('37687f4c-b6ac-b7f7-d1e6-50fe2785e348', 'ba01204c-5a6f-dec2-0302-50ee24a94e7a', 'bf737929-0509-7bfe-586f-500248ae9b81', '2013-01-22 14:44:49', 0),
('3805c872-6df3-9f1a-c1c5-50fe277d05ea', 'ba01204c-5a6f-dec2-0302-50ee24a94e7a', '28e74451-24cc-c806-9642-5001d0f926d9', '2013-01-22 14:44:49', 0),
('38a34018-e402-fdde-ddc4-50fe2777d697', 'ba01204c-5a6f-dec2-0302-50ee24a94e7a', 'bb0d4d73-13a4-b000-36a6-5001d0094cb6', '2013-01-22 14:44:49', 0),
('3941ba79-f61c-10bc-7f52-50fe27cecbb4', 'ba01204c-5a6f-dec2-0302-50ee24a94e7a', '49caa19d-9872-3095-6bd4-5001d0aa692d', '2013-01-22 14:44:49', 0),
('39e77611-dc6d-2513-4660-50fe27ad2858', 'ba01204c-5a6f-dec2-0302-50ee24a94e7a', 'b0845182-f1bc-145f-0560-5001d0cbee2a', '2013-01-22 14:44:49', 0),
('3a852b9c-c740-966f-94ba-50fe27ab9df1', 'ba01204c-5a6f-dec2-0302-50ee24a94e7a', 'a312c57a-0e45-6f65-0402-5001d1e84f1d', '2013-01-22 14:44:49', 0),
('3bf4cac5-4da6-c1e2-e392-50fe271b8926', 'ba01204c-5a6f-dec2-0302-50ee24a94e7a', 'a32c39d6-45da-a750-6e4d-5001d0bd7a8d', '2013-01-22 14:44:49', 0),
('3c94ef15-b442-7bbe-c171-50fe27c13f92', 'ba01204c-5a6f-dec2-0302-50ee24a94e7a', '5bc40075-3911-d52a-a0f8-5001d15a06e5', '2013-01-22 14:44:49', 0),
('797fa167-ae42-99ad-fba2-51088cb3cce8', 'a0a77081-c87a-bfa3-294a-51088cc28418', '687ec71c-1c7d-6c97-fc2a-4c889fc5d652', '2013-01-30 11:58:33', 0),
('7cd20e0c-4666-bfaf-9f49-51088cddb04f', 'a0a77081-c87a-bfa3-294a-51088cc28418', 'c083c4e8-6f1d-24ea-fd47-5001d0b9910f', '2013-01-30 11:58:33', 0),
('7e05ad5d-6306-f7c4-b2ea-51088ca31498', 'a0a77081-c87a-bfa3-294a-51088cc28418', 'c387f0ac-5700-6490-3264-5001d1127ee7', '2013-01-30 11:58:33', 0),
('7ec054c1-01f3-d06a-3abc-51088c7ee8a1', 'a0a77081-c87a-bfa3-294a-51088cc28418', '1ca1eb40-372a-27a2-bf44-5001d1ad9d91', '2013-01-30 11:58:33', 0),
('7f790644-514a-749e-e4f5-51088c3600a1', 'a0a77081-c87a-bfa3-294a-51088cc28418', 'e86510a2-302b-7c34-250d-5001d1fc1b41', '2013-01-30 11:58:33', 0),
('8033103b-dc80-d9ec-7b10-51088c7d6703', 'a0a77081-c87a-bfa3-294a-51088cc28418', '5ea7a466-203e-45f4-582c-5001d12b64db', '2013-01-30 11:58:33', 0),
('80e36711-1383-d4c6-a25a-51088c1073e9', 'a0a77081-c87a-bfa3-294a-51088cc28418', 'sssssss-1111', '2013-01-30 11:58:33', 0),
('819b55ff-046e-0343-7527-51088cf0317d', 'a0a77081-c87a-bfa3-294a-51088cc28418', 'bf737929-0509-7bfe-586f-500248ae9b81', '2013-01-30 11:58:33', 0),
('8254d445-59a8-ffdc-62a5-51088c3f1511', 'a0a77081-c87a-bfa3-294a-51088cc28418', '28e74451-24cc-c806-9642-5001d0f926d9', '2013-01-30 11:58:33', 0),
('83108896-e83c-db23-259a-51088ca52b31', 'a0a77081-c87a-bfa3-294a-51088cc28418', 'bb0d4d73-13a4-b000-36a6-5001d0094cb6', '2013-01-30 11:58:33', 0),
('83c81d04-2af3-9c88-d943-51088cc72498', 'a0a77081-c87a-bfa3-294a-51088cc28418', '49caa19d-9872-3095-6bd4-5001d0aa692d', '2013-01-30 11:58:33', 0),
('847e381a-e478-0d60-f7bb-51088c09e6fe', 'a0a77081-c87a-bfa3-294a-51088cc28418', 'b0845182-f1bc-145f-0560-5001d0cbee2a', '2013-01-30 11:58:33', 0),
('853a8bde-566a-2178-2df0-51088c03c696', 'a0a77081-c87a-bfa3-294a-51088cc28418', 'a312c57a-0e45-6f65-0402-5001d1e84f1d', '2013-01-30 11:58:33', 0),
('8614d1ef-ebb7-088b-56cb-51088cbabd09', 'a0a77081-c87a-bfa3-294a-51088cc28418', 'a32c39d6-45da-a750-6e4d-5001d0bd7a8d', '2013-01-30 11:58:33', 0),
('86cf9663-a588-4664-59e8-51088c9bc1e7', 'a0a77081-c87a-bfa3-294a-51088cc28418', '5bc40075-3911-d52a-a0f8-5001d15a06e5', '2013-01-30 11:58:33', 0),
('3d3cb5ad-17c6-3ccc-b1d0-5110c87b2706', '7822a720-e764-5845-a896-5110c8cc2b83', '687ec71c-1c7d-6c97-fc2a-4c889fc5d652', '2013-02-05 17:52:07', 0),
('4345ca0b-0a21-d0b1-c4a2-5110c8e37612', '7822a720-e764-5845-a896-5110c8cc2b83', 'c083c4e8-6f1d-24ea-fd47-5001d0b9910f', '2013-02-05 17:52:07', 0),
('44d27eb5-f17e-b63b-f935-5110c8ecea59', '7822a720-e764-5845-a896-5110c8cc2b83', 'c387f0ac-5700-6490-3264-5001d1127ee7', '2013-02-05 17:52:07', 0),
('453533bf-5ef0-3ad4-dd10-5110c8609a28', '7822a720-e764-5845-a896-5110c8cc2b83', '1ca1eb40-372a-27a2-bf44-5001d1ad9d91', '2013-02-05 17:52:07', 0),
('4586e98c-4fe3-996b-86d3-5110c884a6a4', '7822a720-e764-5845-a896-5110c8cc2b83', 'e86510a2-302b-7c34-250d-5001d1fc1b41', '2013-02-05 17:52:07', 0),
('45d503b3-ecef-847f-31bd-5110c872d33b', '7822a720-e764-5845-a896-5110c8cc2b83', '5ea7a466-203e-45f4-582c-5001d12b64db', '2013-02-05 17:52:07', 0),
('4651a05b-0288-fec4-b5ef-5110c8b3b4a1', '7822a720-e764-5845-a896-5110c8cc2b83', 'sssssss-1111', '2013-02-05 17:52:07', 0),
('46b1c9a6-ae37-5300-df4f-5110c8fbf420', '7822a720-e764-5845-a896-5110c8cc2b83', 'bf737929-0509-7bfe-586f-500248ae9b81', '2013-02-05 17:52:07', 0),
('47788ed3-aaba-3c0e-4704-5110c8043fb8', '7822a720-e764-5845-a896-5110c8cc2b83', '28e74451-24cc-c806-9642-5001d0f926d9', '2013-02-05 17:52:07', 0),
('47cdced6-4ec6-47e0-7bfd-5110c81d02df', '7822a720-e764-5845-a896-5110c8cc2b83', 'bb0d4d73-13a4-b000-36a6-5001d0094cb6', '2013-02-05 17:52:07', 0),
('4820c693-ee57-6690-c4d3-5110c8e24c6d', '7822a720-e764-5845-a896-5110c8cc2b83', '49caa19d-9872-3095-6bd4-5001d0aa692d', '2013-02-05 17:52:07', 0),
('48740e62-a13b-10cb-a21f-5110c864dee7', '7822a720-e764-5845-a896-5110c8cc2b83', 'b0845182-f1bc-145f-0560-5001d0cbee2a', '2013-02-05 17:52:07', 0),
('48bfb63a-f9ae-79b5-b66d-5110c8cc1a33', '7822a720-e764-5845-a896-5110c8cc2b83', 'a312c57a-0e45-6f65-0402-5001d1e84f1d', '2013-02-05 17:52:07', 0),
('490b582f-7510-0d1e-9e62-5110c84e508c', '7822a720-e764-5845-a896-5110c8cc2b83', 'a32c39d6-45da-a750-6e4d-5001d0bd7a8d', '2013-02-05 17:52:07', 0),
('4996154b-1a4e-002d-3b28-5110c879906a', '7822a720-e764-5845-a896-5110c8cc2b83', '5bc40075-3911-d52a-a0f8-5001d15a06e5', '2013-02-05 17:52:07', 0);

-- --------------------------------------------------------

--
