-- Table structure for table `productcategory`
--

CREATE TABLE IF NOT EXISTS `productcategory` (
  `id` char(36) NOT NULL default '',
  `deleted` tinyint(1) NOT NULL default '0',
  `date_entered` datetime NOT NULL default '0000-00-00 00:00:00',
  `date_modified` datetime NOT NULL default '0000-00-00 00:00:00',
  `modified_user_id` char(36) NOT NULL default '',
  `created_by` char(36) default NULL,
  `name` char(100) NOT NULL default '',
  `list_order` int(4) default NULL,
  `status` char(25) default NULL,
  PRIMARY KEY  (`id`)
) ENGINE=MyISAM DEFAULT CHARSET=utf8;

--
-- Dumping data for table `productcategory`
--

INSERT INTO `productcategory` (`id`, `deleted`, `date_entered`, `date_modified`, `modified_user_id`, `created_by`, `name`, `list_order`, `status`) VALUES
('761200a7-2208-4570-1fe2-502098f3c982', 0, '2012-08-07 13:25:42', '2012-10-10 20:30:25', 'a437cc11-564c-e5c4-3ff0-4c88c6961e3b', 'a437cc11-564c-e5c4-3ff0-4c88c6961e3b', '共通', 1, NULL),
('3555023f-c8e1-b9e2-1a4d-502098643be2', 0, '2012-08-07 13:26:11', '2012-10-10 20:30:33', 'a437cc11-564c-e5c4-3ff0-4c88c6961e3b', 'a437cc11-564c-e5c4-3ff0-4c88c6961e3b', '東京', 2, NULL),
('29064a16-9063-d378-0705-50654f710041', 0, '2012-09-28 16:20:53', '2012-10-10 20:30:46', 'a437cc11-564c-e5c4-3ff0-4c88c6961e3b', 'a437cc11-564c-e5c4-3ff0-4c88c6961e3b', '大阪', 3, NULL),
('f2cd4fcf-c38b-8c91-85a3-50755cdbaaf9', 0, '2012-10-10 20:30:49', '2012-10-10 20:30:49', 'a437cc11-564c-e5c4-3ff0-4c88c6961e3b', 'a437cc11-564c-e5c4-3ff0-4c88c6961e3b', '名古屋', 4, NULL),
('6268f057-5ab9-c229-6db7-50763e2086b6', 0, '2012-10-11 12:37:10', '2012-10-11 12:37:20', 'a437cc11-564c-e5c4-3ff0-4c88c6961e3b', 'a437cc11-564c-e5c4-3ff0-4c88c6961e3b', '九州', 5, NULL),
('14a40514-d15d-d868-429e-50763e56f433', 0, '2012-10-11 12:37:30', '2012-10-11 12:37:30', 'a437cc11-564c-e5c4-3ff0-4c88c6961e3b', 'a437cc11-564c-e5c4-3ff0-4c88c6961e3b', '西部', 6, NULL);

-- --------------------------------------------------------

--
-- Table structure for table `productinout`
--

CREATE TABLE IF NOT EXISTS `productinout` (
  `id` varchar(36) NOT NULL default '',
  `date_entered` datetime NOT NULL default '0000-00-00 00:00:00',
  `date_modified` datetime NOT NULL default '0000-00-00 00:00:00',
  `modified_user_id` varchar(36) default NULL,
  `created_by` varchar(36) default NULL,
  `deleted` tinyint(1) NOT NULL default '0',
  `name` varchar(255) default NULL,
  `product_id` varchar(36) default NULL,
  `category` varchar(16) default NULL,
  `price` decimal(20,2) NOT NULL default '0.00',
  `date_buy_sell` date default NULL,
  `quantity` int(5) NOT NULL default '0',
  `school_id` varchar(36) default NULL,
  `description` text,
  PRIMARY KEY  (`id`)
) ENGINE=MyISAM DEFAULT CHARSET=utf8;

--
-- Dumping data for table `productinout`
--


-- --------------------------------------------------------

--
-- Table structure for table `project`
--

CREATE TABLE IF NOT EXISTS `project` (
  `id` varchar(36) NOT NULL default '',
  `date_entered` datetime NOT NULL default '0000-00-00 00:00:00',
  `date_modified` datetime NOT NULL default '0000-00-00 00:00:00',
  `assigned_user_id` varchar(36) default NULL,
  `modified_user_id` varchar(36) default NULL,
  `created_by` varchar(36) default NULL,
  `name` varchar(50) NOT NULL default '',
  `description` text,
  `deleted` tinyint(1) NOT NULL default '0',
  PRIMARY KEY  (`id`)
) ENGINE=MyISAM DEFAULT CHARSET=utf8;

--
-- Dumping data for table `project`
--


-- --------------------------------------------------------

--
-- Table structure for table `project_relation`
--

CREATE TABLE IF NOT EXISTS `project_relation` (
  `id` varchar(36) NOT NULL default '',
  `project_id` varchar(36) NOT NULL default '',
  `relation_id` varchar(36) NOT NULL default '',
  `relation_type` varchar(255) NOT NULL default '',
  `deleted` tinyint(1) NOT NULL default '0',
  `date_modified` datetime NOT NULL default '0000-00-00 00:00:00',
  PRIMARY KEY  (`id`)
) ENGINE=MyISAM DEFAULT CHARSET=utf8;

--
-- Dumping data for table `project_relation`
--


-- --------------------------------------------------------

--
-- Table structure for table `project_task`
--

CREATE TABLE IF NOT EXISTS `project_task` (
  `id` varchar(36) NOT NULL default '',
  `date_entered` datetime NOT NULL default '0000-00-00 00:00:00',
  `date_modified` datetime NOT NULL default '0000-00-00 00:00:00',
  `assigned_user_id` varchar(36) default NULL,
  `modified_user_id` varchar(36) default NULL,
  `created_by` varchar(36) default NULL,
  `name` varchar(50) NOT NULL default '',
  `status` varchar(255) default NULL,
  `date_due` date default NULL,
  `time_due` time default NULL,
  `date_start` date default NULL,
  `time_start` time default NULL,
  `parent_id` varchar(36) NOT NULL default '',
  `priority` varchar(255) default NULL,
  `description` text,
  `order_number` int(11) default '1',
  `task_number` int(11) default NULL,
  `depends_on_id` varchar(36) default NULL,
  `milestone_flag` varchar(255) default NULL,
  `estimated_effort` int(11) default NULL,
  `actual_effort` int(11) default NULL,
  `utilization` int(11) default '100',
  `percent_complete` int(11) default '0',
  `deleted` tinyint(1) NOT NULL default '0',
  PRIMARY KEY  (`id`)
) ENGINE=MyISAM DEFAULT CHARSET=utf8;

--
-- Dumping data for table `project_task`
--


-- --------------------------------------------------------

--
-- Table structure for table `project_task_audit`
--

CREATE TABLE IF NOT EXISTS `project_task_audit` (
  `id` varchar(36) NOT NULL default '',
  `parent_id` varchar(36) NOT NULL default '',
  `date_created` datetime default NULL,
  `created_by` varchar(36) default NULL,
  `field_name` varchar(100) default NULL,
  `data_type` varchar(100) default NULL,
  `before_value_string` varchar(255) default NULL,
  `after_value_string` varchar(255) default NULL,
  `before_value_text` text,
  `after_value_text` text
) ENGINE=MyISAM DEFAULT CHARSET=utf8;

--
-- Dumping data for table `project_task_audit`
--


-- --------------------------------------------------------

--
-- Table structure for table `prospects`
--

CREATE TABLE IF NOT EXISTS `prospects` (
  `id` varchar(36) NOT NULL default '',
  `tracker_key` int(11) NOT NULL auto_increment,
  `deleted` tinyint(1) default '0',
  `date_entered` datetime NOT NULL default '0000-00-00 00:00:00',
  `date_modified` datetime NOT NULL default '0000-00-00 00:00:00',
  `modified_user_id` varchar(36) default NULL,
  `assigned_user_id` varchar(36) default NULL,
  `created_by` varchar(36) default NULL,
  `salutation` varchar(5) default NULL,
  `first_name` varchar(100) default NULL,
  `last_name` varchar(100) default NULL,
  `title` varchar(25) default NULL,
  `department` varchar(255) default NULL,
  `birthdate` date default NULL,
  `do_not_call` varchar(3) default '0',
  `phone_home` varchar(25) default NULL,
  `phone_mobile` varchar(25) default NULL,
  `phone_work` varchar(25) default NULL,
  `phone_other` varchar(25) default NULL,
  `phone_fax` varchar(25) default NULL,
  `email1` varchar(100) default NULL,
  `email2` varchar(100) default NULL,
  `assistant` varchar(75) default NULL,
  `assistant_phone` varchar(25) default NULL,
  `email_opt_out` varchar(3) default '0',
  `primary_address_street` varchar(150) default NULL,
  `primary_address_city` varchar(100) default NULL,
  `primary_address_state` varchar(100) default NULL,
  `primary_address_postalcode` varchar(20) default NULL,
  `primary_address_country` varchar(100) default NULL,
  `alt_address_street` varchar(150) default NULL,
  `alt_address_city` varchar(100) default NULL,
  `alt_address_state` varchar(100) default NULL,
  `alt_address_postalcode` varchar(20) default NULL,
  `alt_address_country` varchar(100) default NULL,
  `description` text,
  `invalid_email` tinyint(1) default '0',
  `lead_id` varchar(36) default NULL,
  `account_name` varchar(150) default NULL,
  PRIMARY KEY  (`id`),
  KEY `auto_tracker_key` (`tracker_key`),
  KEY `idx_prospects_last_first` (`last_name`,`first_name`,`deleted`),
  KEY `idx_prospecs_del_last` (`last_name`,`deleted`)
) ENGINE=MyISAM DEFAULT CHARSET=utf8 AUTO_INCREMENT=1 ;

--
-- Dumping data for table `prospects`
--


-- --------------------------------------------------------

--
-- Table structure for table `prospects_cstm`
--

CREATE TABLE IF NOT EXISTS `prospects_cstm` (
  `id_c` char(36) NOT NULL default '',
  `send_document_work_c` tinyint(1) default '1',
  `send_document_home_c` tinyint(1) default '1',
  PRIMARY KEY  (`id_c`)
) ENGINE=MyISAM DEFAULT CHARSET=utf8;

--
-- Dumping data for table `prospects_cstm`
--


-- --------------------------------------------------------

--
-- Table structure for table `prospect_lists`
--

CREATE TABLE IF NOT EXISTS `prospect_lists` (
  `id` varchar(36) NOT NULL default '',
  `school_id` varchar(36) default NULL,
  `name` varchar(50) default NULL,
  `list_type` varchar(25) default NULL,
  `date_entered` datetime default NULL,
  `date_modified` datetime default NULL,
  `modified_user_id` varchar(36) default NULL,
  `assigned_user_id` varchar(36) default NULL,
  `created_by` varchar(36) default NULL,
  `deleted` tinyint(1) NOT NULL default '0',
  `description` text,
  PRIMARY KEY  (`id`),
  KEY `idx_prospect_list_name` (`name`)
) ENGINE=MyISAM DEFAULT CHARSET=utf8;

--
-- Dumping data for table `prospect_lists`
--

INSERT INTO `prospect_lists` (`id`, `school_id`, `name`, `list_type`, `date_entered`, `date_modified`, `modified_user_id`, `assigned_user_id`, `created_by`, `deleted`, `description`) VALUES
('835802ce-5165-58ef-f0c6-5004ee7205ab', 'sssssss-1111', '名簿1', 'default', '2012-07-17 13:46:42', '2012-07-17 13:46:42', 'a437cc11-564c-e5c4-3ff0-4c88c6961e3b', 'a437cc11-564c-e5c4-3ff0-4c88c6961e3b', 'a437cc11-564c-e5c4-3ff0-4c88c6961e3b', 0, NULL),
('9e167472-ee96-e0ea-1614-502380ac1830', 'sssssss-1111', 'ラベル①', 'default', '2012-08-09 18:19:45', '2012-08-09 18:19:45', 'a437cc11-564c-e5c4-3ff0-4c88c6961e3b', 'a437cc11-564c-e5c4-3ff0-4c88c6961e3b', 'a437cc11-564c-e5c4-3ff0-4c88c6961e3b', 0, NULL),
('1a558535-f0ae-88f7-1aee-5062ad8cdff2', 'sssssss-1111', 'リスト１', 'default', '2012-09-26 16:22:18', '2012-09-26 16:22:18', 'a437cc11-564c-e5c4-3ff0-4c88c6961e3b', 'a437cc11-564c-e5c4-3ff0-4c88c6961e3b', 'a437cc11-564c-e5c4-3ff0-4c88c6961e3b', 0, NULL),
('1fc69368-ac18-4253-acd3-50650bc669b5', 'sssssss-1111', 'DM 2012年10月2日', 'default', '2012-09-28 11:27:45', '2012-09-28 11:27:45', 'a437cc11-564c-e5c4-3ff0-4c88c6961e3b', 'a437cc11-564c-e5c4-3ff0-4c88c6961e3b', 'a437cc11-564c-e5c4-3ff0-4c88c6961e3b', 0, NULL),
('13488017-a666-d6f0-9d2c-506a8fe03d62', 'sssssss-1111', '予約者', 'default', '2012-10-02 15:55:32', '2012-10-02 15:55:32', 'a437cc11-564c-e5c4-3ff0-4c88c6961e3b', 'a437cc11-564c-e5c4-3ff0-4c88c6961e3b', 'a437cc11-564c-e5c4-3ff0-4c88c6961e3b', 0, NULL),
('a896629c-e76f-9fa5-d3d3-506a92e066fd', 'sssssss-1111', '全受講者1002', 'default', '2012-10-02 16:05:00', '2012-10-02 16:05:00', 'a437cc11-564c-e5c4-3ff0-4c88c6961e3b', 'a437cc11-564c-e5c4-3ff0-4c88c6961e3b', 'a437cc11-564c-e5c4-3ff0-4c88c6961e3b', 0, NULL),
('86d645ec-f454-be47-cfb7-506a9275011a', 'sssssss-1111', 'メールアドレスあり', 'default', '2012-10-02 16:05:43', '2012-10-02 16:05:43', 'a437cc11-564c-e5c4-3ff0-4c88c6961e3b', 'a437cc11-564c-e5c4-3ff0-4c88c6961e3b', 'a437cc11-564c-e5c4-3ff0-4c88c6961e3b', 0, NULL),
('4edfc40f-c1cc-51cb-9096-506d5a6c66df', 'sssssss-1111', '10月9日開講講座', 'default', '2012-10-04 18:45:34', '2012-10-04 18:45:34', 'a437cc11-564c-e5c4-3ff0-4c88c6961e3b', 'a437cc11-564c-e5c4-3ff0-4c88c6961e3b', 'a437cc11-564c-e5c4-3ff0-4c88c6961e3b', 0, NULL),
('d0fa016d-0f46-38bf-1c24-506e48fd47a8', 'sssssss-1111', 'コピー 全受講者1002', 'default', '2012-10-03 01:05:00', '2012-10-05 11:39:56', 'a437cc11-564c-e5c4-3ff0-4c88c6961e3b', 'a437cc11-564c-e5c4-3ff0-4c88c6961e3b', 'a437cc11-564c-e5c4-3ff0-4c88c6961e3b', 0, NULL),
('a5a5c01c-28db-ee7a-e1b0-507aa2195270', 'sssssss-1111', '10/18 入会者（コンビニ）', 'default', '2012-10-14 20:32:02', '2012-10-14 20:32:02', '1', '1', '1', 0, NULL),
('b2161e86-c014-f1ce-0f9e-507fad1bfdc9', 'sssssss-1111', '名簿１', 'default', '2012-10-18 16:19:38', '2012-10-18 16:19:38', 'a437cc11-564c-e5c4-3ff0-4c88c6961e3b', 'a437cc11-564c-e5c4-3ff0-4c88c6961e3b', 'a437cc11-564c-e5c4-3ff0-4c88c6961e3b', 0, NULL),
('749caa3d-460d-4209-e54f-508f42b7944a', 'sssssss-1111', '教養講座リスト', 'default', '2012-10-30 11:58:49', '2012-10-30 11:58:49', 'a437cc11-564c-e5c4-3ff0-4c88c6961e3b', 'a437cc11-564c-e5c4-3ff0-4c88c6961e3b', 'a437cc11-564c-e5c4-3ff0-4c88c6961e3b', 0, NULL),
('b8716972-0e95-2497-a485-508f42d9075a', 'sssssss-1111', '新宿リスト', 'default', '2012-10-30 12:01:00', '2012-10-30 12:01:00', 'a437cc11-564c-e5c4-3ff0-4c88c6961e3b', 'a437cc11-564c-e5c4-3ff0-4c88c6961e3b', 'a437cc11-564c-e5c4-3ff0-4c88c6961e3b', 0, NULL),
('8c789629-2d51-8227-eeb4-508f433bdc67', 'sssssss-1111', 'リスト１', 'default', '2012-10-30 12:03:26', '2012-10-30 12:03:26', 'a437cc11-564c-e5c4-3ff0-4c88c6961e3b', 'a437cc11-564c-e5c4-3ff0-4c88c6961e3b', 'a437cc11-564c-e5c4-3ff0-4c88c6961e3b', 0, NULL),
('53c1990b-2eec-c9c3-fa0f-508f43d9f273', 'sssssss-1111', 'リスト１', 'default', '2012-10-30 12:04:02', '2012-10-30 12:04:02', 'a437cc11-564c-e5c4-3ff0-4c88c6961e3b', 'a437cc11-564c-e5c4-3ff0-4c88c6961e3b', 'a437cc11-564c-e5c4-3ff0-4c88c6961e3b', 0, NULL),
('8d377a59-4321-cdc3-f1f1-508f43e2fb1a', 'sssssss-1111', 'リスト', 'default', '2012-10-30 12:05:05', '2012-10-30 12:05:05', 'a437cc11-564c-e5c4-3ff0-4c88c6961e3b', 'a437cc11-564c-e5c4-3ff0-4c88c6961e3b', 'a437cc11-564c-e5c4-3ff0-4c88c6961e3b', 0, NULL),
('3e01f4e6-05d6-30a0-b41d-5099f3b33584', 'sssssss-1111', '名簿１', 'default', '2012-11-07 14:35:08', '2012-11-07 14:35:08', 'a437cc11-564c-e5c4-3ff0-4c88c6961e3b', 'a437cc11-564c-e5c4-3ff0-4c88c6961e3b', 'a437cc11-564c-e5c4-3ff0-4c88c6961e3b', 0, NULL),
('b9447fd2-06d2-acad-971f-5099f39ee995', 'sssssss-1111', '講師名簿1', 'default', '2012-11-07 14:35:31', '2012-11-07 14:35:31', 'a437cc11-564c-e5c4-3ff0-4c88c6961e3b', 'a437cc11-564c-e5c4-3ff0-4c88c6961e3b', 'a437cc11-564c-e5c4-3ff0-4c88c6961e3b', 0, NULL),
('bf5b89f1-2178-6971-7d48-509cc23e7363', 'sssssss-1111', '講師名簿', 'default', '2012-11-09 17:44:49', '2012-11-09 17:44:49', 'a437cc11-564c-e5c4-3ff0-4c88c6961e3b', 'a437cc11-564c-e5c4-3ff0-4c88c6961e3b', 'a437cc11-564c-e5c4-3ff0-4c88c6961e3b', 0, NULL),
('b004dbcc-b132-5872-afb8-50e676ba95b9', 'sssssss-1111', '講座リスト１', 'default', '2013-01-04 15:30:20', '2013-01-04 15:30:20', 'a437cc11-564c-e5c4-3ff0-4c88c6961e3b', 'a437cc11-564c-e5c4-3ff0-4c88c6961e3b', 'a437cc11-564c-e5c4-3ff0-4c88c6961e3b', 0, NULL),
('ce433217-3676-4b95-4692-5110b05a3b2c', 'sssssss-1111', 'test4', 'default', '2013-02-05 16:12:54', '2013-02-05 16:12:54', '1', '1', '1', 0, NULL),
('21efb24b-3953-4c25-c49f-5110b1ef5de8', 'sssssss-1111', 'test5', 'default', '2013-02-05 16:13:18', '2013-02-05 16:13:18', '1', '1', '1', 0, NULL),
('7e2d016c-72b5-6816-1a2d-5111f9a2885e', 'sssssss-1111', '私の講座', 'default', '2013-02-06 15:32:41', '2013-02-06 15:32:41', '3e24d200-6381-e2e7-31e6-50d93380f383', '3e24d200-6381-e2e7-31e6-50d93380f383', '3e24d200-6381-e2e7-31e6-50d93380f383', 0, NULL),
('b5b26903-f2e8-1c16-b82b-5113550ebe06', 'sssssss-1111', 'ＤＭ１', 'default', '2013-02-07 16:17:48', '2013-02-07 16:17:48', '3e24d200-6381-e2e7-31e6-50d93380f383', '3e24d200-6381-e2e7-31e6-50d93380f383', '3e24d200-6381-e2e7-31e6-50d93380f383', 0, NULL),
('506f0636-f6b3-0239-2126-5119c92fa14a', 'sssssss-1111', '港', 'default', '2013-02-12 13:49:50', '2013-02-12 13:49:50', '7822a720-e764-5845-a896-5110c8cc2b83', '7822a720-e764-5845-a896-5110c8cc2b83', '7822a720-e764-5845-a896-5110c8cc2b83', 0, NULL);

-- --------------------------------------------------------

--
-- Table structure for table `prospect_lists_prospects`
--

CREATE TABLE IF NOT EXISTS `prospect_lists_prospects` (
  `id` varchar(36) NOT NULL default '',
  `prospect_list_id` varchar(36) default NULL,
  `related_id` varchar(36) default NULL,
  `related_type` varchar(25) default NULL,
  `date_modified` datetime default NULL,
  `deleted` tinyint(1) default '0',
  PRIMARY KEY  (`id`),
  KEY `idx_pro_id` (`prospect_list_id`),
  KEY `idx_realted_id` (`related_id`,`related_type`,`prospect_list_id`)
) ENGINE=MyISAM DEFAULT CHARSET=utf8;

--
-- Dumping data for table `prospect_lists_prospects`
--

INSERT INTO `prospect_lists_prospects` (`id`, `prospect_list_id`, `related_id`, `related_type`, `date_modified`, `deleted`) VALUES
('a0ea04dc-3bc7-bf4a-1568-5004eedb81ab', '835802ce-5165-58ef-f0c6-5004ee7205ab', 'd4e703c5-0ff5-7d76-7c14-5003ab88522f', 'Contacts', '2012-07-17 13:46:42', 0),
('b2f30b6d-b904-f26e-b317-5004ee9156c2', '835802ce-5165-58ef-f0c6-5004ee7205ab', 'b747d816-1e9f-8212-d718-5003ac9eded0', 'Contacts', '2012-07-17 13:46:42', 0),
('b73d08b7-864a-df6a-0c0e-5004ee9a6e40', '835802ce-5165-58ef-f0c6-5004ee7205ab', '89d512c9-e470-c88c-afc0-5003ac4d6b15', 'Contacts', '2012-07-17 13:46:42', 0),
('bb100fc6-3eb2-e40a-7d69-5004ee4df75f', '835802ce-5165-58ef-f0c6-5004ee7205ab', '3092bb3e-76bc-d5f5-aecb-5004d332271e', 'Contacts', '2012-07-17 13:46:42', 0),
('bf1c08e5-ea6a-68d3-dcec-5004ee225400', '835802ce-5165-58ef-f0c6-5004ee7205ab', 'cec9d354-90e4-a207-20a0-5004d43bbe9a', 'Contacts', '2012-07-17 13:46:42', 0),
('c3080fd7-ecb1-edd0-1cf8-5004eea1f5cc', '835802ce-5165-58ef-f0c6-5004ee7205ab', 'd0b2acf3-8ec4-286e-bd9e-5004d4e26421', 'Contacts', '2012-07-17 13:46:42', 0),
('c7c80397-edce-a834-9e6f-5004ee5b1342', '835802ce-5165-58ef-f0c6-5004ee7205ab', '2b61bf17-5042-f05c-55d5-5004d49910af', 'Contacts', '2012-07-17 13:46:42', 0),
('cbae0fe1-e228-242f-c576-5004eeb67be6', '835802ce-5165-58ef-f0c6-5004ee7205ab', '7178a73e-8e1b-99fe-e194-5004d4361e0d', 'Contacts', '2012-07-17 13:46:42', 0),
('cfa004c7-60cd-b973-7ed6-5004ee496e9d', '835802ce-5165-58ef-f0c6-5004ee7205ab', 'a043a256-4679-0943-2541-5004d427e00e', 'Contacts', '2012-07-17 13:46:42', 0),
('d3d10aef-0871-98ff-8309-5004ee0e92a5', '835802ce-5165-58ef-f0c6-5004ee7205ab', '86a10bcb-f1dd-9ef0-5d34-5004d5270f4f', 'Contacts', '2012-07-17 13:46:42', 0),
('d869032e-5069-8e08-b549-5004eeaf1fc2', '835802ce-5165-58ef-f0c6-5004ee7205ab', '9d443026-a727-b5e6-e93f-5004d5142dff', 'Contacts', '2012-07-17 13:46:42', 0),
('dc7f08c5-448c-20dc-53e9-5004eee932bc', '835802ce-5165-58ef-f0c6-5004ee7205ab', '6baeb924-cf3d-ae32-9be4-5004d587ec48', 'Contacts', '2012-07-17 13:46:42', 0),
('e0a80004-d6af-5489-d901-5004ee9ae833', '835802ce-5165-58ef-f0c6-5004ee7205ab', '46777e41-4201-ed80-d084-5004d581e1db', 'Contacts', '2012-07-17 13:46:42', 0),
('e4b607d3-b9eb-350d-3590-5004ee829f06', '835802ce-5165-58ef-f0c6-5004ee7205ab', '2c84ded9-f8e5-bb39-11f5-5004d6352e3b', 'Contacts', '2012-07-17 13:46:42', 0),
('e89e01ad-77cb-232a-e855-5004ee3ad5ad', '835802ce-5165-58ef-f0c6-5004ee7205ab', '49da9605-c827-09a5-5d50-5004d6bac735', 'Contacts', '2012-07-17 13:46:42', 0),
('a266fcdf-a4c1-71d2-a3e3-5023808da97c', '9e167472-ee96-e0ea-1614-502380ac1830', 'a043a256-4679-0943-2541-5004d427e00e', 'Contacts', '2012-08-09 18:19:45', 0),
('a363049e-54c5-c345-57ec-502380dd84a7', '9e167472-ee96-e0ea-1614-502380ac1830', 'd4e703c5-0ff5-7d76-7c14-5003ab88522f', 'Contacts', '2012-08-09 18:19:45', 0),
('a3a0de47-1102-e085-bdcb-5023805a2030', '9e167472-ee96-e0ea-1614-502380ac1830', '9d443026-a727-b5e6-e93f-5004d5142dff', 'Contacts', '2012-08-09 18:19:45', 0),
('a3e21fa2-3b30-452d-77d9-5023800c131a', '9e167472-ee96-e0ea-1614-502380ac1830', 'cec9d354-90e4-a207-20a0-5004d43bbe9a', 'Contacts', '2012-08-09 18:19:45', 0),
('a42a481b-ca9f-5a77-3f70-5023803c681c', '9e167472-ee96-e0ea-1614-502380ac1830', 'b747d816-1e9f-8212-d718-5003ac9eded0', 'Contacts', '2012-08-09 18:19:45', 0),
('a4671c39-2ed7-da87-cde4-502380591d2a', '9e167472-ee96-e0ea-1614-502380ac1830', '46777e41-4201-ed80-d084-5004d581e1db', 'Contacts', '2012-08-09 18:19:45', 0),
('a4a6c70a-0ad5-1bec-cd07-50238092d313', '9e167472-ee96-e0ea-1614-502380ac1830', '2c84ded9-f8e5-bb39-11f5-5004d6352e3b', 'Contacts', '2012-08-09 18:19:45', 0),
('a4ecbe35-a55e-595d-2385-502380e9aafe', '9e167472-ee96-e0ea-1614-502380ac1830', '89d512c9-e470-c88c-afc0-5003ac4d6b15', 'Contacts', '2012-08-09 18:19:45', 0),
('a5286551-aa30-3409-fc8c-5023808cd864', '9e167472-ee96-e0ea-1614-502380ac1830', '86a10bcb-f1dd-9ef0-5d34-5004d5270f4f', 'Contacts', '2012-08-09 18:19:45', 0),
('a563a3f8-1d2e-f1b5-199f-5023807f3539', '9e167472-ee96-e0ea-1614-502380ac1830', '2b61bf17-5042-f05c-55d5-5004d49910af', 'Contacts', '2012-08-09 18:19:45', 0),
('a5bc3fe4-2632-e13b-36ec-502380937650', '9e167472-ee96-e0ea-1614-502380ac1830', '6baeb924-cf3d-ae32-9be4-5004d587ec48', 'Contacts', '2012-08-09 18:19:45', 0),
('a640efed-0923-d239-2fb8-502380b79658', '9e167472-ee96-e0ea-1614-502380ac1830', '7178a73e-8e1b-99fe-e194-5004d4361e0d', 'Contacts', '2012-08-09 18:19:45', 0),
('a6cb2a25-4791-d17a-e5f2-5023806c143d', '9e167472-ee96-e0ea-1614-502380ac1830', '49da9605-c827-09a5-5d50-5004d6bac735', 'Contacts', '2012-08-09 18:19:45', 0),
('a755e319-1e58-fc89-bafb-502380bf6c08', '9e167472-ee96-e0ea-1614-502380ac1830', 'd0b2acf3-8ec4-286e-bd9e-5004d4e26421', 'Contacts', '2012-08-09 18:19:45', 0),
('a900e475-4e62-eebe-82a3-5023801b9f16', '9e167472-ee96-e0ea-1614-502380ac1830', '3092bb3e-76bc-d5f5-aecb-5004d332271e', 'Contacts', '2012-08-09 18:19:45', 0),
('1f782baf-1413-d4c1-9d80-5062ad94292a', '1a558535-f0ae-88f7-1aee-5062ad8cdff2', 'c5653712-0bf2-0639-f5e8-50238bb1f39e', 'Contacts', '2012-09-26 16:22:18', 0),
('20c758cd-e8c3-ceaa-8bfe-5062adfd4698', '1a558535-f0ae-88f7-1aee-5062ad8cdff2', '784cf9f6-6a6a-0c2d-17b9-5035b669eb89', 'Contacts', '2012-09-26 16:22:18', 0),
('212be82f-a19d-f9a6-4722-5062ad5a61b1', '1a558535-f0ae-88f7-1aee-5062ad8cdff2', 'd4e703c5-0ff5-7d76-7c14-5003ab88522f', 'Contacts', '2012-09-26 16:22:18', 0),
('218dbbd1-68fa-c212-1b0f-5062ad18d4ac', '1a558535-f0ae-88f7-1aee-5062ad8cdff2', 'b747d816-1e9f-8212-d718-5003ac9eded0', 'Contacts', '2012-09-26 16:22:18', 0),
('21ee4e4d-5be5-ef95-6075-5062ad5b2fd0', '1a558535-f0ae-88f7-1aee-5062ad8cdff2', '89d512c9-e470-c88c-afc0-5003ac4d6b15', 'Contacts', '2012-09-26 16:22:18', 0),
('225044df-55c7-54ff-0ac4-5062ad936966', '1a558535-f0ae-88f7-1aee-5062ad8cdff2', '3092bb3e-76bc-d5f5-aecb-5004d332271e', 'Contacts', '2012-09-26 16:22:18', 0),
('22b3a68c-1977-511e-1323-5062ad7f6dc4', '1a558535-f0ae-88f7-1aee-5062ad8cdff2', 'cec9d354-90e4-a207-20a0-5004d43bbe9a', 'Contacts', '2012-09-26 16:22:18', 0),
('23167ca7-c309-0509-4ba1-5062ad595d58', '1a558535-f0ae-88f7-1aee-5062ad8cdff2', 'd0b2acf3-8ec4-286e-bd9e-5004d4e26421', 'Contacts', '2012-09-26 16:22:18', 0),
('2377e3cc-6bc0-2c70-4f0c-5062adf3d711', '1a558535-f0ae-88f7-1aee-5062ad8cdff2', '2b61bf17-5042-f05c-55d5-5004d49910af', 'Contacts', '2012-09-26 16:22:18', 0),
('23d9efa0-8d31-20a9-e0fc-5062ad2c3354', '1a558535-f0ae-88f7-1aee-5062ad8cdff2', '7178a73e-8e1b-99fe-e194-5004d4361e0d', 'Contacts', '2012-09-26 16:22:18', 0),
('243928fa-e17b-8285-35d5-5062ad8a1d15', '1a558535-f0ae-88f7-1aee-5062ad8cdff2', 'a043a256-4679-0943-2541-5004d427e00e', 'Contacts', '2012-09-26 16:22:18', 0),
('249ed1f7-d209-b033-aa41-5062ad801eab', '1a558535-f0ae-88f7-1aee-5062ad8cdff2', '86a10bcb-f1dd-9ef0-5d34-5004d5270f4f', 'Contacts', '2012-09-26 16:22:18', 0),
('2500fed5-4b64-adf1-a2e0-5062adf9f917', '1a558535-f0ae-88f7-1aee-5062ad8cdff2', '9d443026-a727-b5e6-e93f-5004d5142dff', 'Contacts', '2012-09-26 16:22:18', 0),
('2563b39d-877b-770a-f585-5062ad30efdb', '1a558535-f0ae-88f7-1aee-5062ad8cdff2', '6baeb924-cf3d-ae32-9be4-5004d587ec48', 'Contacts', '2012-09-26 16:22:18', 0),
('25c7153b-7435-fb9e-f246-5062adf4feb8', '1a558535-f0ae-88f7-1aee-5062ad8cdff2', '46777e41-4201-ed80-d084-5004d581e1db', 'Contacts', '2012-09-26 16:22:18', 0),
('26298e26-c42c-3e21-c96d-5062ad83c216', '1a558535-f0ae-88f7-1aee-5062ad8cdff2', '2c84ded9-f8e5-bb39-11f5-5004d6352e3b', 'Contacts', '2012-09-26 16:22:18', 0),
('268dfbd8-5124-d589-6e91-5062ad23923b', '1a558535-f0ae-88f7-1aee-5062ad8cdff2', '49da9605-c827-09a5-5d50-5004d6bac735', 'Contacts', '2012-09-26 16:22:18', 0),
('e4920b04-b77a-77e8-df6b-50650ba48ca1', '1fc69368-ac18-4253-acd3-50650bc669b5', '784cf9f6-6a6a-0c2d-17b9-5035b669eb89', 'Contacts', '2012-09-28 11:27:53', 0),
('11fbfaa3-a0ed-c286-2e64-50650b6f903d', '1fc69368-ac18-4253-acd3-50650bc669b5', 'd0b2acf3-8ec4-286e-bd9e-5004d4e26421', 'Contacts', '2012-09-28 11:27:53', 0),
('128d4b61-6f87-c9ec-e675-50650be04151', '1fc69368-ac18-4253-acd3-50650bc669b5', 'b747d816-1e9f-8212-d718-5003ac9eded0', 'Contacts', '2012-09-28 11:27:53', 0),
('12f4ae31-030d-712c-2057-50650b0c938e', '1fc69368-ac18-4253-acd3-50650bc669b5', 'd4e703c5-0ff5-7d76-7c14-5003ab88522f', 'Contacts', '2012-09-28 11:27:53', 0),
('135fce68-be3f-908e-987e-50650b0dea8d', '1fc69368-ac18-4253-acd3-50650bc669b5', '9d443026-a727-b5e6-e93f-5004d5142dff', 'Contacts', '2012-09-28 11:27:53', 0),
('146ac440-0e71-b99b-5053-50650b176eba', '1fc69368-ac18-4253-acd3-50650bc669b5', 'a043a256-4679-0943-2541-5004d427e00e', 'Contacts', '2012-09-28 11:27:53', 0),
('14d20c04-984e-80e5-e776-50650b052dc3', '1fc69368-ac18-4253-acd3-50650bc669b5', 'cec9d354-90e4-a207-20a0-5004d43bbe9a', 'Contacts', '2012-09-28 11:27:53', 0),
('153b317d-99dc-e1fc-ca0f-50650bb3e7e1', '1fc69368-ac18-4253-acd3-50650bc669b5', '49da9605-c827-09a5-5d50-5004d6bac735', 'Contacts', '2012-09-28 11:27:53', 0),
('15a33798-314f-adbe-08a0-50650b861b44', '1fc69368-ac18-4253-acd3-50650bc669b5', '7178a73e-8e1b-99fe-e194-5004d4361e0d', 'Contacts', '2012-09-28 11:27:53', 0),
('160f7a1c-8a92-ebfa-b2c6-50650bae86c7', '1fc69368-ac18-4253-acd3-50650bc669b5', '3092bb3e-76bc-d5f5-aecb-5004d332271e', 'Contacts', '2012-09-28 11:27:53', 0),
('1678b415-3544-84ff-dc91-50650be48489', '1fc69368-ac18-4253-acd3-50650bc669b5', '89d512c9-e470-c88c-afc0-5003ac4d6b15', 'Contacts', '2012-09-28 11:27:53', 0),
('16e346a9-2cc4-3480-ad3b-50650bba3c42', '1fc69368-ac18-4253-acd3-50650bc669b5', '46777e41-4201-ed80-d084-5004d581e1db', 'Contacts', '2012-09-28 11:27:53', 0),
('174e2162-8478-9f18-6cee-50650bfebd3e', '1fc69368-ac18-4253-acd3-50650bc669b5', '6baeb924-cf3d-ae32-9be4-5004d587ec48', 'Contacts', '2012-09-28 11:27:53', 0),
('17b9bc26-8e0b-39ce-513d-50650b5114a8', '1fc69368-ac18-4253-acd3-50650bc669b5', '86a10bcb-f1dd-9ef0-5d34-5004d5270f4f', 'Contacts', '2012-09-28 11:27:53', 0),
('1823bf40-b020-9400-b4b7-50650bbb4f09', '1fc69368-ac18-4253-acd3-50650bc669b5', '2c84ded9-f8e5-bb39-11f5-5004d6352e3b', 'Contacts', '2012-09-28 11:27:53', 0),
('180b0fef-9cf7-069e-8b32-506a8f02243f', '13488017-a666-d6f0-9d2c-506a8fe03d62', '9d443026-a727-b5e6-e93f-5004d5142dff', 'Contacts', '2012-10-02 15:55:32', 0),
('a96d025f-e5e5-f37e-c9d6-506a923cfc2c', 'a896629c-e76f-9fa5-d3d3-506a92e066fd', 'c5653712-0bf2-0639-f5e8-50238bb1f39e', 'Contacts', '2012-10-05 11:28:52', 1),
('a9c97769-93af-7e9d-9976-506a92f9741d', 'a896629c-e76f-9fa5-d3d3-506a92e066fd', '784cf9f6-6a6a-0c2d-17b9-5035b669eb89', 'Contacts', '2012-10-02 16:05:00', 0),
('aa0cf6e4-50a0-07f8-a9fa-506a92e0110a', 'a896629c-e76f-9fa5-d3d3-506a92e066fd', 'efedd227-f4e4-7934-1daf-506a91fabddb', 'Contacts', '2012-10-02 16:05:00', 0),
('60060e9a-1525-0759-8a46-506d5a620d9e', '4edfc40f-c1cc-51cb-9096-506d5a6c66df', '6baeb924-cf3d-ae32-9be4-5004d587ec48', 'Contacts', '2012-10-04 18:45:34', 0),
('5fb042e0-6740-d94a-d3f6-506d5a6f46a9', '4edfc40f-c1cc-51cb-9096-506d5a6c66df', '9d443026-a727-b5e6-e93f-5004d5142dff', 'Contacts', '2012-10-04 18:45:34', 0),
('5f598c86-be0f-207c-e0bd-506d5ad0d1a8', '4edfc40f-c1cc-51cb-9096-506d5a6c66df', '86a10bcb-f1dd-9ef0-5d34-5004d5270f4f', 'Contacts', '2012-10-04 18:45:34', 0),
('5f035cc7-4c19-5f65-d6dd-506d5a5886f3', '4edfc40f-c1cc-51cb-9096-506d5a6c66df', 'a043a256-4679-0943-2541-5004d427e00e', 'Contacts', '2012-10-04 18:45:34', 0),
('5eabc8af-e475-1327-aee0-506d5ae97c99', '4edfc40f-c1cc-51cb-9096-506d5a6c66df', '7178a73e-8e1b-99fe-e194-5004d4361e0d', 'Contacts', '2012-10-04 18:45:34', 0),
('5e553157-3a88-599f-daf9-506d5a43d341', '4edfc40f-c1cc-51cb-9096-506d5a6c66df', '2b61bf17-5042-f05c-55d5-5004d49910af', 'Contacts', '2012-10-04 18:45:34', 0),
('5dbf2916-bf7e-43d6-b2e2-506d5a6d26d4', '4edfc40f-c1cc-51cb-9096-506d5a6c66df', 'd0b2acf3-8ec4-286e-bd9e-5004d4e26421', 'Contacts', '2012-10-04 18:45:34', 0),
('5d688f54-a870-40cb-24ad-506d5a5c083b', '4edfc40f-c1cc-51cb-9096-506d5a6c66df', 'cec9d354-90e4-a207-20a0-5004d43bbe9a', 'Contacts', '2012-10-04 18:45:34', 0),
('5d1408db-b8c7-d834-75f8-506d5a434074', '4edfc40f-c1cc-51cb-9096-506d5a6c66df', '3092bb3e-76bc-d5f5-aecb-5004d332271e', 'Contacts', '2012-10-04 18:45:34', 0),
('5cb61e3a-01e5-6999-398e-506d5a4e1cfd', '4edfc40f-c1cc-51cb-9096-506d5a6c66df', '89d512c9-e470-c88c-afc0-5003ac4d6b15', 'Contacts', '2012-10-04 18:45:34', 0),
('5a7501b1-da8a-d112-1006-506d5a0942c7', '4edfc40f-c1cc-51cb-9096-506d5a6c66df', 'b747d816-1e9f-8212-d718-5003ac9eded0', 'Contacts', '2012-10-04 18:45:34', 0),
('5a20101f-de01-267b-57fd-506d5a93cd28', '4edfc40f-c1cc-51cb-9096-506d5a6c66df', 'd4e703c5-0ff5-7d76-7c14-5003ab88522f', 'Contacts', '2012-10-04 18:45:34', 0),
('59ca4706-efaf-9eb7-80a9-506d5aba6a9d', '4edfc40f-c1cc-51cb-9096-506d5a6c66df', 'efedd227-f4e4-7934-1daf-506a91fabddb', 'Contacts', '2012-10-04 18:45:34', 0),
('58e36737-1548-b3a6-f605-506d5aa025c5', '4edfc40f-c1cc-51cb-9096-506d5a6c66df', '784cf9f6-6a6a-0c2d-17b9-5035b669eb89', 'Contacts', '2012-10-04 18:45:34', 0),
('55bc6402-34c5-42b5-19d4-506d5a8934c7', '4edfc40f-c1cc-51cb-9096-506d5a6c66df', 'c5653712-0bf2-0639-f5e8-50238bb1f39e', 'Contacts', '2012-10-04 18:45:34', 0),
('8731e570-5c54-1083-ecdf-506a923b8a47', '86d645ec-f454-be47-cfb7-506a9275011a', 'd4e703c5-0ff5-7d76-7c14-5003ab88522f', 'Contacts', '2012-10-02 16:05:43', 0),
('87a9b35c-fcfc-e199-1162-506a92080188', '86d645ec-f454-be47-cfb7-506a9275011a', 'b747d816-1e9f-8212-d718-5003ac9eded0', 'Contacts', '2012-10-02 16:05:43', 0),
('87fb9ac0-5d3f-683e-b695-506a92168487', '86d645ec-f454-be47-cfb7-506a9275011a', '89d512c9-e470-c88c-afc0-5003ac4d6b15', 'Contacts', '2012-10-02 16:05:43', 0),
('88478c44-a018-dc00-a2fc-506a9202178d', '86d645ec-f454-be47-cfb7-506a9275011a', '3092bb3e-76bc-d5f5-aecb-5004d332271e', 'Contacts', '2012-10-02 16:05:43', 0),
('8894691c-a4b2-a4bf-13d9-506a92fcaddb', '86d645ec-f454-be47-cfb7-506a9275011a', 'cec9d354-90e4-a207-20a0-5004d43bbe9a', 'Contacts', '2012-10-02 16:05:43', 0),
('88e183af-2dc0-51c9-207d-506a9290476c', '86d645ec-f454-be47-cfb7-506a9275011a', 'd0b2acf3-8ec4-286e-bd9e-5004d4e26421', 'Contacts', '2012-10-02 16:05:43', 0),
('892f005b-0ae9-84da-538c-506a92c159c8', '86d645ec-f454-be47-cfb7-506a9275011a', '2b61bf17-5042-f05c-55d5-5004d49910af', 'Contacts', '2012-10-02 16:05:43', 0),
('8980b4a5-bd3f-df45-ea06-506a92d7e102', '86d645ec-f454-be47-cfb7-506a9275011a', '7178a73e-8e1b-99fe-e194-5004d4361e0d', 'Contacts', '2012-10-02 16:05:43', 0),
('89d04305-cb23-6c6d-5609-506a9282ce65', '86d645ec-f454-be47-cfb7-506a9275011a', 'a043a256-4679-0943-2541-5004d427e00e', 'Contacts', '2012-10-02 16:05:43', 0),
('8a1ebf89-696d-9072-dcef-506a928fff63', '86d645ec-f454-be47-cfb7-506a9275011a', '86a10bcb-f1dd-9ef0-5d34-5004d5270f4f', 'Contacts', '2012-10-02 16:05:43', 0),
('8a6ed1f0-795e-e25d-88a1-506a9261b175', '86d645ec-f454-be47-cfb7-506a9275011a', '9d443026-a727-b5e6-e93f-5004d5142dff', 'Contacts', '2012-10-02 16:05:43', 0),
('8abc7ae0-7f86-578f-4d3a-506a9266a821', '86d645ec-f454-be47-cfb7-506a9275011a', '6baeb924-cf3d-ae32-9be4-5004d587ec48', 'Contacts', '2012-10-02 16:05:43', 0),
('8b0ab540-8325-d0bf-e312-506a9288f124', '86d645ec-f454-be47-cfb7-506a9275011a', '46777e41-4201-ed80-d084-5004d581e1db', 'Contacts', '2012-10-02 16:05:43', 0),
('8b5a1db1-fcf8-ebb6-01a3-506a92958f3d', '86d645ec-f454-be47-cfb7-506a9275011a', '2c84ded9-f8e5-bb39-11f5-5004d6352e3b', 'Contacts', '2012-10-02 16:05:43', 0),
('8ba75201-d9d7-8d38-8688-506a920470f8', '86d645ec-f454-be47-cfb7-506a9275011a', '49da9605-c827-09a5-5d50-5004d6bac735', 'Contacts', '2012-10-02 16:05:43', 0),
('609be118-d40f-5db8-8994-506d5a174b77', '4edfc40f-c1cc-51cb-9096-506d5a6c66df', '46777e41-4201-ed80-d084-5004d581e1db', 'Contacts', '2012-10-04 18:45:34', 0),
('6102e6b6-0d8a-2048-95e7-506d5ae684e1', '4edfc40f-c1cc-51cb-9096-506d5a6c66df', '2c84ded9-f8e5-bb39-11f5-5004d6352e3b', 'Contacts', '2012-10-04 18:45:34', 0),
('61556785-656b-c5d2-e73d-506d5a0385b7', '4edfc40f-c1cc-51cb-9096-506d5a6c66df', '49da9605-c827-09a5-5d50-5004d6bac735', 'Contacts', '2012-10-04 18:45:34', 0),
('f4470fe3-a172-74c1-467a-506e48d4bccf', 'd0fa016d-0f46-38bf-1c24-506e48fd47a8', '784cf9f6-6a6a-0c2d-17b9-5035b669eb89', 'Contacts', '2012-10-05 11:39:56', 0),
('1150249f-04fc-0100-5459-506e486459c5', 'd0fa016d-0f46-38bf-1c24-506e48fd47a8', 'efedd227-f4e4-7934-1daf-506a91fabddb', 'Contacts', '2012-10-05 11:39:56', 0),
('aaca5f9f-8af8-3f3f-ab13-507aa2d4eecc', 'a5a5c01c-28db-ee7a-e1b0-507aa2195270', '47beddef-d2a7-feb0-6fb9-5076631af215', 'Contacts', '2012-10-14 20:32:02', 0),
('ac839fae-1180-beb7-86ac-507aa29a2732', 'a5a5c01c-28db-ee7a-e1b0-507aa2195270', 'efedd227-f4e4-7934-1daf-506a91fabddb', 'Contacts', '2012-10-14 20:32:02', 0),
('acec17db-7b3b-ab62-f816-507aa2ddf97d', 'a5a5c01c-28db-ee7a-e1b0-507aa2195270', '49da9605-c827-09a5-5d50-5004d6bac735', 'Contacts', '2012-10-14 20:32:02', 0),
('ad41966d-090d-aafb-6922-507aa20dd365', 'a5a5c01c-28db-ee7a-e1b0-507aa2195270', '2c84ded9-f8e5-bb39-11f5-5004d6352e3b', 'Contacts', '2012-10-14 20:32:02', 0),
('ad98586e-b576-9b86-1fee-507aa2bcbe50', 'a5a5c01c-28db-ee7a-e1b0-507aa2195270', '46777e41-4201-ed80-d084-5004d581e1db', 'Contacts', '2012-10-14 20:32:02', 0),
('ade789bf-50a9-6937-48e9-507aa206bd66', 'a5a5c01c-28db-ee7a-e1b0-507aa2195270', '6baeb924-cf3d-ae32-9be4-5004d587ec48', 'Contacts', '2012-10-14 20:32:02', 0),
('ae5504c8-eb7f-06fd-a43f-507aa2d69212', 'a5a5c01c-28db-ee7a-e1b0-507aa2195270', '9d443026-a727-b5e6-e93f-5004d5142dff', 'Contacts', '2012-10-14 20:32:02', 0),
('aea9d226-4ba7-2f9c-bf8f-507aa207dc23', 'a5a5c01c-28db-ee7a-e1b0-507aa2195270', '86a10bcb-f1dd-9ef0-5d34-5004d5270f4f', 'Contacts', '2012-10-14 20:32:02', 0),
('aeffa499-312d-ddde-e054-507aa23a521c', 'a5a5c01c-28db-ee7a-e1b0-507aa2195270', 'a043a256-4679-0943-2541-5004d427e00e', 'Contacts', '2012-10-14 20:32:02', 0),
('af4d8ee4-3594-4eb2-41bb-507aa2d0decd', 'a5a5c01c-28db-ee7a-e1b0-507aa2195270', '7178a73e-8e1b-99fe-e194-5004d4361e0d', 'Contacts', '2012-10-14 20:32:02', 0),
('af9ab989-7d2a-9f36-3558-507aa2a68573', 'a5a5c01c-28db-ee7a-e1b0-507aa2195270', '2b61bf17-5042-f05c-55d5-5004d49910af', 'Contacts', '2012-10-14 20:32:02', 0),
('afed7ca6-28de-2f68-4501-507aa217407e', 'a5a5c01c-28db-ee7a-e1b0-507aa2195270', 'd0b2acf3-8ec4-286e-bd9e-5004d4e26421', 'Contacts', '2012-10-14 20:32:02', 0),
('b03b092a-3413-2513-6fbd-507aa2f12609', 'a5a5c01c-28db-ee7a-e1b0-507aa2195270', 'cec9d354-90e4-a207-20a0-5004d43bbe9a', 'Contacts', '2012-10-14 20:32:02', 0),
('b0d11fe8-79f1-e71f-2e31-507aa224e9b1', 'a5a5c01c-28db-ee7a-e1b0-507aa2195270', '3092bb3e-76bc-d5f5-aecb-5004d332271e', 'Contacts', '2012-10-14 20:32:02', 0),
('b128f6dd-5667-6373-2ca3-507aa23357f8', 'a5a5c01c-28db-ee7a-e1b0-507aa2195270', '89d512c9-e470-c88c-afc0-5003ac4d6b15', 'Contacts', '2012-10-14 20:32:02', 0),
('b17f8313-dbb3-2c41-5ed7-507aa253614c', 'a5a5c01c-28db-ee7a-e1b0-507aa2195270', 'b747d816-1e9f-8212-d718-5003ac9eded0', 'Contacts', '2012-10-14 20:32:02', 0),
('b1d42b0c-f733-8170-de14-507aa232d291', 'a5a5c01c-28db-ee7a-e1b0-507aa2195270', 'd4e703c5-0ff5-7d76-7c14-5003ab88522f', 'Contacts', '2012-10-14 20:32:02', 0),
('b22daf42-7e83-749d-4a7e-507aa26841ac', 'a5a5c01c-28db-ee7a-e1b0-507aa2195270', '784cf9f6-6a6a-0c2d-17b9-5035b669eb89', 'Contacts', '2012-10-14 20:32:02', 0),
('b28477c2-906c-ddcd-770c-507aa21264f4', 'a5a5c01c-28db-ee7a-e1b0-507aa2195270', 'c5653712-0bf2-0639-f5e8-50238bb1f39e', 'Contacts', '2012-10-14 20:32:02', 0),
('b5e28440-c858-fdb1-75b0-507fad2cbf24', 'b2161e86-c014-f1ce-0f9e-507fad1bfdc9', 'c5653712-0bf2-0639-f5e8-50238bb1f39e', 'Contacts', '2012-10-18 16:19:38', 0),
('b90d6055-e1dd-4126-9e16-507fadf12c41', 'b2161e86-c014-f1ce-0f9e-507fad1bfdc9', '784cf9f6-6a6a-0c2d-17b9-5035b669eb89', 'Contacts', '2012-10-18 16:19:38', 0),
('ba666012-abb9-098a-942b-507fada8cc7c', 'b2161e86-c014-f1ce-0f9e-507fad1bfdc9', 'efedd227-f4e4-7934-1daf-506a91fabddb', 'Contacts', '2012-10-18 16:19:38', 0),
('bab8abb1-2c37-1a67-f50f-507fad15a775', 'b2161e86-c014-f1ce-0f9e-507fad1bfdc9', '47beddef-d2a7-feb0-6fb9-5076631af215', 'Contacts', '2012-10-18 16:19:38', 0),
('bb06095f-fb1a-0cfd-c58f-507fad02dc06', 'b2161e86-c014-f1ce-0f9e-507fad1bfdc9', 'd4e703c5-0ff5-7d76-7c14-5003ab88522f', 'Contacts', '2012-10-18 16:19:38', 0),
('bb59e715-f5e9-cb9a-9719-507fad39fecf', 'b2161e86-c014-f1ce-0f9e-507fad1bfdc9', 'b747d816-1e9f-8212-d718-5003ac9eded0', 'Contacts', '2012-10-18 16:19:38', 0),
('bbb04410-3b86-f4c9-538d-507fad560555', 'b2161e86-c014-f1ce-0f9e-507fad1bfdc9', '89d512c9-e470-c88c-afc0-5003ac4d6b15', 'Contacts', '2012-10-18 16:19:38', 0),
('bce9bbc9-6456-3280-cbc6-507faddc84d8', 'b2161e86-c014-f1ce-0f9e-507fad1bfdc9', '3092bb3e-76bc-d5f5-aecb-5004d332271e', 'Contacts', '2012-10-18 16:19:38', 0),
('bd3d81d3-21d5-945e-da4e-507fad207b7d', 'b2161e86-c014-f1ce-0f9e-507fad1bfdc9', 'cec9d354-90e4-a207-20a0-5004d43bbe9a', 'Contacts', '2012-10-18 16:19:38', 0),
('bd8fe92c-9b5f-5f8a-2cae-507fadf6b4ef', 'b2161e86-c014-f1ce-0f9e-507fad1bfdc9', 'd0b2acf3-8ec4-286e-bd9e-5004d4e26421', 'Contacts', '2012-10-18 16:19:38', 0),
('bde1e3be-daef-f15b-912b-507fad1e46f7', 'b2161e86-c014-f1ce-0f9e-507fad1bfdc9', '2b61bf17-5042-f05c-55d5-5004d49910af', 'Contacts', '2012-10-18 16:19:38', 0),
('be342992-059f-f786-282c-507fad5f57ee', 'b2161e86-c014-f1ce-0f9e-507fad1bfdc9', '7178a73e-8e1b-99fe-e194-5004d4361e0d', 'Contacts', '2012-10-18 16:19:38', 0),
('be89acfc-3066-fbe5-2091-507fad0abbd3', 'b2161e86-c014-f1ce-0f9e-507fad1bfdc9', 'a043a256-4679-0943-2541-5004d427e00e', 'Contacts', '2012-10-18 16:19:38', 0),
('bed86689-28af-e492-328e-507fade90895', 'b2161e86-c014-f1ce-0f9e-507fad1bfdc9', '86a10bcb-f1dd-9ef0-5d34-5004d5270f4f', 'Contacts', '2012-10-18 16:19:38', 0),
('bf301606-38a5-4464-7f4a-507fad712269', 'b2161e86-c014-f1ce-0f9e-507fad1bfdc9', '9d443026-a727-b5e6-e93f-5004d5142dff', 'Contacts', '2012-10-18 16:19:38', 0),
('c03cc9f0-f7d8-9dd8-8faa-507fad1cc855', 'b2161e86-c014-f1ce-0f9e-507fad1bfdc9', '6baeb924-cf3d-ae32-9be4-5004d587ec48', 'Contacts', '2012-10-18 16:19:38', 0),
('c0aabe6a-98c1-325a-f62a-507fadf2af89', 'b2161e86-c014-f1ce-0f9e-507fad1bfdc9', '46777e41-4201-ed80-d084-5004d581e1db', 'Contacts', '2012-10-18 16:19:38', 0),
('c11732e2-c54d-5180-9c0e-507fad0275fd', 'b2161e86-c014-f1ce-0f9e-507fad1bfdc9', '2c84ded9-f8e5-bb39-11f5-5004d6352e3b', 'Contacts', '2012-10-18 16:19:38', 0),
('c182e956-cd6f-49c5-c201-507fad0cfe29', 'b2161e86-c014-f1ce-0f9e-507fad1bfdc9', '49da9605-c827-09a5-5d50-5004d6bac735', 'Contacts', '2012-10-18 16:19:38', 0),
('863e4c2c-561c-5434-1e3d-508f42eb547c', '749caa3d-460d-4209-e54f-508f42b7944a', '2c84ded9-f8e5-bb39-11f5-5004d6352e3b', 'Contacts', '2012-10-30 11:58:49', 0),
('87c17e2b-9e9b-7b27-c0ae-508f4287e485', '749caa3d-460d-4209-e54f-508f42b7944a', '89d512c9-e470-c88c-afc0-5003ac4d6b15', 'Contacts', '2012-10-30 11:58:49', 0),
('8858ee33-bf63-3bc3-dc77-508f422a8400', '749caa3d-460d-4209-e54f-508f42b7944a', '86a10bcb-f1dd-9ef0-5d34-5004d5270f4f', 'Contacts', '2012-10-30 11:58:49', 0),
('88eb73a0-cd32-341d-ea73-508f42a91774', '749caa3d-460d-4209-e54f-508f42b7944a', '46777e41-4201-ed80-d084-5004d581e1db', 'Contacts', '2012-10-30 11:58:49', 0),
('8b42eb2d-350a-a1c0-cde0-508f428f2650', '749caa3d-460d-4209-e54f-508f42b7944a', '6baeb924-cf3d-ae32-9be4-5004d587ec48', 'Contacts', '2012-10-30 11:58:49', 0),
('8c12f684-c128-a9a0-6531-508f4201e324', '749caa3d-460d-4209-e54f-508f42b7944a', '7178a73e-8e1b-99fe-e194-5004d4361e0d', 'Contacts', '2012-10-30 11:58:49', 0),
('8ca827c0-8516-9a1f-bf07-508f42ae5d89', '749caa3d-460d-4209-e54f-508f42b7944a', 'cec9d354-90e4-a207-20a0-5004d43bbe9a', 'Contacts', '2012-10-30 11:58:49', 0),
('8d3970d7-aeae-209b-6251-508f42e8c6fa', '749caa3d-460d-4209-e54f-508f42b7944a', '49da9605-c827-09a5-5d50-5004d6bac735', 'Contacts', '2012-10-30 11:58:49', 0),
('8e9da64f-bf03-01cc-ed41-508f42ec939b', '749caa3d-460d-4209-e54f-508f42b7944a', '3092bb3e-76bc-d5f5-aecb-5004d332271e', 'Contacts', '2012-10-30 11:58:49', 0),
('8fd6b09c-1143-ccfb-52ff-508f42bab70d', '749caa3d-460d-4209-e54f-508f42b7944a', 'a043a256-4679-0943-2541-5004d427e00e', 'Contacts', '2012-10-30 11:58:49', 0),
('9077fa5d-13fc-dfab-ec16-508f42d0c7bd', '749caa3d-460d-4209-e54f-508f42b7944a', 'b747d816-1e9f-8212-d718-5003ac9eded0', 'Contacts', '2012-10-30 11:58:49', 0),
('910d5071-4484-7368-4c4f-508f427b9125', '749caa3d-460d-4209-e54f-508f42b7944a', 'd4e703c5-0ff5-7d76-7c14-5003ab88522f', 'Contacts', '2012-10-30 11:58:49', 0),
('9555ef9f-6ae8-70b6-a8b9-508f427b7864', '749caa3d-460d-4209-e54f-508f42b7944a', 'd0b2acf3-8ec4-286e-bd9e-5004d4e26421', 'Contacts', '2012-10-30 11:58:49', 0),
('980d8257-6aab-1398-e36e-508f429a94ac', '749caa3d-460d-4209-e54f-508f42b7944a', 'c5653712-0bf2-0639-f5e8-50238bb1f39e', 'Contacts', '2012-10-30 11:58:49', 0),
('99ec48c7-fdb2-90da-8cfc-508f42944eac', '749caa3d-460d-4209-e54f-508f42b7944a', '2b61bf17-5042-f05c-55d5-5004d49910af', 'Contacts', '2012-10-30 11:58:49', 0),
('b8b0da08-d16a-8ce3-1d06-508f429661bf', 'b8716972-0e95-2497-a485-508f42d9075a', 'c5653712-0bf2-0639-f5e8-50238bb1f39e', 'Contacts', '2012-10-30 12:01:00', 0),
('b94cbd59-6576-b547-ba1a-508f426fd1ed', 'b8716972-0e95-2497-a485-508f42d9075a', 'efedd227-f4e4-7934-1daf-506a91fabddb', 'Contacts', '2012-10-30 12:01:00', 0),
('b9a8323e-f898-55dc-bac6-508f42bb58f3', 'b8716972-0e95-2497-a485-508f42d9075a', '47beddef-d2a7-feb0-6fb9-5076631af215', 'Contacts', '2012-10-30 12:01:00', 0),
('b9fbb999-7a7c-e192-7ec9-508f42a6ebe5', 'b8716972-0e95-2497-a485-508f42d9075a', 'f2c30a9e-195b-8ed9-a6d4-507fb1fa8d02', 'Contacts', '2012-10-30 12:01:00', 0),
('ba529af3-4ba3-9cc8-354c-508f427dd3e3', 'b8716972-0e95-2497-a485-508f42d9075a', 'd4e703c5-0ff5-7d76-7c14-5003ab88522f', 'Contacts', '2012-10-30 12:01:00', 0),
('baa98da1-5a7d-2c87-2137-508f42959b8e', 'b8716972-0e95-2497-a485-508f42d9075a', 'b747d816-1e9f-8212-d718-5003ac9eded0', 'Contacts', '2012-10-30 12:01:00', 0),
('bb026824-e745-331d-3e13-508f427e9062', 'b8716972-0e95-2497-a485-508f42d9075a', '89d512c9-e470-c88c-afc0-5003ac4d6b15', 'Contacts', '2012-10-30 12:01:00', 0),
('bb592263-5662-2dde-641d-508f427c5007', 'b8716972-0e95-2497-a485-508f42d9075a', '3092bb3e-76bc-d5f5-aecb-5004d332271e', 'Contacts', '2012-10-30 12:01:00', 0),
('bbaf5f3a-0acb-9ac3-b432-508f42373e31', 'b8716972-0e95-2497-a485-508f42d9075a', 'cec9d354-90e4-a207-20a0-5004d43bbe9a', 'Contacts', '2012-10-30 12:01:00', 0),
('bcd08142-a29d-d881-ea45-508f426233f2', 'b8716972-0e95-2497-a485-508f42d9075a', 'd0b2acf3-8ec4-286e-bd9e-5004d4e26421', 'Contacts', '2012-10-30 12:01:00', 0),
('bd29d2bf-c7b9-120a-4a20-508f42db3233', 'b8716972-0e95-2497-a485-508f42d9075a', '2b61bf17-5042-f05c-55d5-5004d49910af', 'Contacts', '2012-10-30 12:01:00', 0),
('bd81f34c-a579-273f-59f1-508f4275a7ad', 'b8716972-0e95-2497-a485-508f42d9075a', '7178a73e-8e1b-99fe-e194-5004d4361e0d', 'Contacts', '2012-10-30 12:01:00', 0),
('bdd99f6e-a1db-fa2e-8085-508f420e917c', 'b8716972-0e95-2497-a485-508f42d9075a', 'a043a256-4679-0943-2541-5004d427e00e', 'Contacts', '2012-10-30 12:01:00', 0),
('be304df3-d452-20e6-0ab8-508f42a506bb', 'b8716972-0e95-2497-a485-508f42d9075a', '86a10bcb-f1dd-9ef0-5d34-5004d5270f4f', 'Contacts', '2012-10-30 12:01:00', 0),
('bf420c3b-91a8-7ffa-ed5b-508f42754d32', 'b8716972-0e95-2497-a485-508f42d9075a', '9d443026-a727-b5e6-e93f-5004d5142dff', 'Contacts', '2012-10-30 12:01:00', 0),
('bfa06c0d-b384-358c-96a2-508f4269cbe0', 'b8716972-0e95-2497-a485-508f42d9075a', '6baeb924-cf3d-ae32-9be4-5004d587ec48', 'Contacts', '2012-10-30 12:01:00', 0),
('bff93c02-1e02-5241-21b9-508f426e8fbe', 'b8716972-0e95-2497-a485-508f42d9075a', '46777e41-4201-ed80-d084-5004d581e1db', 'Contacts', '2012-10-30 12:01:00', 0),
('c050f684-38ed-112e-2375-508f426f383d', 'b8716972-0e95-2497-a485-508f42d9075a', '2c84ded9-f8e5-bb39-11f5-5004d6352e3b', 'Contacts', '2012-10-30 12:01:00', 0),
('c0a80b52-9881-aeea-6799-508f42e4f56a', 'b8716972-0e95-2497-a485-508f42d9075a', '49da9605-c827-09a5-5d50-5004d6bac735', 'Contacts', '2012-10-30 12:01:00', 0),
('8d038f4d-1371-5833-8dfb-508f4360bfdd', '8c789629-2d51-8227-eeb4-508f433bdc67', 'c5653712-0bf2-0639-f5e8-50238bb1f39e', 'Contacts', '2012-10-30 12:03:26', 0),
('8d9fa019-9fc3-2c4d-f71e-508f4324d727', '8c789629-2d51-8227-eeb4-508f433bdc67', '784cf9f6-6a6a-0c2d-17b9-5035b669eb89', 'Contacts', '2012-10-30 12:03:26', 0),
('8e50fa1b-6379-5b3e-0328-508f43e1f151', '8c789629-2d51-8227-eeb4-508f433bdc67', 'efedd227-f4e4-7934-1daf-506a91fabddb', 'Contacts', '2012-10-30 12:03:26', 0),
('8eb9cbc8-4f77-6c2b-5a3a-508f4381275d', '8c789629-2d51-8227-eeb4-508f433bdc67', '47beddef-d2a7-feb0-6fb9-5076631af215', 'Contacts', '2012-10-30 12:03:26', 0),
('8f206354-3c83-e80f-8ddc-508f4355989c', '8c789629-2d51-8227-eeb4-508f433bdc67', 'f2c30a9e-195b-8ed9-a6d4-507fb1fa8d02', 'Contacts', '2012-10-30 12:03:26', 0),
('8f837bd3-94ff-afe5-ac32-508f43d900c7', '8c789629-2d51-8227-eeb4-508f433bdc67', 'd4e703c5-0ff5-7d76-7c14-5003ab88522f', 'Contacts', '2012-10-30 12:03:26', 0),
('900349c5-9f02-5f81-0fff-508f435ee0db', '8c789629-2d51-8227-eeb4-508f433bdc67', 'b747d816-1e9f-8212-d718-5003ac9eded0', 'Contacts', '2012-10-30 12:03:26', 0),
('906e2f1c-4792-8417-9bf6-508f43a1f562', '8c789629-2d51-8227-eeb4-508f433bdc67', '89d512c9-e470-c88c-afc0-5003ac4d6b15', 'Contacts', '2012-10-30 12:03:26', 0),
('90d567fe-0984-4730-b3a3-508f431a2d63', '8c789629-2d51-8227-eeb4-508f433bdc67', '3092bb3e-76bc-d5f5-aecb-5004d332271e', 'Contacts', '2012-10-30 12:03:26', 0),
('913d6b1e-3ed3-7594-ced5-508f436241a7', '8c789629-2d51-8227-eeb4-508f433bdc67', 'cec9d354-90e4-a207-20a0-5004d43bbe9a', 'Contacts', '2012-10-30 12:03:26', 0),
('91a28b76-ad01-5afb-cc66-508f43a58c02', '8c789629-2d51-8227-eeb4-508f433bdc67', 'd0b2acf3-8ec4-286e-bd9e-5004d4e26421', 'Contacts', '2012-10-30 12:03:26', 0),
('92071ede-989a-b398-24f0-508f4359fae6', '8c789629-2d51-8227-eeb4-508f433bdc67', '2b61bf17-5042-f05c-55d5-5004d49910af', 'Contacts', '2012-10-30 12:03:26', 0),
('926c77e7-b857-40a1-2fee-508f432696ab', '8c789629-2d51-8227-eeb4-508f433bdc67', '7178a73e-8e1b-99fe-e194-5004d4361e0d', 'Contacts', '2012-10-30 12:03:26', 0),
('92d51529-d211-726a-683b-508f431d8914', '8c789629-2d51-8227-eeb4-508f433bdc67', 'a043a256-4679-0943-2541-5004d427e00e', 'Contacts', '2012-10-30 12:03:26', 0),
('93371b1a-327e-b10d-4976-508f431ece78', '8c789629-2d51-8227-eeb4-508f433bdc67', '86a10bcb-f1dd-9ef0-5d34-5004d5270f4f', 'Contacts', '2012-10-30 12:03:26', 0),
('939f2199-276e-0c44-8c6d-508f433f08c0', '8c789629-2d51-8227-eeb4-508f433bdc67', '9d443026-a727-b5e6-e93f-5004d5142dff', 'Contacts', '2012-10-30 12:03:26', 0),
('94072d99-8c30-9105-7015-508f435fbaa7', '8c789629-2d51-8227-eeb4-508f433bdc67', '6baeb924-cf3d-ae32-9be4-5004d587ec48', 'Contacts', '2012-10-30 12:03:26', 0),
('946be5cb-d37d-caae-936d-508f43af0f3c', '8c789629-2d51-8227-eeb4-508f433bdc67', '46777e41-4201-ed80-d084-5004d581e1db', 'Contacts', '2012-10-30 12:03:26', 0),
('94d15174-ef18-4053-90ea-508f434aeeb3', '8c789629-2d51-8227-eeb4-508f433bdc67', '2c84ded9-f8e5-bb39-11f5-5004d6352e3b', 'Contacts', '2012-10-30 12:03:26', 0),
('95528613-5126-6de5-a684-508f4328c1b6', '8c789629-2d51-8227-eeb4-508f433bdc67', '49da9605-c827-09a5-5d50-5004d6bac735', 'Contacts', '2012-10-30 12:03:26', 0),
('5e1710f2-c2c4-b43e-f0c0-508f43d29141', '53c1990b-2eec-c9c3-fa0f-508f43d9f273', 'c5653712-0bf2-0639-f5e8-50238bb1f39e', 'Contacts', '2012-10-30 12:04:02', 0),
('6895f80b-583f-a667-fedb-508f43ca9bcd', '53c1990b-2eec-c9c3-fa0f-508f43d9f273', '784cf9f6-6a6a-0c2d-17b9-5035b669eb89', 'Contacts', '2012-10-30 12:04:02', 0),
('73168d09-c27e-77d6-6701-508f430597ef', '53c1990b-2eec-c9c3-fa0f-508f43d9f273', 'efedd227-f4e4-7934-1daf-506a91fabddb', 'Contacts', '2012-10-30 12:04:02', 0),
('7d93ef07-c995-05e3-f278-508f4329d669', '53c1990b-2eec-c9c3-fa0f-508f43d9f273', '47beddef-d2a7-feb0-6fb9-5076631af215', 'Contacts', '2012-10-30 12:04:02', 0),
('91d73900-7839-0f17-83d5-508f431851f4', '53c1990b-2eec-c9c3-fa0f-508f43d9f273', 'f2c30a9e-195b-8ed9-a6d4-507fb1fa8d02', 'Contacts', '2012-10-30 12:04:02', 0),
('92ae9533-4a95-5413-1864-508f430919a7', '53c1990b-2eec-c9c3-fa0f-508f43d9f273', 'd4e703c5-0ff5-7d76-7c14-5003ab88522f', 'Contacts', '2012-10-30 12:04:02', 0),
('9315f5c9-fa18-cbd7-0cd6-508f43b8437a', '53c1990b-2eec-c9c3-fa0f-508f43d9f273', 'b747d816-1e9f-8212-d718-5003ac9eded0', 'Contacts', '2012-10-30 12:04:02', 0),
('9379b256-62ae-a8e6-b373-508f439f084a', '53c1990b-2eec-c9c3-fa0f-508f43d9f273', '89d512c9-e470-c88c-afc0-5003ac4d6b15', 'Contacts', '2012-10-30 12:04:02', 0),
('93df4575-c106-d3c7-1de7-508f439b5a0b', '53c1990b-2eec-c9c3-fa0f-508f43d9f273', '3092bb3e-76bc-d5f5-aecb-5004d332271e', 'Contacts', '2012-10-30 12:04:02', 0),
('944bdc4a-714b-6a5c-e104-508f437f9e84', '53c1990b-2eec-c9c3-fa0f-508f43d9f273', 'cec9d354-90e4-a207-20a0-5004d43bbe9a', 'Contacts', '2012-10-30 12:04:02', 0),
('94b1f21b-e18c-a5a4-cc69-508f43801729', '53c1990b-2eec-c9c3-fa0f-508f43d9f273', 'd0b2acf3-8ec4-286e-bd9e-5004d4e26421', 'Contacts', '2012-10-30 12:04:02', 0),
('95166472-78bd-8070-dd0f-508f4333f695', '53c1990b-2eec-c9c3-fa0f-508f43d9f273', '2b61bf17-5042-f05c-55d5-5004d49910af', 'Contacts', '2012-10-30 12:04:02', 0),
('957be23a-6b8c-2bd3-6f9f-508f43f34e69', '53c1990b-2eec-c9c3-fa0f-508f43d9f273', '7178a73e-8e1b-99fe-e194-5004d4361e0d', 'Contacts', '2012-10-30 12:04:02', 0),
('95e16986-de0f-6ae7-f8ca-508f43fe6617', '53c1990b-2eec-c9c3-fa0f-508f43d9f273', 'a043a256-4679-0943-2541-5004d427e00e', 'Contacts', '2012-10-30 12:04:02', 0),
('964722ff-77ed-562a-4093-508f434f4cf4', '53c1990b-2eec-c9c3-fa0f-508f43d9f273', '86a10bcb-f1dd-9ef0-5d34-5004d5270f4f', 'Contacts', '2012-10-30 12:04:02', 0),
('96abae3c-1e5b-c77f-2309-508f4337ac61', '53c1990b-2eec-c9c3-fa0f-508f43d9f273', '9d443026-a727-b5e6-e93f-5004d5142dff', 'Contacts', '2012-10-30 12:04:02', 0),
('97115861-951b-5b80-f1eb-508f4309ec77', '53c1990b-2eec-c9c3-fa0f-508f43d9f273', '6baeb924-cf3d-ae32-9be4-5004d587ec48', 'Contacts', '2012-10-30 12:04:02', 0),
('9776d6cf-1a19-75e9-49d1-508f437e6a18', '53c1990b-2eec-c9c3-fa0f-508f43d9f273', '46777e41-4201-ed80-d084-5004d581e1db', 'Contacts', '2012-10-30 12:04:02', 0),
('97dfffa8-a442-39b6-5e5d-508f43646985', '53c1990b-2eec-c9c3-fa0f-508f43d9f273', '2c84ded9-f8e5-bb39-11f5-5004d6352e3b', 'Contacts', '2012-10-30 12:04:02', 0),
('9849aa26-244c-cb1d-129b-508f434b3b90', '53c1990b-2eec-c9c3-fa0f-508f43d9f273', '49da9605-c827-09a5-5d50-5004d6bac735', 'Contacts', '2012-10-30 12:04:02', 0),
('8e49a648-7679-86c8-c20c-508f4335f6f6', '8d377a59-4321-cdc3-f1f1-508f43e2fb1a', 'c5653712-0bf2-0639-f5e8-50238bb1f39e', 'Contacts', '2012-10-30 12:05:05', 0),
('8f278a01-6419-31c8-0c60-508f4389722c', '8d377a59-4321-cdc3-f1f1-508f43e2fb1a', 'efedd227-f4e4-7934-1daf-506a91fabddb', 'Contacts', '2012-10-30 12:05:05', 0),
('8fa56f15-59bf-0f16-53da-508f439bf538', '8d377a59-4321-cdc3-f1f1-508f43e2fb1a', '47beddef-d2a7-feb0-6fb9-5076631af215', 'Contacts', '2012-10-30 12:05:05', 0),
('8fee2a7e-4e32-736c-2fc5-508f43de7e28', '8d377a59-4321-cdc3-f1f1-508f43e2fb1a', 'f2c30a9e-195b-8ed9-a6d4-507fb1fa8d02', 'Contacts', '2012-10-30 12:05:05', 0),
('9042aded-b005-ca63-ec2d-508f43fcbd4a', '8d377a59-4321-cdc3-f1f1-508f43e2fb1a', 'd4e703c5-0ff5-7d76-7c14-5003ab88522f', 'Contacts', '2012-10-30 12:05:05', 0),
('90d8a848-956e-9d34-a523-508f437c0cce', '8d377a59-4321-cdc3-f1f1-508f43e2fb1a', 'b747d816-1e9f-8212-d718-5003ac9eded0', 'Contacts', '2012-10-30 12:05:05', 0),
('9156be8d-4f73-2568-e637-508f43074806', '8d377a59-4321-cdc3-f1f1-508f43e2fb1a', '89d512c9-e470-c88c-afc0-5003ac4d6b15', 'Contacts', '2012-10-30 12:05:05', 0),
('91d4b95b-73ff-cba2-51c2-508f4352b14c', '8d377a59-4321-cdc3-f1f1-508f43e2fb1a', '3092bb3e-76bc-d5f5-aecb-5004d332271e', 'Contacts', '2012-10-30 12:05:05', 0),
('9250fa63-180c-99e9-cb37-508f43ad5743', '8d377a59-4321-cdc3-f1f1-508f43e2fb1a', 'cec9d354-90e4-a207-20a0-5004d43bbe9a', 'Contacts', '2012-10-30 12:05:05', 0),
('929f7c8a-d636-5518-b6d3-508f432fda55', '8d377a59-4321-cdc3-f1f1-508f43e2fb1a', 'd0b2acf3-8ec4-286e-bd9e-5004d4e26421', 'Contacts', '2012-10-30 12:05:05', 0),
('92f30dd5-c3e9-0d34-2050-508f430f82ca', '8d377a59-4321-cdc3-f1f1-508f43e2fb1a', '2b61bf17-5042-f05c-55d5-5004d49910af', 'Contacts', '2012-10-30 12:05:05', 0),
('93460cb2-b6c6-9bad-50ce-508f43a33846', '8d377a59-4321-cdc3-f1f1-508f43e2fb1a', '7178a73e-8e1b-99fe-e194-5004d4361e0d', 'Contacts', '2012-10-30 12:05:05', 0),
('9399e4d6-fd9d-1d8e-b11d-508f436ec90b', '8d377a59-4321-cdc3-f1f1-508f43e2fb1a', 'a043a256-4679-0943-2541-5004d427e00e', 'Contacts', '2012-10-30 12:05:05', 0),
('93edc763-910b-be97-d478-508f43cef734', '8d377a59-4321-cdc3-f1f1-508f43e2fb1a', '86a10bcb-f1dd-9ef0-5d34-5004d5270f4f', 'Contacts', '2012-10-30 12:05:05', 0),
('943ee806-17c5-7de2-6436-508f4345a2d3', '8d377a59-4321-cdc3-f1f1-508f43e2fb1a', '9d443026-a727-b5e6-e93f-5004d5142dff', 'Contacts', '2012-10-30 12:05:05', 0),
('9491e4a2-57c9-d49e-fe91-508f4324ccb1', '8d377a59-4321-cdc3-f1f1-508f43e2fb1a', '6baeb924-cf3d-ae32-9be4-5004d587ec48', 'Contacts', '2012-10-30 12:05:05', 0),
('94e3c2b4-e3ab-f533-8327-508f43e85cea', '8d377a59-4321-cdc3-f1f1-508f43e2fb1a', '46777e41-4201-ed80-d084-5004d581e1db', 'Contacts', '2012-10-30 12:05:05', 0),
('9588cec3-176f-9d24-e1e5-508f431ada7b', '8d377a59-4321-cdc3-f1f1-508f43e2fb1a', '2c84ded9-f8e5-bb39-11f5-5004d6352e3b', 'Contacts', '2012-10-30 12:05:05', 0),
('960cda4b-2b54-1d25-8c23-508f4353dc70', '8d377a59-4321-cdc3-f1f1-508f43e2fb1a', '49da9605-c827-09a5-5d50-5004d6bac735', 'Contacts', '2012-10-30 12:05:05', 0),
('4bb493cc-5e63-4a57-48f9-5099f3a80393', '3e01f4e6-05d6-30a0-b41d-5099f3b33584', '86a10bcb-f1dd-9ef0-5d34-5004d5270f4f', 'Contacts', '2012-11-07 14:35:08', 0),
('4d13a449-a450-d0a8-42d3-5099f3ae3bef', '3e01f4e6-05d6-30a0-b41d-5099f3b33584', '2c84ded9-f8e5-bb39-11f5-5004d6352e3b', 'Contacts', '2012-11-07 14:35:08', 0),
('4d6dfcec-a3ea-62d3-dc47-5099f38a5dba', '3e01f4e6-05d6-30a0-b41d-5099f3b33584', 'b747d816-1e9f-8212-d718-5003ac9eded0', 'Contacts', '2012-11-07 14:35:08', 0),
('4dc49acd-cf3c-dfed-a6a9-5099f3c27524', '3e01f4e6-05d6-30a0-b41d-5099f3b33584', '89d512c9-e470-c88c-afc0-5003ac4d6b15', 'Contacts', '2012-11-07 14:35:08', 0),
('4e1d814f-1cda-907a-d45d-5099f36914e1', '3e01f4e6-05d6-30a0-b41d-5099f3b33584', '6baeb924-cf3d-ae32-9be4-5004d587ec48', 'Contacts', '2012-11-07 14:35:08', 0),
('4e941e63-be2b-7fba-9f56-5099f31e4ec4', '3e01f4e6-05d6-30a0-b41d-5099f3b33584', '7178a73e-8e1b-99fe-e194-5004d4361e0d', 'Contacts', '2012-11-07 14:35:08', 0),
('4f4d8a3d-3219-0607-42ea-5099f39396e9', '3e01f4e6-05d6-30a0-b41d-5099f3b33584', 'c5653712-0bf2-0639-f5e8-50238bb1f39e', 'Contacts', '2012-11-07 14:35:08', 0),
('4fa83c89-6230-cb8f-11fc-5099f31e4ad0', '3e01f4e6-05d6-30a0-b41d-5099f3b33584', '46777e41-4201-ed80-d084-5004d581e1db', 'Contacts', '2012-11-07 14:35:08', 0),
('4fff6670-3c50-c240-1847-5099f391a4ad', '3e01f4e6-05d6-30a0-b41d-5099f3b33584', 'd4e703c5-0ff5-7d76-7c14-5003ab88522f', 'Contacts', '2012-11-07 14:35:08', 0),
('5076fe1b-6e1f-f6b4-104f-5099f39f6d83', '3e01f4e6-05d6-30a0-b41d-5099f3b33584', 'cec9d354-90e4-a207-20a0-5004d43bbe9a', 'Contacts', '2012-11-07 14:35:08', 0),
('5219532d-498c-eaa7-8739-5099f3e50670', '3e01f4e6-05d6-30a0-b41d-5099f3b33584', '3092bb3e-76bc-d5f5-aecb-5004d332271e', 'Contacts', '2012-11-07 14:35:08', 0),
('543900e2-b06d-7165-20fb-5099f3b50af2', '3e01f4e6-05d6-30a0-b41d-5099f3b33584', 'a043a256-4679-0943-2541-5004d427e00e', 'Contacts', '2012-11-07 14:35:08', 0),
('55b1c53a-0b99-efd3-a9bc-5099f304dd41', '3e01f4e6-05d6-30a0-b41d-5099f3b33584', '49da9605-c827-09a5-5d50-5004d6bac735', 'Contacts', '2012-11-07 14:35:08', 0),
('58d33d35-f758-c207-7c8b-5099f34279cb', '3e01f4e6-05d6-30a0-b41d-5099f3b33584', 'd0b2acf3-8ec4-286e-bd9e-5004d4e26421', 'Contacts', '2012-11-07 14:35:08', 0),
('5aa62d44-63d3-3091-ee5f-5099f39b92e0', '3e01f4e6-05d6-30a0-b41d-5099f3b33584', '241d75a3-a73f-af95-2afc-5090d03544b8', 'Contacts', '2012-11-07 14:35:08', 0),
('5c07a156-441f-7504-6268-5099f3852b29', '3e01f4e6-05d6-30a0-b41d-5099f3b33584', '2b61bf17-5042-f05c-55d5-5004d49910af', 'Contacts', '2012-11-07 14:35:08', 0),
('ba646872-c436-0987-feca-5099f3b2734c', 'b9447fd2-06d2-acad-971f-5099f39ee995', '4e6b5fe0-71ce-3eb8-ddb8-5003a91035d2', 'Contacts', '2012-11-07 14:35:31', 0),
('bb066792-6486-6b1d-0f9f-5099f39dcdb6', 'b9447fd2-06d2-acad-971f-5099f39ee995', 'ca747d99-eff5-c8c8-ced4-5003a7a88ceb', 'Contacts', '2012-11-07 14:35:31', 0),
('bba3054b-252e-9fc8-b944-5099f3795259', 'b9447fd2-06d2-acad-971f-5099f39ee995', 'cbb00b7b-50e6-0f96-bb1d-5003a794167d', 'Contacts', '2012-11-07 14:35:31', 0),
('bc045128-50c2-0882-63e2-5099f3587788', 'b9447fd2-06d2-acad-971f-5099f39ee995', '9736ad35-c2cc-9f0c-f027-5003a539e1db', 'Contacts', '2012-11-07 14:35:31', 0),
('bc6a2d61-f083-464a-9337-5099f3a1ddd0', 'b9447fd2-06d2-acad-971f-5099f39ee995', '35a0073e-a285-7c1f-0f8d-5003a5e2aed1', 'Contacts', '2012-11-07 14:35:31', 0),
('bccfd363-99f3-b665-8704-5099f3bcf376', 'b9447fd2-06d2-acad-971f-5099f39ee995', '3b8e7e1a-b089-ce2c-4cc7-5003a59c8f13', 'Contacts', '2012-11-07 14:35:31', 0),
('bda3f0bd-20a7-ad96-3d47-5099f3c1a168', 'b9447fd2-06d2-acad-971f-5099f39ee995', '48c89f22-39e7-42e0-d858-5003a943b2b1', 'Contacts', '2012-11-07 14:35:31', 0),
('be399f7e-23eb-3bd3-3529-5099f321e39b', 'b9447fd2-06d2-acad-971f-5099f39ee995', 'e3a5994a-7a57-93e0-67c8-5003a834c145', 'Contacts', '2012-11-07 14:35:31', 0),
('becc7c4d-2ec0-07d3-a5d8-5099f3790e0d', 'b9447fd2-06d2-acad-971f-5099f39ee995', '690ecff2-dff1-55cd-19cf-5003a4629240', 'Contacts', '2012-11-07 14:35:31', 0),
('bf44f4b8-30b4-cf0a-e38d-5099f3a2a578', 'b9447fd2-06d2-acad-971f-5099f39ee995', '86122b05-05db-1368-c87b-5003a9d56fbc', 'Contacts', '2012-11-07 14:35:31', 0),
('bf99d819-69ef-8efc-4c3d-5099f30ed3e3', 'b9447fd2-06d2-acad-971f-5099f39ee995', 'b8117fc2-22fc-ef22-ce76-5003a9a376e8', 'Contacts', '2012-11-07 14:35:31', 0),
('c0507805-89ad-16ee-e344-5099f35a3dca', 'b9447fd2-06d2-acad-971f-5099f39ee995', '413e97cc-ab37-b605-2e92-5003a504ad30', 'Contacts', '2012-11-07 14:35:31', 0),
('c0e73b7f-5959-5ef5-126c-5099f31dfe08', 'b9447fd2-06d2-acad-971f-5099f39ee995', 'f3f50ea5-49c1-48b1-17e4-5003a9e306cb', 'Contacts', '2012-11-07 14:35:31', 0),
('c170bc84-111b-5d8e-397a-5099f36aa1a2', 'b9447fd2-06d2-acad-971f-5099f39ee995', 'c1780fe0-1eb5-daf4-09d3-5003a750749e', 'Contacts', '2012-11-07 14:35:31', 0),
('c1beb12f-6eb8-688e-56d7-5099f3fe0ac8', 'b9447fd2-06d2-acad-971f-5099f39ee995', '6317f123-66f6-e9bc-0dcb-5004f7456093', 'Contacts', '2012-11-07 14:35:31', 0),
('c2221b77-0ba4-42c9-ed63-5099f38b4e94', 'b9447fd2-06d2-acad-971f-5099f39ee995', '5d9e8574-3750-9703-9ccb-500b84bf7092', 'Contacts', '2012-11-07 14:35:31', 0),
('c2843793-100c-f3f2-b1d4-5099f342acfb', 'b9447fd2-06d2-acad-971f-5099f39ee995', '4ce52d42-1427-1536-4439-500b86e79b4a', 'Contacts', '2012-11-07 14:35:31', 0),
('c2e771ee-023e-c3a2-25b2-5099f3bd900f', 'b9447fd2-06d2-acad-971f-5099f39ee995', '6136072e-91df-4d74-b9e6-50179f777e96', 'Contacts', '2012-11-07 14:35:31', 0),
('c3bfc40b-bb29-780b-516a-5099f33ede65', 'b9447fd2-06d2-acad-971f-5099f39ee995', 'edf51144-9bdf-3586-1efa-50179fbdd889', 'Contacts', '2012-11-07 14:35:31', 0),
('c25524ed-9580-843c-fc97-509cc2b29e25', 'bf5b89f1-2178-6971-7d48-509cc23e7363', '4e6b5fe0-71ce-3eb8-ddb8-5003a91035d2', 'Contacts', '2012-11-09 17:44:49', 0),
('c6f38a80-161c-0180-8090-509cc24b3cfa', 'bf5b89f1-2178-6971-7d48-509cc23e7363', 'ca747d99-eff5-c8c8-ced4-5003a7a88ceb', 'Contacts', '2012-11-09 17:44:49', 0),
('c8244311-3970-f372-588a-509cc2cd8e47', 'bf5b89f1-2178-6971-7d48-509cc23e7363', 'cbb00b7b-50e6-0f96-bb1d-5003a794167d', 'Contacts', '2012-11-09 17:44:49', 0),
('c87a577b-431c-42cf-061b-509cc20ae096', 'bf5b89f1-2178-6971-7d48-509cc23e7363', '9736ad35-c2cc-9f0c-f027-5003a539e1db', 'Contacts', '2012-11-09 17:44:49', 0),
('c9781c68-633d-75fc-0b0c-509cc26706d4', 'bf5b89f1-2178-6971-7d48-509cc23e7363', '35a0073e-a285-7c1f-0f8d-5003a5e2aed1', 'Contacts', '2012-11-09 17:44:49', 0),
('c9d265a4-a964-b820-e4a3-509cc21bc1c9', 'bf5b89f1-2178-6971-7d48-509cc23e7363', '3b8e7e1a-b089-ce2c-4cc7-5003a59c8f13', 'Contacts', '2012-11-09 17:44:49', 0),
('ca2bfe0b-0323-c15d-efea-509cc2182624', 'bf5b89f1-2178-6971-7d48-509cc23e7363', '48c89f22-39e7-42e0-d858-5003a943b2b1', 'Contacts', '2012-11-09 17:44:49', 0),
('ca850d04-7192-a36b-1337-509cc24c4344', 'bf5b89f1-2178-6971-7d48-509cc23e7363', 'e3a5994a-7a57-93e0-67c8-5003a834c145', 'Contacts', '2012-11-09 17:44:49', 0),
('cc0af06c-be3b-3896-9783-509cc2931f6a', 'bf5b89f1-2178-6971-7d48-509cc23e7363', '690ecff2-dff1-55cd-19cf-5003a4629240', 'Contacts', '2012-11-09 17:44:49', 0),
('cc610ebd-a4e9-3dda-716f-509cc2d0a989', 'bf5b89f1-2178-6971-7d48-509cc23e7363', '86122b05-05db-1368-c87b-5003a9d56fbc', 'Contacts', '2012-11-09 17:44:49', 0),
('ccb7fa44-20a2-0fc5-21f9-509cc2dadc60', 'bf5b89f1-2178-6971-7d48-509cc23e7363', 'b8117fc2-22fc-ef22-ce76-5003a9a376e8', 'Contacts', '2012-11-09 17:44:49', 0),
('cd0e8ba0-16ad-eddb-4ef1-509cc2f4cfce', 'bf5b89f1-2178-6971-7d48-509cc23e7363', '413e97cc-ab37-b605-2e92-5003a504ad30', 'Contacts', '2012-11-09 17:44:49', 0),
('cde29d98-d1fe-f6d6-a458-509cc2d215db', 'bf5b89f1-2178-6971-7d48-509cc23e7363', 'f3f50ea5-49c1-48b1-17e4-5003a9e306cb', 'Contacts', '2012-11-09 17:44:49', 0),
('ce3a3fd9-b91c-c412-be8a-509cc24a84a5', 'bf5b89f1-2178-6971-7d48-509cc23e7363', 'c1780fe0-1eb5-daf4-09d3-5003a750749e', 'Contacts', '2012-11-09 17:44:49', 0),
('ce9147ba-5520-8840-4279-509cc2a5a41b', 'bf5b89f1-2178-6971-7d48-509cc23e7363', '6317f123-66f6-e9bc-0dcb-5004f7456093', 'Contacts', '2012-11-09 17:44:49', 0),
('cee9aeee-c157-3c0c-88d4-509cc2cab106', 'bf5b89f1-2178-6971-7d48-509cc23e7363', '5d9e8574-3750-9703-9ccb-500b84bf7092', 'Contacts', '2012-11-09 17:44:49', 0),
('cf3cfa1c-fffe-e16f-b6cd-509cc2ac858f', 'bf5b89f1-2178-6971-7d48-509cc23e7363', '4ce52d42-1427-1536-4439-500b86e79b4a', 'Contacts', '2012-11-09 17:44:49', 0),
('cf987e53-f712-7674-0a18-509cc287000c', 'bf5b89f1-2178-6971-7d48-509cc23e7363', '6136072e-91df-4d74-b9e6-50179f777e96', 'Contacts', '2012-11-09 17:44:49', 0),
('cff230a8-c380-fb1c-3eff-509cc2130351', 'bf5b89f1-2178-6971-7d48-509cc23e7363', 'edf51144-9bdf-3586-1efa-50179fbdd889', 'Contacts', '2012-11-09 17:44:49', 0),
('6fc36e2b-1784-42fd-74d7-50a4d2927839', 'b9447fd2-06d2-acad-971f-5099f39ee995', 'c5653712-0bf2-0639-f5e8-50238bb1f39e', 'Contacts', '2012-11-15 20:29:59', 0),
('73183953-b1d3-f767-9cce-50a4d279594c', 'b9447fd2-06d2-acad-971f-5099f39ee995', '784cf9f6-6a6a-0c2d-17b9-5035b669eb89', 'Contacts', '2012-11-15 20:29:59', 0),
('73ce7558-0cdc-5d4d-0420-50a4d241745b', 'b9447fd2-06d2-acad-971f-5099f39ee995', 'efedd227-f4e4-7934-1daf-506a91fabddb', 'Contacts', '2012-11-15 20:29:59', 0),
('74652509-a242-afca-5031-50a4d2564d1c', 'b9447fd2-06d2-acad-971f-5099f39ee995', '47beddef-d2a7-feb0-6fb9-5076631af215', 'Contacts', '2012-11-15 20:29:59', 0),
('752a7f8f-f08a-7ad4-bddc-50a4d2d4f800', 'b9447fd2-06d2-acad-971f-5099f39ee995', 'f2c30a9e-195b-8ed9-a6d4-507fb1fa8d02', 'Contacts', '2012-11-15 20:29:59', 0),
('75b760fd-26df-a745-6507-50a4d2660360', 'b9447fd2-06d2-acad-971f-5099f39ee995', '241d75a3-a73f-af95-2afc-5090d03544b8', 'Contacts', '2012-11-15 20:29:59', 0),
('763693fc-217c-306d-2430-50a4d2b61e2d', 'b9447fd2-06d2-acad-971f-5099f39ee995', 'd0b2acf3-8ec4-286e-bd9e-5004d4e26421', 'Contacts', '2012-11-15 20:29:59', 0),
('76e61afc-9846-b117-cbe9-50a4d27a9dfc', 'b9447fd2-06d2-acad-971f-5099f39ee995', 'b747d816-1e9f-8212-d718-5003ac9eded0', 'Contacts', '2012-11-15 20:29:59', 0),
('777d2351-0f6f-df61-dcdb-50a4d2a0e6dc', 'b9447fd2-06d2-acad-971f-5099f39ee995', 'd4e703c5-0ff5-7d76-7c14-5003ab88522f', 'Contacts', '2012-11-15 20:29:59', 0),
('781eecae-def0-dc36-8275-50a4d2c5169f', 'b9447fd2-06d2-acad-971f-5099f39ee995', '9d443026-a727-b5e6-e93f-5004d5142dff', 'Contacts', '2012-11-15 20:29:59', 0),
('78d9be7f-5a5f-5a93-39b4-50a4d24a7e16', 'b9447fd2-06d2-acad-971f-5099f39ee995', 'a043a256-4679-0943-2541-5004d427e00e', 'Contacts', '2012-11-15 20:29:59', 0),
('7994531e-d59f-9aaa-4ac8-50a4d29b8d93', 'b9447fd2-06d2-acad-971f-5099f39ee995', 'cec9d354-90e4-a207-20a0-5004d43bbe9a', 'Contacts', '2012-11-15 20:29:59', 0),
('7a6840e6-ab62-cb1a-e04b-50a4d2627ab0', 'b9447fd2-06d2-acad-971f-5099f39ee995', '49da9605-c827-09a5-5d50-5004d6bac735', 'Contacts', '2012-11-15 20:29:59', 0),
('7b1260e9-68f2-df57-baa1-50a4d2a0d093', 'b9447fd2-06d2-acad-971f-5099f39ee995', '7178a73e-8e1b-99fe-e194-5004d4361e0d', 'Contacts', '2012-11-15 20:29:59', 0),
('7c4e6696-f2fd-3ece-b97e-50a4d2ee4152', 'b9447fd2-06d2-acad-971f-5099f39ee995', '3092bb3e-76bc-d5f5-aecb-5004d332271e', 'Contacts', '2012-11-15 20:29:59', 0),
('c0480990-1a4b-2022-826f-50e676f638db', 'b004dbcc-b132-5872-afb8-50e676ba95b9', '', 'Contacts', '2013-01-04 15:30:20', 0),
('311f5617-3337-84da-e768-5110b111a5e0', '21efb24b-3953-4c25-c49f-5110b1ef5de8', '784cf9f6-6a6a-0c2d-17b9-5035b669eb89', 'Contacts', '2013-02-05 16:13:18', 0),
('3f5ff371-542d-4625-6965-5110b1291888', '21efb24b-3953-4c25-c49f-5110b1ef5de8', '18116e5b-98af-32fc-72e1-50ecd506a00d', 'Contacts', '2013-02-05 16:13:18', 0),
('4791b135-a0a1-a19c-9fda-5110b130b4df', '21efb24b-3953-4c25-c49f-5110b1ef5de8', 'f7220d8e-7fc4-24f4-a6f1-50ed04a64148', 'Contacts', '2013-02-05 16:13:18', 0),
('4e567776-b67f-b423-f53a-5110b1f937c3', '21efb24b-3953-4c25-c49f-5110b1ef5de8', '4227adcf-6bc7-1976-7b95-50ed298f856d', 'Contacts', '2013-02-05 16:13:18', 0),
('54c905a5-6033-1315-ce7c-5110b193b026', '21efb24b-3953-4c25-c49f-5110b1ef5de8', '839000ba-ba9c-8baa-1275-50ed50954129', 'Contacts', '2013-02-05 16:13:18', 0),
('5998b573-eab9-b2f3-45ba-5110b1ca69ac', '21efb24b-3953-4c25-c49f-5110b1ef5de8', '79250fdd-f206-4ffe-7f6c-50ed612bbbb5', 'Contacts', '2013-02-05 16:13:18', 0),
('5d02b8d6-bd04-6a5d-9ae9-5110b187d47e', '21efb24b-3953-4c25-c49f-5110b1ef5de8', '7327704d-865e-3e34-10ce-50ab203b05b0', 'Contacts', '2013-02-05 16:13:18', 0),
('665e6377-3f6f-4c3f-3b2b-5110b1197436', '21efb24b-3953-4c25-c49f-5110b1ef5de8', '33bd0d91-88ba-0270-2b44-50f50070b257', 'Contacts', '2013-02-05 16:13:18', 0),
('6b7fb2fb-67ab-8cb8-e983-5110b19ac0dd', '21efb24b-3953-4c25-c49f-5110b1ef5de8', 'b319f4cc-b3ec-1638-d338-50fc9378be8e', 'Contacts', '2013-02-05 16:13:18', 0),
('70cc5dc3-157d-b6ac-583e-5110b1c3d544', '21efb24b-3953-4c25-c49f-5110b1ef5de8', '35f7967b-6c0a-faf9-3712-50fe3d6779e7', 'Contacts', '2013-02-05 16:13:18', 0),
('75c5cad3-7d59-6628-68a0-5110b1cc60b1', '21efb24b-3953-4c25-c49f-5110b1ef5de8', 'ceb3dcf5-9876-f6a2-87c6-50fe4fa42860', 'Contacts', '2013-02-05 16:13:18', 0),
('7af9098d-f3d7-7584-8134-5110b1d0e002', '21efb24b-3953-4c25-c49f-5110b1ef5de8', '156a0c31-2cb9-09dc-2e92-50ff6a6faa0d', 'Contacts', '2013-02-05 16:13:18', 0),
('826d3fd6-18ff-0cbf-03e3-5110b19b4fa7', '21efb24b-3953-4c25-c49f-5110b1ef5de8', 'e69d05ea-603a-700c-a294-51008222d9be', 'Contacts', '2013-02-05 16:13:18', 0);
INSERT INTO `prospect_lists_prospects` (`id`, `prospect_list_id`, `related_id`, `related_type`, `date_modified`, `deleted`) VALUES
('89567712-678e-3b25-d68c-5110b1d43d5c', '21efb24b-3953-4c25-c49f-5110b1ef5de8', '85c06e18-cfda-c47b-81a2-51011a43ddee', 'Contacts', '2013-02-05 16:13:18', 0),
('8ce33535-d5f1-45c3-f24b-5110b10bb619', '21efb24b-3953-4c25-c49f-5110b1ef5de8', '55203101-1512-94be-c8b7-51011a1277a6', 'Contacts', '2013-02-05 16:13:18', 0),
('95b14de4-3fae-74de-662d-5110b1baa274', '21efb24b-3953-4c25-c49f-5110b1ef5de8', 'd812f4a8-bdb6-7c8f-c258-5101379f6206', 'Contacts', '2013-02-05 16:13:18', 0),
('9c1581c3-bedd-84f9-bcd5-5110b16f79d1', '21efb24b-3953-4c25-c49f-5110b1ef5de8', '652872de-6dac-24c1-7953-5101b39fc04d', 'Contacts', '2013-02-05 16:13:18', 0),
('a2b7da19-5ab5-3ba4-a0af-5110b1d1b591', '21efb24b-3953-4c25-c49f-5110b1ef5de8', 'eda0d8c3-1aa2-8709-a9cf-5101b7b728d8', 'Contacts', '2013-02-05 16:13:18', 0),
('aa6f5282-8bdd-b34a-ab72-5110b16e7fc9', '21efb24b-3953-4c25-c49f-5110b1ef5de8', '4ab52266-9e93-97b0-c176-5101b744d780', 'Contacts', '2013-02-05 16:13:18', 0),
('b38baaf4-518e-d64e-d128-5110b116527e', '21efb24b-3953-4c25-c49f-5110b1ef5de8', '44e95a3c-5935-7a78-04a7-5101ce7c13db', 'Contacts', '2013-02-05 16:13:18', 0),
('ee17064c-9ce4-ba0a-fee0-5110b111bff5', '21efb24b-3953-4c25-c49f-5110b1ef5de8', 'b5787d42-4e25-1a72-7559-5101cec0c325', 'Contacts', '2013-02-05 16:13:18', 0),
('f37bd1fd-4215-ec64-de4c-5110b1fe58e0', '21efb24b-3953-4c25-c49f-5110b1ef5de8', '6938b138-47b7-9c94-37f4-5101dd625d85', 'Contacts', '2013-02-05 16:13:19', 0),
('320f0a2f-1a5a-9ca7-45ec-5110b152950c', '21efb24b-3953-4c25-c49f-5110b1ef5de8', '8ce2feaa-8968-8c6c-35f6-5101e03c479e', 'Contacts', '2013-02-05 16:13:19', 0),
('7d510eb9-5410-ca37-2fa8-5110b1d12304', '21efb24b-3953-4c25-c49f-5110b1ef5de8', '2a496429-e8d2-538d-031f-5101e1f85de3', 'Contacts', '2013-02-05 16:13:19', 0),
('c54a068d-06ea-85c6-7d4d-5110b1ea9cd0', '21efb24b-3953-4c25-c49f-5110b1ef5de8', '68d34c8a-37ee-7aff-686f-5101eca8e426', 'Contacts', '2013-02-05 16:13:19', 0),
('f8090231-bd11-f199-5afe-5110b11a3105', '21efb24b-3953-4c25-c49f-5110b1ef5de8', '6c2cbb63-c239-5a9d-7b1f-5102090cc3f3', 'Contacts', '2013-02-05 16:13:19', 0),
('12aff1b3-0dc1-6db6-2dd0-5110b1159248', '21efb24b-3953-4c25-c49f-5110b1ef5de8', '97bc7bd3-9bee-ffe0-1e45-51021442c6e3', 'Contacts', '2013-02-05 16:13:19', 0),
('1864c82c-fe75-16e5-5ab7-5110b1685544', '21efb24b-3953-4c25-c49f-5110b1ef5de8', '1e0efc2d-f25f-f6cb-3fb8-50ecbf489027', 'Contacts', '2013-02-05 16:13:19', 0),
('1c1dab1a-3afe-3f67-a227-5110b1c9ff06', '21efb24b-3953-4c25-c49f-5110b1ef5de8', 'efedd227-f4e4-7934-1daf-506a91fabddb', 'Contacts', '2013-02-05 16:13:19', 0),
('1fcb2a46-d650-ad35-fdb0-5110b1d13fe0', '21efb24b-3953-4c25-c49f-5110b1ef5de8', '47beddef-d2a7-feb0-6fb9-5076631af215', 'Contacts', '2013-02-05 16:13:19', 0),
('585a0d7d-68bf-4710-e035-5110b1aabd20', '21efb24b-3953-4c25-c49f-5110b1ef5de8', 'f2c30a9e-195b-8ed9-a6d4-507fb1fa8d02', 'Contacts', '2013-02-05 16:13:19', 0),
('62f53cb3-778e-b051-a32f-5110b1e970e9', '21efb24b-3953-4c25-c49f-5110b1ef5de8', '13055ebd-cd93-9b45-9bea-50ced8aa31d9', 'Contacts', '2013-02-05 16:13:19', 0),
('67c13438-5cd8-bae0-663b-5110b13378c8', '21efb24b-3953-4c25-c49f-5110b1ef5de8', 'b95969da-0559-9c33-0399-50ee270d034d', 'Contacts', '2013-02-05 16:13:19', 0),
('6e97e7c9-1e0f-3f87-2bdd-5110b1ae1b50', '21efb24b-3953-4c25-c49f-5110b1ef5de8', '60ce6564-b876-6451-263b-50ee2cc40fec', 'Contacts', '2013-02-05 16:13:19', 0),
('782bde63-16bc-6e40-f67c-5110b179b055', '21efb24b-3953-4c25-c49f-5110b1ef5de8', 'c8cbcaba-8f8a-3583-d55f-5100b3f17d3e', 'Contacts', '2013-02-05 16:13:19', 0),
('7df3e53a-9282-ecdb-736c-5110b167bdde', '21efb24b-3953-4c25-c49f-5110b1ef5de8', 'eddc1de9-6798-0c9c-dc3d-5100d57fb398', 'Contacts', '2013-02-05 16:13:19', 0),
('815ed987-7a0b-1c41-d2ff-5110b1a610e4', '21efb24b-3953-4c25-c49f-5110b1ef5de8', 'fe0f0805-c74e-9dc3-cae4-5100e41b3279', 'Contacts', '2013-02-05 16:13:19', 0),
('866ec9a6-0ea8-2a73-9321-5110b1254df9', '21efb24b-3953-4c25-c49f-5110b1ef5de8', 'd4e703c5-0ff5-7d76-7c14-5003ab88522f', 'Contacts', '2013-02-05 16:13:19', 0),
('8b9e9911-d751-46a7-bb9c-5110b1cc5979', '21efb24b-3953-4c25-c49f-5110b1ef5de8', 'b747d816-1e9f-8212-d718-5003ac9eded0', 'Contacts', '2013-02-05 16:13:19', 0),
('912095ac-f5b6-0f51-a19c-5110b14cef76', '21efb24b-3953-4c25-c49f-5110b1ef5de8', 'd4cf169d-3209-21fe-e326-50ee2738685e', 'Contacts', '2013-02-05 16:13:19', 0),
('cc7e6006-80fb-ce00-a919-5110b167b4de', '21efb24b-3953-4c25-c49f-5110b1ef5de8', '94825cdf-0408-6db4-5df0-50ee2c020e9d', 'Contacts', '2013-02-05 16:13:19', 0),
('cfb7ccbf-f1d2-6bd7-e95c-5110b1728bd2', '21efb24b-3953-4c25-c49f-5110b1ef5de8', 'dd348516-b3a1-20f1-0455-50ee2e2cec5c', 'Contacts', '2013-02-05 16:13:19', 0),
('d4e48816-c2b8-966b-5d16-5110b1b52599', '21efb24b-3953-4c25-c49f-5110b1ef5de8', 'e108b811-77ae-5753-0fde-5101e044a413', 'Contacts', '2013-02-05 16:13:19', 0),
('d8716086-9e28-5b1d-7e9f-5110b1349c76', '21efb24b-3953-4c25-c49f-5110b1ef5de8', '946da19c-dc8f-2fc2-35c6-5101dd23b1f4', 'Contacts', '2013-02-05 16:13:19', 0),
('de87c2da-0e98-781d-9125-5110b1cdd160', '21efb24b-3953-4c25-c49f-5110b1ef5de8', 'ca25d6e8-442c-8d33-94f7-511089094664', 'Contacts', '2013-02-05 16:13:19', 0),
('e413a447-2e00-6008-c1ff-5110b1c2af67', '21efb24b-3953-4c25-c49f-5110b1ef5de8', '4fc6bd11-86ef-52d5-b036-50ed107f7ccf', 'Contacts', '2013-02-05 16:13:19', 0),
('e71c2a7c-b102-7b60-c7be-5110b132c675', '21efb24b-3953-4c25-c49f-5110b1ef5de8', 'a043a256-4679-0943-2541-5004d427e00e', 'Contacts', '2013-02-05 16:13:19', 0),
('ea34e5ed-eac4-3d0d-353d-5110b19ddb33', '21efb24b-3953-4c25-c49f-5110b1ef5de8', 'cec9d354-90e4-a207-20a0-5004d43bbe9a', 'Contacts', '2013-02-05 16:13:19', 0),
('eef56bb4-f92d-52a7-da61-5110b18086dd', '21efb24b-3953-4c25-c49f-5110b1ef5de8', 'df00c49a-c48d-d615-642f-50fe238dd601', 'Contacts', '2013-02-05 16:13:19', 0),
('84458733-7b48-9e26-05d4-5111f9b2bb99', '7e2d016c-72b5-6816-1a2d-5111f9a2885e', '', 'Contacts', '2013-02-06 15:32:41', 0),
('ba9bdb10-d5ea-43c0-faa4-51135559c959', 'b5b26903-f2e8-1c16-b82b-5113550ebe06', '44e95a3c-5935-7a78-04a7-5101ce7c13db', 'Contacts', '2013-02-07 16:17:48', 0),
('bd6cbfb4-bc8a-bf49-ab34-5113552f81df', 'b5b26903-f2e8-1c16-b82b-5113550ebe06', 'b5787d42-4e25-1a72-7559-5101cec0c325', 'Contacts', '2013-02-07 16:17:48', 0),
('bf9c70ae-2aa2-e74c-ba37-5113558b3f76', 'b5b26903-f2e8-1c16-b82b-5113550ebe06', '6938b138-47b7-9c94-37f4-5101dd625d85', 'Contacts', '2013-02-07 16:17:48', 0),
('c097b321-b0b5-e44b-5f1c-5113559655a6', 'b5b26903-f2e8-1c16-b82b-5113550ebe06', '8ce2feaa-8968-8c6c-35f6-5101e03c479e', 'Contacts', '2013-02-07 16:17:48', 0),
('c18c5213-5b5b-f5d6-29ab-511355a1f74d', 'b5b26903-f2e8-1c16-b82b-5113550ebe06', '2a496429-e8d2-538d-031f-5101e1f85de3', 'Contacts', '2013-02-07 16:17:48', 0),
('c2d6472e-cd2b-2e92-504d-511355b82d96', 'b5b26903-f2e8-1c16-b82b-5113550ebe06', '68d34c8a-37ee-7aff-686f-5101eca8e426', 'Contacts', '2013-02-07 16:17:48', 0),
('c326cc46-b88a-ad72-8fb9-5113554de347', 'b5b26903-f2e8-1c16-b82b-5113550ebe06', '6eab8308-da59-9574-6601-511227e19680', 'Contacts', '2013-02-07 16:17:48', 0),
('c376c493-1fdc-2ba4-7c88-511355ff195f', 'b5b26903-f2e8-1c16-b82b-5113550ebe06', 'f2c30a9e-195b-8ed9-a6d4-507fb1fa8d02', 'Contacts', '2013-02-07 16:17:48', 0),
('c3c7890a-6f56-5598-6932-51135577ac26', 'b5b26903-f2e8-1c16-b82b-5113550ebe06', 'd4cf169d-3209-21fe-e326-50ee2738685e', 'Contacts', '2013-02-07 16:17:48', 0),
('c41945e3-20ab-3120-f0b5-511355c95c1a', 'b5b26903-f2e8-1c16-b82b-5113550ebe06', 'a62e15a0-4f5c-3fe4-043b-5112185a7067', 'Contacts', '2013-02-07 16:17:48', 0),
('c46aff10-3826-a158-7e22-511355485ab7', 'b5b26903-f2e8-1c16-b82b-5113550ebe06', 'ca25d6e8-442c-8d33-94f7-511089094664', 'Contacts', '2013-02-07 16:17:48', 0),
('c6bdc090-c51d-f608-4437-511355bc9826', 'b5b26903-f2e8-1c16-b82b-5113550ebe06', '3092bb3e-76bc-d5f5-aecb-5004d332271e', 'Contacts', '2013-02-07 16:17:48', 0),
('c70ed2e4-3637-b147-3137-51135552bc3d', 'b5b26903-f2e8-1c16-b82b-5113550ebe06', 'd56c619d-e7e3-67b4-19ef-5101dd358eb0', 'Contacts', '2013-02-07 16:17:48', 0),
('c76d2dff-a357-bd31-fe81-51135591802a', 'b5b26903-f2e8-1c16-b82b-5113550ebe06', 'abc1ce65-8c35-c816-2a50-5108ae4efe2b', 'Contacts', '2013-02-07 16:17:48', 0),
('c7c0e2b4-fd5d-9ce8-4a73-511355515f31', 'b5b26903-f2e8-1c16-b82b-5113550ebe06', 'c5653712-0bf2-0639-f5e8-50238bb1f39e', 'Contacts', '2013-02-07 16:17:48', 0),
('c953a97b-befb-3e16-fe12-51135559c74b', 'b5b26903-f2e8-1c16-b82b-5113550ebe06', '46777e41-4201-ed80-d084-5004d581e1db', 'Contacts', '2013-02-07 16:17:48', 0),
('1822e0cc-6df0-c078-cb11-5119c97743c1', '506f0636-f6b3-0239-2126-5119c92fa14a', '13055ebd-cd93-9b45-9bea-50ced8aa31d9', 'Contacts', '2013-02-12 13:50:03', 0),
('229c1848-979b-3462-55dc-5119c964ab9b', '506f0636-f6b3-0239-2126-5119c92fa14a', '45d7f5ce-31e1-9181-9321-5111b6c5fbed', 'Contacts', '2013-02-12 13:50:03', 0),
('26cab6c0-6f94-e8fd-a098-5119c9c1ea36', '506f0636-f6b3-0239-2126-5119c92fa14a', '317c78eb-d287-7cdd-b4e9-5111d8fdb44f', 'Contacts', '2013-02-12 13:50:03', 0);

-- --------------------------------------------------------

--
-- Table structure for table `prospect_list_campaigns`
--

CREATE TABLE IF NOT EXISTS `prospect_list_campaigns` (
  `id` varchar(36) NOT NULL default '',
  `prospect_list_id` varchar(36) default NULL,
  `campaign_id` varchar(36) default NULL,
  `date_modified` datetime default NULL,
  `deleted` tinyint(1) default '0',
  PRIMARY KEY  (`id`),
  KEY `idx_pro_id` (`prospect_list_id`),
  KEY `idx_cam_id` (`campaign_id`),
  KEY `idx_prospect_list_campaigns` (`prospect_list_id`,`campaign_id`)
) ENGINE=MyISAM DEFAULT CHARSET=utf8;

--
-- Dumping data for table `prospect_list_campaigns`
--


-- --------------------------------------------------------

--
-- Table structure for table `relationships`
--

CREATE TABLE IF NOT EXISTS `relationships` (
  `id` varchar(36) NOT NULL default '',
  `relationship_name` varchar(150) NOT NULL default '',
  `lhs_module` varchar(100) NOT NULL default '',
  `lhs_table` varchar(64) NOT NULL default '',
  `lhs_key` varchar(64) NOT NULL default '',
  `rhs_module` varchar(100) NOT NULL default '',
  `rhs_table` varchar(64) NOT NULL default '',
  `rhs_key` varchar(64) NOT NULL default '',
  `join_table` varchar(64) default NULL,
  `join_key_lhs` varchar(64) default NULL,
  `join_key_rhs` varchar(64) default NULL,
  `relationship_type` varchar(64) default NULL,
  `relationship_role_column` varchar(64) default NULL,
  `relationship_role_column_value` varchar(50) default NULL,
  `reverse` tinyint(1) default '0',
  `deleted` tinyint(1) default '0',
  PRIMARY KEY  (`id`),
  KEY `idx_rel_name` (`relationship_name`)
) ENGINE=MyISAM DEFAULT CHARSET=utf8;

--
-- Dumping data for table `relationships`
--

INSERT INTO `relationships` (`id`, `relationship_name`, `lhs_module`, `lhs_table`, `lhs_key`, `rhs_module`, `rhs_table`, `rhs_key`, `join_table`, `join_key_lhs`, `join_key_rhs`, `relationship_type`, `relationship_role_column`, `relationship_role_column_value`, `reverse`, `deleted`) VALUES
('40f5c66b-8bec-05c4-801d-458675e37a4b', 'acl_roles_users', 'ACLRoles', 'acl_roles', 'id', 'Users', 'users', 'id', 'acl_roles_users', 'role_id', 'user_id', 'many-to-many', NULL, NULL, 0, 0),
('412b3a08-bfec-f36f-60c2-458675c52d5f', 'acl_roles_actions', 'ACLRoles', 'acl_role', 'id', 'ACLActions', 'acl_action', 'id', 'acl_roles_actions', 'role_id', 'action_id', 'many-to-many', NULL, NULL, 0, 0),
('75a08fa3-422e-3d1e-1502-45867590bcab', 'lead_direct_reports', 'Leads', 'leads', 'id', 'Leads', 'leads', 'reports_to_id', NULL, NULL, NULL, 'one-to-many', NULL, NULL, 0, 0),
('75d402b5-96ea-916e-14ce-458675f52350', 'lead_tasks', 'Leads', 'leads', 'id', 'Tasks', 'tasks', 'parent_id', NULL, NULL, NULL, 'one-to-many', 'parent_type', 'Leads', 0, 0),
('7607fb03-7608-0da7-a7c6-45867519d97e', 'lead_notes', 'Leads', 'leads', 'id', 'Notes', 'notes', 'parent_id', NULL, NULL, NULL, 'one-to-many', 'parent_type', 'Leads', 0, 0),
('763733ad-bf31-210a-023e-458675b3b60e', 'lead_meetings', 'Leads', 'leads', 'id', 'Meetings', 'meetings', 'parent_id', NULL, NULL, NULL, 'one-to-many', 'parent_type', 'Leads', 0, 0),
('766651c4-f93d-7feb-ee7e-45867572ed7c', 'lead_calls', 'Leads', 'leads', 'id', 'Calls', 'calls', 'parent_id', NULL, NULL, NULL, 'one-to-many', 'parent_type', 'Leads', 0, 0),
('7694ee0e-3278-f2a5-0dfc-4586752cc5d2', 'lead_emails', 'Leads', 'leads', 'id', 'Emails', 'emails', 'parent_id', NULL, NULL, NULL, 'one-to-many', 'parent_type', 'Leads', 0, 0),
('76c3b34d-3dab-0b7c-0ce4-458675f5a2bd', 'lead_campaign_log', 'Leads', 'leads', 'id', 'CampaignLog', 'campaign_log', 'target_id', NULL, NULL, NULL, 'one-to-many', NULL, NULL, 0, 0),
('76f1e423-b822-d096-c363-4586754cc4b5', 'leads_assigned_user', 'Users', 'users', 'id', 'Leads', 'leads', 'assigned_user_id', NULL, NULL, NULL, 'one-to-many', NULL, NULL, 0, 0),
('77200f6d-3f51-bea9-c9b9-458675c68d3a', 'leads_modified_user', 'Users', 'users', 'id', 'Leads', 'leads', 'modified_user_id', NULL, NULL, NULL, 'one-to-many', NULL, NULL, 0, 0),
('77506781-2dff-9454-12ed-45867564d663', 'leads_created_by', 'Users', 'users', 'id', 'Leads', 'leads', 'created_by', NULL, NULL, NULL, 'one-to-many', NULL, NULL, 0, 0),
('7c7702da-be66-71b1-b1bc-458675c9b1d4', 'contact_direct_reports', 'Contacts', 'contacts', 'id', 'Contacts', 'contacts', 'reports_to_id', NULL, NULL, NULL, 'one-to-many', NULL, NULL, 0, 0),
('7ca8456e-dd95-f2f1-4473-458675a19d78', 'commission_company', 'Contacts', 'contacts', 'commission_company_id', 'Accounts', 'accounts', 'id', NULL, NULL, NULL, 'one-to-many', NULL, NULL, 0, 0),
('7cd78de1-a4d9-2ee4-8230-4586750eb851', 'contact_leads', 'Contacts', 'contacts', 'id', 'Leads', 'leads', 'contact_id', NULL, NULL, NULL, 'one-to-many', NULL, NULL, 0, 0),
('7d0627ad-332c-ae03-ed86-4586757534fb', 'contact_notes', 'Contacts', 'contacts', 'id', 'Notes', 'notes', 'contact_id', NULL, NULL, NULL, 'one-to-many', NULL, NULL, 0, 0),
('7d3527b0-f706-e5d4-55a3-4586757b1561', 'contact_tasks', 'Contacts', 'contacts', 'id', 'Tasks', 'tasks', 'contact_id', NULL, NULL, NULL, 'one-to-many', NULL, NULL, 0, 0),
('7d63b747-0931-8057-b826-4586758caae0', 'contacts_assigned_user', 'Users', 'users', 'id', 'Contacts', 'contacts', 'assigned_user_id', NULL, NULL, NULL, 'one-to-many', NULL, NULL, 0, 0),
('7d9206c9-205a-f6e3-edb6-4586756dc6d7', 'contacts_modified_user', 'Users', 'users', 'id', 'Contacts', 'contacts', 'modified_user_id', NULL, NULL, NULL, 'one-to-many', NULL, NULL, 0, 0),
('7dc06696-5543-9676-d6a4-4586750d60c9', 'contacts_created_by', 'Users', 'users', 'id', 'Contacts', 'contacts', 'created_by', NULL, NULL, NULL, 'one-to-many', NULL, NULL, 0, 0),
('7defe322-25c4-b6bc-c363-458675dd086b', 'contact_campaign_log', 'Contacts', 'contacts', 'id', 'CampaignLog', 'campaign_log', 'target_id', NULL, NULL, NULL, 'one-to-many', NULL, NULL, 0, 0),
('7e1f35fd-184f-c828-b688-4586756ffbdf', 'contact_fees', 'Contact', 'contacts', 'id', 'Fee', 'sms_fee', 'contact_id', NULL, NULL, NULL, 'one-to-many', NULL, NULL, 0, 0),
('7e4e85b1-5a18-4156-ba6a-4586757a0ede', 'memo_contact', 'Contact', 'contacts', 'id', 'SMSMemo', 'sms_memo', 'parent_id', NULL, NULL, NULL, 'one-to-many', NULL, NULL, 0, 0),
('8589dea9-1c73-8174-57d9-458675a3e8cf', 'member_accounts', 'Accounts', 'accounts', 'id', 'Accounts', 'accounts', 'parent_id', NULL, NULL, NULL, 'one-to-many', NULL, NULL, 0, 0),
('85bc497a-f7eb-5028-bbbd-4586755afae8', 'account_cases', 'Accounts', 'accounts', 'id', 'Cases', 'cases', 'account_id', NULL, NULL, NULL, 'one-to-many', NULL, NULL, 0, 0),
('85eb0366-60dd-0913-00f0-45867548a68e', 'account_tasks', 'Accounts', 'accounts', 'id', 'Tasks', 'tasks', 'parent_id', NULL, NULL, NULL, 'one-to-many', 'parent_type', 'Accounts', 0, 0),
('861dfb77-6c40-7141-47ea-4586759bdca0', 'account_notes', 'Accounts', 'accounts', 'id', 'Notes', 'notes', 'parent_id', NULL, NULL, NULL, 'one-to-many', 'parent_type', 'Accounts', 0, 0),
('864dd77d-5e92-3e12-3fdd-4586754f0418', 'account_meetings', 'Accounts', 'accounts', 'id', 'Meetings', 'meetings', 'parent_id', NULL, NULL, NULL, 'one-to-many', 'parent_type', 'Accounts', 0, 0),
('867d3500-2ba6-5d9c-964e-458675a0d6d1', 'account_calls', 'Accounts', 'accounts', 'id', 'Calls', 'calls', 'parent_id', NULL, NULL, NULL, 'one-to-many', 'parent_type', 'Accounts', 0, 0),
('86ad12c0-ea7e-836a-3b40-458675d2dbb1', 'account_emails', 'Accounts', 'accounts', 'id', 'Emails', 'emails', 'parent_id', NULL, NULL, NULL, 'one-to-many', 'parent_type', 'Accounts', 0, 0),
('86dca657-e54f-13d4-8360-4586758866de', 'account_leads', 'Accounts', 'accounts', 'id', 'Leads', 'leads', 'account_id', NULL, NULL, NULL, 'one-to-many', NULL, NULL, 0, 0),
('870b95ba-65de-65f1-20ac-4586757dfac2', 'accounts_assigned_user', 'Users', 'users', 'id', 'Accounts', 'accounts', 'assigned_user_id', NULL, NULL, NULL, 'one-to-many', NULL, NULL, 0, 0),
('873c0ace-cbdc-57e9-e9fc-4586756c3a8a', 'accounts_modified_user', 'Users', 'users', 'id', 'Accounts', 'accounts', 'modified_user_id', NULL, NULL, NULL, 'one-to-many', NULL, NULL, 0, 0),
('876aa079-364c-1481-809a-458675acda46', 'accounts_created_by', 'Users', 'users', 'id', 'Accounts', 'accounts', 'created_by', NULL, NULL, NULL, 'one-to-many', NULL, NULL, 0, 0),
('8a30cf49-fa8b-4e6f-8acd-4586758e97b5', 'opportunity_calls', 'Opportunities', 'opportunities', 'id', 'Calls', 'calls', 'parent_id', NULL, NULL, NULL, 'one-to-many', 'parent_type', 'Opportunities', 0, 0),
('8a65d086-e033-5ba9-17cb-458675d68e59', 'opportunity_meetings', 'Opportunities', 'opportunities', 'id', 'Meetings', 'meetings', 'parent_id', NULL, NULL, NULL, 'one-to-many', 'parent_type', 'Opportunities', 0, 0),
('8a9930de-00f8-5665-e813-45867525a584', 'opportunity_tasks', 'Opportunities', 'opportunities', 'id', 'Tasks', 'tasks', 'parent_id', NULL, NULL, NULL, 'one-to-many', 'parent_type', 'Opportunities', 0, 0),
('8acb8a5b-adfe-cac9-fe13-4586755275f6', 'opportunity_notes', 'Opportunities', 'opportunities', 'id', 'Notes', 'notes', 'parent_id', NULL, NULL, NULL, 'one-to-many', 'parent_type', 'Opportunities', 0, 0),
('8afe8e1f-2d90-e64e-f81a-4586759a81e9', 'opportunity_emails', 'Opportunities', 'opportunities', 'id', 'Emails', 'emails', 'parent_id', NULL, NULL, NULL, 'one-to-many', 'parent_type', 'Opportunities', 0, 0),
('8b30968c-e427-4140-df4a-4586752de1cd', 'opportunity_leads', 'Opportunities', 'opportunities', 'id', 'Leads', 'leads', 'opportunity_id', NULL, NULL, NULL, 'one-to-many', NULL, NULL, 0, 0),
('8b617a07-0d4d-d8b8-6a6b-45867594e016', 'opportunities_assigned_user', 'Users', 'users', 'id', 'Opportunities', 'opportunities', 'assigned_user_id', NULL, NULL, NULL, 'one-to-many', NULL, NULL, 0, 0),
('8b92804a-67cc-3e93-0563-458675782e59', 'opportunities_modified_user', 'Users', 'users', 'id', 'Opportunities', 'opportunities', 'modified_user_id', NULL, NULL, NULL, 'one-to-many', NULL, NULL, 0, 0),
('8bc3a787-b831-479f-b4a9-458675c9a54b', 'opportunities_created_by', 'Users', 'users', 'id', 'Opportunities', 'opportunities', 'created_by', NULL, NULL, NULL, 'one-to-many', NULL, NULL, 0, 0),
('8e5a7d80-b29a-b775-fca8-458675fb5a1c', 'product_fees', 'Product', 'product', 'id', 'Fee', 'sms_fee', 'product_id', NULL, NULL, NULL, 'one-to-many', NULL, NULL, 0, 0),
('92144486-c176-b38f-9bb9-458675049278', 'case_calls', 'Cases', 'cases', 'id', 'Calls', 'calls', 'parent_id', NULL, NULL, NULL, 'one-to-many', 'parent_type', 'Cases', 0, 0),
('9247ee2d-652e-612b-a9a6-458675741696', 'case_tasks', 'Cases', 'cases', 'id', 'Tasks', 'tasks', 'parent_id', NULL, NULL, NULL, 'one-to-many', 'parent_type', 'Cases', 0, 0),
('927a60d7-aba1-e341-376f-45867502cc46', 'case_notes', 'Cases', 'cases', 'id', 'Notes', 'notes', 'parent_id', NULL, NULL, NULL, 'one-to-many', 'parent_type', 'Cases', 0, 0),
('92ab63d8-f35c-fa3a-0ded-4586750620e0', 'case_meetings', 'Cases', 'cases', 'id', 'Meetings', 'meetings', 'parent_id', NULL, NULL, NULL, 'one-to-many', 'parent_type', 'Cases', 0, 0),
('92dc555b-d689-fa19-622d-458675b8b32c', 'case_emails', 'Cases', 'cases', 'id', 'Emails', 'emails', 'parent_id', NULL, NULL, NULL, 'one-to-many', 'parent_type', 'Cases', 0, 0),
('930d8ce8-dad3-a2da-efb6-4586758733cb', 'cases_assigned_user', 'Users', 'users', 'id', 'Cases', 'cases', 'assigned_user_id', NULL, NULL, NULL, 'one-to-many', NULL, NULL, 0, 0),
('933d42ae-abc4-21db-3057-4586750eeac6', 'cases_modified_user', 'Users', 'users', 'id', 'Cases', 'cases', 'modified_user_id', NULL, NULL, NULL, 'one-to-many', NULL, NULL, 0, 0),
('936f3b5d-5e0c-63f9-3948-4586756ae1dd', 'cases_created_by', 'Users', 'users', 'id', 'Cases', 'cases', 'created_by', NULL, NULL, NULL, 'one-to-many', NULL, NULL, 0, 0),
('964c3ea2-5b7d-64c5-8ad1-458675a20664', 'notes_assigned_user', 'Users', 'users', 'id', 'Notes', 'notes', 'assigned_user_id', NULL, NULL, NULL, 'one-to-many', NULL, NULL, 0, 0),
('967ff13e-a623-178d-ff7f-45867531a776', 'notes_modified_user', 'Users', 'users', 'id', 'Notes', 'notes', 'modified_user_id', NULL, NULL, NULL, 'one-to-many', NULL, NULL, 0, 0),
('96b1993c-9705-8172-fa81-4586757f1fbc', 'notes_created_by', 'Users', 'users', 'id', 'Notes', 'notes', 'created_by', NULL, NULL, NULL, 'one-to-many', NULL, NULL, 0, 0),
('9e14451d-f941-5daa-6e30-458675ead3ae', 'calls_assigned_user', 'Users', 'users', 'id', 'Calls', 'calls', 'assigned_user_id', NULL, NULL, NULL, 'one-to-many', NULL, NULL, 0, 0),
('9e473ce6-2102-9aea-e958-458675a13b77', 'calls_modified_user', 'Users', 'users', 'id', 'Calls', 'calls', 'modified_user_id', NULL, NULL, NULL, 'one-to-many', NULL, NULL, 0, 0),
('9e77a183-2b50-9778-061d-4586755f5af8', 'calls_created_by', 'Users', 'users', 'id', 'Calls', 'calls', 'created_by', NULL, NULL, NULL, 'one-to-many', NULL, NULL, 0, 0),
('9ea7bd39-9a21-f751-fc6c-4586757b4e96', 'calls_notes', 'Calls', 'calls', 'id', 'Notes', 'notes', 'parent_id', NULL, NULL, NULL, 'one-to-many', 'parent_type', 'Calls', 0, 0),
('a15f3748-b9e2-437b-deb5-4586755b624f', 'emails_assigned_user', 'Users', 'users', 'id', 'Emails', 'emails', 'assigned_user_id', NULL, NULL, NULL, 'one-to-many', NULL, NULL, 0, 0),
('a193a3be-da1e-0b2c-6f92-458675a8da49', 'emails_modified_user', 'Users', 'users', 'id', 'Emails', 'emails', 'modified_user_id', NULL, NULL, NULL, 'one-to-many', NULL, NULL, 0, 0),
('a1c55a7b-9dc0-83d6-4feb-4586753368cb', 'emails_created_by', 'Users', 'users', 'id', 'Emails', 'emails', 'created_by', NULL, NULL, NULL, 'one-to-many', NULL, NULL, 0, 0),
('a4a225fb-efbe-3f7d-e584-458675fdb518', 'meetings_assigned_user', 'Users', 'users', 'id', 'Meetings', 'meetings', 'assigned_user_id', NULL, NULL, NULL, 'one-to-many', NULL, NULL, 0, 0),
('a4d845cb-b545-de83-266f-458675e95665', 'meetings_modified_user', 'Users', 'users', 'id', 'Meetings', 'meetings', 'modified_user_id', NULL, NULL, NULL, 'one-to-many', NULL, NULL, 0, 0),
('a50b4f24-bd02-2678-d062-4586758fc9ac', 'meetings_created_by', 'Users', 'users', 'id', 'Meetings', 'meetings', 'created_by', NULL, NULL, NULL, 'one-to-many', NULL, NULL, 0, 0),
('a53dfa88-4d82-ef21-20ce-4586752f1afb', 'meetings_notes', 'Meetings', 'meetings', 'id', 'Notes', 'notes', 'parent_id', NULL, NULL, NULL, 'one-to-many', 'parent_type', 'Meetings', 0, 0),
('a862a80f-7d61-6ba6-fc51-4586757dbfbc', 'tasks_assigned_user', 'Users', 'users', 'id', 'Tasks', 'tasks', 'assigned_user_id', NULL, NULL, NULL, 'one-to-many', NULL, NULL, 0, 0),
('a89953ad-0719-8d74-843f-458675959d3c', 'tasks_modified_user', 'Users', 'users', 'id', 'Tasks', 'tasks', 'modified_user_id', NULL, NULL, NULL, 'one-to-many', NULL, NULL, 0, 0),
('a8cdd3ad-a5f5-6e8c-202e-4586753fafcf', 'tasks_created_by', 'Users', 'users', 'id', 'Tasks', 'tasks', 'created_by', NULL, NULL, NULL, 'one-to-many', NULL, NULL, 0, 0),
('a96fd19f-e2b4-032c-f341-4586750b9d21', 'users_schools', 'Users', 'users', 'id', 'School', 'resource', 'id', 'users_schools', 'user_id', 'school_id', 'many-to-many', NULL, NULL, 0, 0),
('b9aee24c-04d1-2b25-b7d0-458675400e84', 'bug_tasks', 'Bugs', 'bugs', 'id', 'Tasks', 'tasks', 'parent_id', NULL, NULL, NULL, 'one-to-many', 'parent_type', 'Bugs', 0, 0),
('b9e5374c-55c4-4066-142d-4586757d200f', 'bug_meetings', 'Bugs', 'bugs', 'id', 'Meetings', 'meetings', 'parent_id', NULL, NULL, NULL, 'one-to-many', 'parent_type', 'Bugs', 0, 0),
('ba16e1ff-d196-a5b4-b0b4-458675b73cff', 'bug_calls', 'Bugs', 'bugs', 'id', 'Calls', 'calls', 'parent_id', NULL, NULL, NULL, 'one-to-many', 'parent_type', 'Bugs', 0, 0),
('ba48cafb-8a0c-b4b8-8515-45867519a734', 'bug_emails', 'Bugs', 'bugs', 'id', 'Emails', 'emails', 'parent_id', NULL, NULL, NULL, 'one-to-many', 'parent_type', 'Bugs', 0, 0),
('ba7f5bff-436d-3fbf-864f-45867584b4fe', 'bug_notes', 'Bugs', 'bugs', 'id', 'Notes', 'notes', 'parent_id', NULL, NULL, NULL, 'one-to-many', 'parent_type', 'Bugs', 0, 0),
('bab1120c-d9df-5d9d-99d5-458675c7b9a1', 'bugs_assigned_user', 'Users', 'users', 'id', 'Bugs', 'bugs', 'assigned_user_id', NULL, NULL, NULL, 'one-to-many', NULL, NULL, 0, 0),
('bae29e48-b26d-d1a4-0d6c-458675cf41a2', 'bugs_modified_user', 'Users', 'users', 'id', 'Bugs', 'bugs', 'modified_user_id', NULL, NULL, NULL, 'one-to-many', NULL, NULL, 0, 0),
('bb127aba-67f2-19bf-e845-458675839bcc', 'bugs_created_by', 'Users', 'users', 'id', 'Bugs', 'bugs', 'created_by', NULL, NULL, NULL, 'one-to-many', NULL, NULL, 0, 0),
('bb43eb77-ad7e-1fde-979d-4586751c305f', 'bugs_release', 'Releases', 'releases', 'id', 'Bugs', 'bugs', 'found_in_release', NULL, NULL, NULL, 'one-to-many', NULL, NULL, 0, 0),
('bb74e9a7-cd4a-f742-4137-458675132b64', 'bugs_fixed_in_release', 'Releases', 'releases', 'id', 'Bugs', 'bugs', 'fixed_in_release', NULL, NULL, NULL, 'one-to-many', NULL, NULL, 0, 0),
('c1a672b0-db39-de47-76a6-458675a8e38c', 'feeds_assigned_user', 'Users', 'users', 'id', 'Feeds', 'feeds', 'assigned_user_id', NULL, NULL, NULL, 'one-to-many', NULL, NULL, 0, 0),
('c1dd85ec-1ee8-dd62-42ca-458675918369', 'feeds_modified_user', 'Users', 'users', 'id', 'Feeds', 'feeds', 'modified_user_id', NULL, NULL, NULL, 'one-to-many', NULL, NULL, 0, 0),
('c210a007-2eda-b416-b0c8-4586756d0c96', 'feeds_created_by', 'Users', 'users', 'id', 'Feeds', 'feeds', 'created_by', NULL, NULL, NULL, 'one-to-many', NULL, NULL, 0, 0),
('c48c4018-982a-8bc7-6159-458675b0cd1f', 'project_notes', 'Project', 'project', 'id', 'Notes', 'notes', 'parent_id', NULL, NULL, NULL, 'one-to-many', 'parent_type', 'Project', 0, 0),
('c4c6e9b6-be70-f540-fe38-458675ca5552', 'project_meetings', 'Project', 'project', 'id', 'Meetings', 'meetings', 'parent_id', NULL, NULL, NULL, 'one-to-many', 'parent_type', 'Project', 0, 0),
('c4fd8ae0-ba90-3f65-98db-45867590a798', 'project_calls', 'Project', 'project', 'id', 'Calls', 'calls', 'parent_id', NULL, NULL, NULL, 'one-to-many', 'parent_type', 'Project', 0, 0),
('c53480ae-989d-d5e1-e39f-458675c618c5', 'project_emails', 'Project', 'project', 'id', 'Emails', 'emails', 'parent_id', NULL, NULL, NULL, 'one-to-many', 'parent_type', 'Project', 0, 0),
('c56c9bfb-4b54-9b8c-9bf6-458675aa6100', 'project_project_tasks', 'Project', 'project', 'id', 'ProjectTask', 'project_task', 'parent_id', NULL, NULL, NULL, 'one-to-many', NULL, NULL, 0, 0),
('c5a3a057-07c7-5fd6-f539-458675eaff28', 'projects_assigned_user', 'Users', 'users', 'id', 'Project', 'project', 'assigned_user_id', NULL, NULL, NULL, 'one-to-many', NULL, NULL, 0, 0),
('c5d918a0-3cce-7ee8-1ae5-4586751003e6', 'projects_modified_user', 'Users', 'users', 'id', 'Project', 'project', 'modified_user_id', NULL, NULL, NULL, 'one-to-many', NULL, NULL, 0, 0),
('c6108b13-8cfc-843e-fc1c-45867529f6d2', 'projects_created_by', 'Users', 'users', 'id', 'Project', 'project', 'created_by', NULL, NULL, NULL, 'one-to-many', NULL, NULL, 0, 0),
('c7b5eda7-b19f-9ba0-a823-4586756bc810', 'project_task_notes', 'ProjectTask', 'project_task', 'id', 'Notes', 'notes', 'parent_id', NULL, NULL, NULL, 'one-to-many', 'parent_type', 'ProjectTask', 0, 0),
('c7f31de6-ab14-f76d-40b3-458675ef563f', 'project_task_assigned_user', 'Users', 'users', 'id', 'ProjectTask', 'project_task', 'assigned_user_id', NULL, NULL, NULL, 'one-to-many', NULL, NULL, 0, 0),
('c82b02a9-8f36-e0d0-f306-4586754aef1e', 'project_task_modified_user', 'Users', 'users', 'id', 'ProjectTask', 'project_task', 'modified_user_id', NULL, NULL, NULL, 'one-to-many', NULL, NULL, 0, 0),
('c862d96a-e908-d555-d975-4586753d9623', 'project_task_created_by', 'Users', 'users', 'id', 'ProjectTask', 'project_task', 'created_by', NULL, NULL, NULL, 'one-to-many', NULL, NULL, 0, 0),
('cb2446bb-d6ce-594d-a171-4586750dbe2d', 'email_template_email_marketings', 'EmailTemplates', 'email_templates', 'id', 'EmailMarketing', 'email_marketing', 'template_id', NULL, NULL, NULL, 'one-to-many', NULL, NULL, 0, 0),
('ce31efff-6ae2-d972-36d5-458675c071e7', 'campaign_email_marketing', 'Campaigns', 'campaigns', 'id', 'EmailMarketing', 'email_marketing', 'campaign_id', NULL, NULL, NULL, 'one-to-many', NULL, NULL, 0, 0),
('ce682f9a-a620-0be1-b2be-4586759fcc16', 'campaign_emailman', 'Campaigns', 'campaigns', 'id', 'EmailMan', 'emailman', 'campaign_id', NULL, NULL, NULL, 'one-to-many', NULL, NULL, 0, 0),
('ce99dc5c-ce2e-56e1-4fb5-458675a3a34a', 'campaign_campaignlog', 'Campaigns', 'campaigns', 'id', 'CampaignLog', 'campaign_log', 'campaign_id', NULL, NULL, NULL, 'one-to-many', NULL, NULL, 0, 0),
('d0c35869-b447-a681-7a44-458675e65a5b', 'prospect_campaign_log', 'Prospects', 'prospects', 'id', 'CampaignLog', 'campaign_log', 'target_id', NULL, NULL, NULL, 'one-to-many', NULL, NULL, 0, 0),
('d3443e2f-69db-54cf-8e4a-458675168303', 'document_revisions', 'Documents', 'documents', 'id', 'Documents', 'document_revisions', 'document_id', NULL, NULL, NULL, 'one-to-many', NULL, NULL, 0, 0),
('d3824455-ab67-59ba-3cb2-4586758dc102', 'quotes_assigned_user', 'Users', 'users', 'id', 'Quotes', 'quotes', 'assigned_user_id', NULL, NULL, NULL, 'one-to-many', NULL, NULL, 0, 0),
('d3b8e55c-c59a-e4b0-4d53-458675dd3b19', 'quotes_modified_user', 'Users', 'users', 'id', 'Quotes', 'quotes', 'modified_user_id', NULL, NULL, NULL, 'one-to-many', NULL, NULL, 0, 0),
('d3f001b6-8a85-2aaf-7727-45867590b3c2', 'quotes_created_by', 'Users', 'users', 'id', 'Quotes', 'quotes', 'created_by', NULL, NULL, NULL, 'one-to-many', NULL, NULL, 0, 0),
('d4da9c66-2f6f-b945-6d42-458675327f79', 'revisions_created_by', 'Users', 'users', 'id', 'Revisions', 'revisions', 'created_by', NULL, NULL, NULL, 'one-to-many', NULL, NULL, 0, 0),
('da05c279-6dc9-adaf-b376-458675728933', 'schedulers_created_by_rel', 'Users', 'users', 'id', 'Schedulers', 'schedulers', 'created_by', NULL, NULL, NULL, 'one-to-one', NULL, NULL, 0, 0),
('da433df9-4118-3244-859f-45867527275a', 'schedulers_modified_user_id_rel', 'Users', 'users', 'id', 'Schedulers', 'schedulers', 'modified_user_id', NULL, NULL, NULL, 'one-to-one', NULL, NULL, 0, 0),
('da7bc4fc-d314-9b57-4c42-4586754e4b3c', 'schedulers_jobs_rel', 'Schedulers', 'schedulers', 'id', 'SchedulersJobs', 'schedulers_times', 'scheduler_id', NULL, NULL, NULL, 'one-to-many', NULL, NULL, 0, 0),
('e234f8f0-2363-ccc6-e08a-458675e35ad5', 'inbound_email_created_by', 'Users', 'users', 'id', 'InboundEmail', 'inbound_email', 'created_by', NULL, NULL, NULL, 'one-to-one', NULL, NULL, 0, 0),
('e26db7e4-4374-4bd0-b131-458675ac3caf', 'inbound_email_modified_user_id', 'Users', 'users', 'id', 'InboundEmail', 'inbound_email', 'modified_user_id', NULL, NULL, NULL, 'one-to-one', NULL, NULL, 0, 0),
('eaec1fbe-dad7-bfc0-22f1-45867581c54f', 'dashboards_assigned_user', 'Users', 'users', 'id', 'Dashboards', 'dashboards', 'assigned_user_id', NULL, NULL, NULL, 'one-to-many', NULL, NULL, 0, 0),
('eb24f619-9d98-d635-5ca8-45867562ed4a', 'dashboards_modified_user', 'Users', 'users', 'id', 'Dashboards', 'dashboards', 'modified_user_id', NULL, NULL, NULL, 'one-to-many', NULL, NULL, 0, 0),
('eb5beb1e-e84e-3fa7-3501-4586751494d1', 'dashboards_created_by', 'Users', 'users', 'id', 'Dashboards', 'dashboards', 'created_by', NULL, NULL, NULL, 'one-to-many', NULL, NULL, 0, 0),
('f250f94a-cb94-fb0e-64ca-4586750cef32', 'teacher_transactions', 'Teacher', 'contacts', 'id', 'Transaction', 'sms_transaction', 'contact_id', NULL, NULL, NULL, 'one-to-many', NULL, NULL, 0, 0),
('43780c10-98b4-719f-43b6-4586758ecf72', 'student_transactions', 'Student', 'contacts', 'id', 'Transaction', 'sms_transaction', 'contact_id', NULL, NULL, NULL, 'one-to-many', NULL, NULL, 0, 0),
('2229d03c-d6df-314b-bc56-458675a9887a', 'fees_transactions', 'Fee', 'sms_fee', 'id', 'Transaction', 'sms_transaction', 'fee_id', NULL, NULL, NULL, 'one-to-many', NULL, NULL, 0, 0),
('25b8bfa7-18f8-cff9-c95c-4586751265f0', 'salesgroup_fees', 'SalesGroup', 'sms_salesgroup', 'salesno', 'Fee', 'sms_fee', 'id', NULL, NULL, NULL, 'one-to-many', NULL, NULL, 0, 0),
('25f08093-70ed-89eb-9059-45867597f517', 'course_transactions', 'SalesGroup', 'sms_salesgroup', 'salesno', 'Transaction', 'sms_transaction', 'id', NULL, NULL, NULL, 'one-to-many', NULL, NULL, 0, 0),
('28a4b9a7-5a35-1dbd-6752-458675e53748', 'syllabus_assigned_user', 'Users', 'users', 'id', 'Syllabus', 'sms_syllabus', 'assigned_user_id', NULL, NULL, NULL, 'one-to-many', NULL, NULL, 0, 0),
('28dc6960-0b9f-bd3b-e468-458675937d64', 'syllabus_modified_user', 'Users', 'users', 'id', 'Syllabus', 'sms_syllabus', 'modified_user_id', NULL, NULL, NULL, 'one-to-many', NULL, NULL, 0, 0),
('291093d8-c51a-d84f-4d39-4586756c6320', 'syllabus_created_by', 'Users', 'users', 'id', 'Syllabus', 'sms_syllabus', 'created_by', NULL, NULL, NULL, 'one-to-many', NULL, NULL, 0, 0),
('2b76f657-e17f-a0f5-44be-4586756c002c', 'smsdocument_assigned_user', 'Users', 'users', 'id', 'SMSDocument', 'sms_document', 'assigned_user_id', NULL, NULL, NULL, 'one-to-many', NULL, NULL, 0, 0),
('2baf8a73-9fad-67b8-62fa-458675971f23', 'smsdocument_modified_user', 'Users', 'users', 'id', 'SMSDocument', 'sms_document', 'modified_user_id', NULL, NULL, NULL, 'one-to-many', NULL, NULL, 0, 0),
('2be36c6a-4935-64c7-ed72-45867528ba3c', 'smsdocument_created_by', 'Users', 'users', 'id', 'SMSDocument', 'sms_document', 'created_by', NULL, NULL, NULL, 'one-to-many', NULL, NULL, 0, 0),
('3c1d69b1-4a79-1964-c0b7-45867569ed7a', 'event_schedule', 'SMSEvent', 'smsevent', 'id', 'EventInstance', 'sms_event_instance', 'parent_id', NULL, NULL, NULL, 'one-to-many', NULL, NULL, 0, 0),
('3c55722c-9217-5e43-1558-4586750c411d', 'course_fees', 'Course', 'smsevent', 'id', 'Fee', 'sms_fee', 'event_id', NULL, NULL, NULL, 'one-to-many', NULL, NULL, 0, 0),
('3ca5bb8f-9359-289c-b38b-458675d713bc', 'course_classes', 'Course', 'smsevent', 'id', 'EventInstance', 'sms_event_instance', 'parent_id', NULL, NULL, NULL, 'one-to-many', NULL, NULL, 0, 0),
('3cdaa9d2-f4ed-e8f4-d33a-4586751b634b', 'syllabus', 'Course', 'smsevent', 'id', 'Syllabus', 'sms_syllabus', 'parent_id', NULL, NULL, NULL, 'one-to-many', NULL, NULL, 0, 0),
('3d0c5fbf-58c9-51b6-0079-4586757acb72', 'memo_event', 'Course', 'smsevent', 'id', 'SMSMemo', 'sms_memo', 'parent_id', NULL, NULL, NULL, 'one-to-many', NULL, NULL, 0, 0),
('3d3f52a3-7a14-43e0-86fd-458675c33e22', 'smsdocument', 'Course', 'smsevent', 'id', 'SMSDocument', 'sms_document', 'parent_id', NULL, NULL, NULL, 'one-to-many', NULL, NULL, 0, 0),
('4ce953d2-7f62-afa0-a7ac-458675fa5577', 'seminar_schedule', 'SMSSeminar', 'smsevent', 'id', 'EventInstance', 'sms_event_instance', 'parent_id', NULL, NULL, NULL, 'one-to-many', NULL, NULL, 0, 0),
('50da6494-3539-7318-62e8-458675ee783f', 'memo_eventinstance', 'EventInstance', 'sms_event_instance', 'id', 'SMSMemo', 'sms_memo', 'parent_id', NULL, NULL, NULL, 'one-to-many', NULL, NULL, 0, 0),
('545f4b12-9c54-f523-c9bb-458675e992b6', 'homework_assigned_user', 'Users', 'users', 'id', 'HomeWork', 'homework', 'assigned_user_id', NULL, NULL, NULL, 'one-to-many', NULL, NULL, 0, 0),
('5498e05e-0bd6-1ba5-55f8-458675c2cda6', 'homework_modified_user', 'Users', 'users', 'id', 'HomeWork', 'homework', 'modified_user_id', NULL, NULL, NULL, 'one-to-many', NULL, NULL, 0, 0),
('54cda4ce-d2f4-e634-f9e2-458675581f02', 'homework_created_by', 'Users', 'users', 'id', 'HomeWork', 'homework', 'created_by', NULL, NULL, NULL, 'one-to-many', NULL, NULL, 0, 0),
('5d8eebe8-19fa-8b5c-fde9-458675e82c61', 'memo_assigned_user', 'Users', 'users', 'id', 'Memo', 'memo', 'assigned_user_id', NULL, NULL, NULL, 'one-to-many', NULL, NULL, 0, 0),
('5dc8c764-cfbc-776e-557d-45867505e1ee', 'memo_modified_user', 'Users', 'users', 'id', 'Memo', 'memo', 'modified_user_id', NULL, NULL, NULL, 'one-to-many', NULL, NULL, 0, 0),
('5dfa7062-a40e-3783-a687-458675b0255f', 'memo_created_by', 'Users', 'users', 'id', 'Memo', 'memo', 'created_by', NULL, NULL, NULL, 'one-to-many', NULL, NULL, 0, 0),
('71d4168f-97d6-999c-3295-458675a1c5ef', 'accounts_bugs', 'Accounts', 'accounts', 'id', 'Bugs', 'bugs', 'id', 'accounts_bugs', 'account_id', 'bug_id', 'many-to-many', NULL, NULL, 0, 0),
('72107dda-510c-d9e7-1e08-4586754e7a2c', 'accounts_contacts', 'Accounts', 'accounts', 'id', 'Contacts', 'contacts', 'id', 'accounts_contacts', 'account_id', 'contact_id', 'many-to-many', NULL, NULL, 0, 0),
('72473969-7bbc-b341-87c6-458675c03f4c', 'accounts_opportunities', 'Accounts', 'accounts', 'id', 'Opportunities', 'opportunities', 'id', 'accounts_opportunities', 'account_id', 'opportunity_id', 'many-to-many', NULL, NULL, 0, 0),
('727e9fea-d6f1-1541-d852-4586758d1516', 'calls_contacts', 'Calls', 'calls', 'id', 'Contacts', 'contacts', 'id', 'calls_contacts', 'call_id', 'contact_id', 'many-to-many', NULL, NULL, 0, 0),
('72b73948-7fde-e4c2-fa7d-4586753028da', 'calls_users', 'Calls', 'calls', 'id', 'Users', 'users', 'id', 'calls_users', 'call_id', 'user_id', 'many-to-many', NULL, NULL, 0, 0),
('72f01e49-f5e8-f62d-1bb2-4586756ddd47', 'cases_bugs', 'Cases', 'cases', 'id', 'Bugs', 'bugs', 'id', 'cases_bugs', 'case_id', 'bug_id', 'many-to-many', NULL, NULL, 0, 0),
('732866ad-4891-6e63-8d34-458675d0d959', 'contacts_bugs', 'Contacts', 'contacts', 'id', 'Bugs', 'bugs', 'id', 'contacts_bugs', 'contact_id', 'bug_id', 'many-to-many', NULL, NULL, 0, 0),
('73612a05-22e6-5140-03a1-458675227bd9', 'contacts_cases', 'Contacts', 'contacts', 'id', 'Cases', 'cases', 'id', 'contacts_cases', 'contact_id', 'case_id', 'many-to-many', NULL, NULL, 0, 0),
('739ae001-9090-1243-d66f-4586753d05f0', 'contacts_users', 'Contacts', 'contacts', 'id', 'Users', 'users', 'id', 'contacts_users', 'contact_id', 'user_id', 'many-to-many', NULL, NULL, 0, 0),
('73d8cfdb-9b86-9535-d225-45867567a570', 'emails_cases_rel', 'Emails', 'emails', 'id', 'Cases', 'cases', 'id', 'emails_cases', 'email_id', 'case_id', 'many-to-many', NULL, NULL, 0, 0),
('7412bc2b-e1c7-0359-11bd-458675837e7b', 'emails_contacts', 'Emails', 'emails', 'id', 'Contacts', 'contacts', 'id', 'emails_contacts', 'email_id', 'contact_id', 'many-to-many', NULL, NULL, 0, 0),
('745903ee-60b5-badb-931d-4586759157e9', 'emails_users', 'Emails', 'emails', 'id', 'Users', 'users', 'id', 'emails_users', 'email_id', 'user_id', 'many-to-many', NULL, NULL, 0, 0),
('749563cb-1815-ef7b-9daf-458675b90945', 'event_contacts', 'SMSEvent', 'smsevent', 'id', 'Contacts', 'contacts', 'id', 'event_contacts', 'event_id', 'contact_id', 'many-to-many', NULL, NULL, 0, 0),
('74cff382-5648-2b9c-71c4-458675761964', 'event_resource', 'SMSEvent', 'smsevent', 'id', 'Resource', 'resource', 'id', 'event_resource', 'event_id', 'resource_id', 'many-to-many', NULL, NULL, 0, 0),
('750881fd-6996-14c5-a34f-458675edaf31', 'person_contacts', 'Contacts', 'contacts', 'id', 'Contacts', 'contacts', 'id', 'person_contacts', 'person_id', 'contact_id', 'many-to-many', NULL, NULL, 0, 0),
('75413b10-75d6-b20a-624b-458675706131', 'meetings_contacts', 'Meetings', 'meetings', 'id', 'Contacts', 'contacts', 'id', 'meetings_contacts', 'meeting_id', 'contact_id', 'many-to-many', NULL, NULL, 0, 0),
('75796860-4aa7-8aee-8be1-45867504f6a2', 'meetings_users', 'Meetings', 'meetings', 'id', 'Users', 'users', 'id', 'meetings_users', 'meeting_id', 'user_id', 'many-to-many', NULL, NULL, 0, 0),
('75b0f919-7cbd-6ec3-ba88-458675a88653', 'opportunities_contacts', 'Opportunities', 'opportunities', 'id', 'Contacts', 'contacts', 'id', 'opportunities_contacts', 'opportunity_id', 'contact_id', 'many-to-many', NULL, NULL, 0, 0),
('75ed5142-60a4-f77b-1438-4586758f5cfd', 'prospect_list_campaigns', 'ProspectLists', 'prospect_lists', 'id', 'Campaigns', 'campaigns', 'id', 'prospect_list_campaigns', 'prospect_list_id', 'campaign_id', 'many-to-many', NULL, NULL, 0, 0),
('7628af9a-3dda-74c4-cdfa-4586753c34e7', 'prospect_list_contacts', 'ProspectLists', 'prospect_lists', 'id', 'Contacts', 'contacts', 'id', 'prospect_lists_prospects', 'prospect_list_id', 'related_id', 'many-to-many', 'related_type', 'Contacts', 0, 0),
('7660aff1-3ea7-55e3-d266-45867561b419', 'prospect_list_student', 'ProspectLists', 'prospect_lists', 'id', 'Student', 'contacts', 'id', 'prospect_lists_prospects', 'prospect_list_id', 'related_id', 'many-to-many', 'related_type', 'Contacts', 0, 0),
('76994298-367b-6d23-b295-458675680406', 'prospect_list_teacher', 'ProspectLists', 'prospect_lists', 'id', 'Teacher', 'contacts', 'id', 'prospect_lists_prospects', 'prospect_list_id', 'related_id', 'many-to-many', 'related_type', 'Contacts', 0, 0),
('76d04697-3d2e-96fc-88c3-458675eaf614', 'prospect_list_prospects', 'ProspectLists', 'prospect_lists', 'id', 'Prospects', 'prospects', 'id', 'prospect_lists_prospects', 'prospect_list_id', 'related_id', 'many-to-many', 'related_type', 'Prospects', 0, 0),
('7707e946-040d-a409-7978-458675754cde', 'prospect_list_leads', 'ProspectLists', 'prospect_lists', 'id', 'Leads', 'leads', 'id', 'prospect_lists_prospects', 'prospect_list_id', 'related_id', 'many-to-many', 'related_type', 'Leads', 0, 0),
('774008ca-2127-6488-88b0-458675f6b3c0', 'prospect_list_users', 'ProspectLists', 'prospect_lists', 'id', 'Users', 'users', 'id', 'prospect_lists_prospects', 'prospect_list_id', 'related_id', 'many-to-many', 'related_type', 'Users', 0, 0),
('777c2619-9a21-32d9-f570-458675d6d31f', 'roles_users', 'Roles', 'roles', 'id', 'Users', 'users', 'id', 'roles_users', 'role_id', 'user_id', 'many-to-many', NULL, NULL, 0, 0),
('77b4ca95-0981-711e-b21b-458675abd216', 'projects_accounts', 'Accounts', 'accounts', 'id', 'Project', 'project', 'id', 'project_relation', 'relation_id', 'project_id', 'many-to-many', 'relation_type', 'Accounts', 0, 0),
('77ebe538-908a-a64b-7faa-45867594bdfb', 'projects_contacts', 'Project', 'project', 'id', 'Contacts', 'contacts', 'id', 'project_relation', 'project_id', 'relation_id', 'many-to-many', 'relation_type', 'Contacts', 0, 0),
('7822df77-56bd-0760-2179-45867570bce1', 'projects_opportunities', 'Project', 'project', 'id', 'Opportunities', 'opportunities', 'id', 'project_relation', 'project_id', 'relation_id', 'many-to-many', 'relation_type', 'Opportunities', 0, 0),
('78590f8d-d21c-de5e-bbe5-458675d16144', 'projects_quotes', 'Project', 'project', 'id', 'Quotes', 'quotes', 'id', 'project_relation', 'project_id', 'relation_id', 'many-to-many', 'relation_type', 'Quotes', 0, 0),
('7893f878-abff-9c56-750f-45867569fb61', 'course_categories_contacts', 'CourseCategory', 'course_category', 'id', 'Contacts', 'contacts', 'id', 'course_categories_contacts', 'course_category_id', 'contact_id', 'many-to-many', NULL, NULL, 0, 0),
('78cbf53f-dbd0-4acf-305e-458675009f56', 'contacts_sms_memo', 'Contacts', 'contacts', 'id', 'SMSMemo', 'sms_memo', 'id', 'contacts_sms_memo', 'contact_id', 'sms_memo_id', 'many-to-many', NULL, NULL, 0, 0),
('793dc6e2-bef2-7cea-471c-458675c609f8', 'email_marketing_prospect_lists', 'EmailMarketing', 'email_marketing', 'id', 'ProspectLists', 'prospect_lists', 'id', 'email_marketing_prospect_lists', 'email_marketing_id', 'prospect_list_id', 'many-to-many', NULL, NULL, 0, 0);

-- --------------------------------------------------------

--
-- Table structure for table `releases`
--

CREATE TABLE IF NOT EXISTS `releases` (
  `id` varchar(36) NOT NULL default '',
  `deleted` tinyint(1) NOT NULL default '0',
  `date_entered` datetime NOT NULL default '0000-00-00 00:00:00',
  `date_modified` datetime NOT NULL default '0000-00-00 00:00:00',
  `modified_user_id` varchar(36) NOT NULL default '',
  `created_by` varchar(36) default NULL,
  `name` varchar(50) NOT NULL default '',
  `list_order` int(4) default NULL,
  `status` varchar(25) default NULL,
  PRIMARY KEY  (`id`),
  KEY `idx_releases` (`name`,`deleted`)
) ENGINE=MyISAM DEFAULT CHARSET=utf8;

--
-- Dumping data for table `releases`
--


-- --------------------------------------------------------

--
-- Table structure for table `resource`
--

CREATE TABLE IF NOT EXISTS `resource` (
  `id` varchar(36) NOT NULL default '',
  `school_id` varchar(36) default NULL,
  `date_entered` datetime NOT NULL default '0000-00-00 00:00:00',
  `date_modified` datetime NOT NULL default '0000-00-00 00:00:00',
  `modified_user_id` varchar(36) NOT NULL default '',
  `created_by` varchar(36) default NULL,
  `name` varchar(150) default NULL,
  `shortname` varchar(12) default NULL,
  `description` text,
  `category` varchar(50) default NULL,
  `location` varchar(150) default NULL,
  `deleted` tinyint(1) NOT NULL default '0',
  `capacity` smallint(4) default NULL,
  `resource_attributes` text,
  `common_code` varchar(36) default NULL,
  `activation_key` varchar(36) NOT NULL,
  `area_id` varchar(10) default NULL,
  PRIMARY KEY  (`id`),
  KEY `school_id` (`school_id`),
  KEY `category` (`category`)
) ENGINE=MyISAM DEFAULT CHARSET=utf8;

--
-- Dumping data for table `resource`
--

INSERT INTO `resource` (`id`, `school_id`, `date_entered`, `date_modified`, `modified_user_id`, `created_by`, `name`, `shortname`, `description`, `category`, `location`, `deleted`, `capacity`, `resource_attributes`, `common_code`, `activation_key`, `area_id`) VALUES
('sssssss-1111', '01', '2006-01-20 19:07:48', '2012-07-15 13:34:44', '1', '1', '新宿', NULL, NULL, 'school', NULL, 0, NULL, NULL, NULL, '', '首都圏'),
('687ec71c-1c7d-6c97-fc2a-4c889fc5d652', '99', '2010-09-09 17:50:04', '2010-09-09 17:50:04', '1', '1', 'test campus', NULL, NULL, 'school', NULL, 0, NULL, NULL, NULL, '', 'test'),
('49caa19d-9872-3095-6bd4-5001d0aa692d', '03', '2012-07-15 05:03:38', '2012-07-15 05:03:38', '1', '1', '横浜', NULL, NULL, 'school', NULL, 0, NULL, NULL, NULL, '', '首都圏'),
('a32c39d6-45da-a750-6e4d-5001d0bd7a8d', '05', '2012-07-15 05:03:49', '2012-10-26 14:47:33', 'a437cc11-564c-e5c4-3ff0-4c88c6961e3b', '1', '立川', NULL, NULL, 'school', NULL, 0, NULL, NULL, NULL, '', '首都圏'),
('b0845182-f1bc-145f-0560-5001d0cbee2a', '06', '2012-07-15 05:04:02', '2012-10-26 14:47:50', 'a437cc11-564c-e5c4-3ff0-4c88c6961e3b', '1', '湘南', NULL, NULL, 'school', NULL, 0, NULL, NULL, NULL, '', '首都圏'),
('28e74451-24cc-c806-9642-5001d0f926d9', '17', '2012-07-15 05:04:19', '2012-10-26 14:48:28', 'a437cc11-564c-e5c4-3ff0-4c88c6961e3b', '1', '札幌', NULL, NULL, 'school', NULL, 0, NULL, NULL, NULL, '', '北海道'),
('c083c4e8-6f1d-24ea-fd47-5001d0b9910f', '20', '2012-07-15 05:04:50', '2012-10-26 14:50:24', 'a437cc11-564c-e5c4-3ff0-4c88c6961e3b', '1', '中之島', NULL, NULL, 'school', NULL, 0, NULL, NULL, NULL, '', '大阪'),
('bb0d4d73-13a4-b000-36a6-5001d0094cb6', '29', '2012-07-15 05:05:09', '2012-10-26 14:50:33', 'a437cc11-564c-e5c4-3ff0-4c88c6961e3b', '1', '梅田', NULL, NULL, 'school', NULL, 0, NULL, NULL, NULL, '', '大阪'),
('5bc40075-3911-d52a-a0f8-5001d15a06e5', '24', '2012-07-15 05:05:20', '2012-10-26 14:53:32', 'a437cc11-564c-e5c4-3ff0-4c88c6961e3b', '1', '芦屋', NULL, NULL, 'school', NULL, 0, NULL, NULL, NULL, '', '大阪'),
('5ea7a466-203e-45f4-582c-5001d12b64db', '22', '2012-07-15 05:05:32', '2012-10-26 14:52:12', 'a437cc11-564c-e5c4-3ff0-4c88c6961e3b', '1', '川西', NULL, NULL, 'school', NULL, 0, NULL, NULL, NULL, '', '大阪'),
('c387f0ac-5700-6490-3264-5001d1127ee7', '28', '2012-07-15 05:05:47', '2012-10-26 14:53:27', 'a437cc11-564c-e5c4-3ff0-4c88c6961e3b', '1', '京都', NULL, NULL, 'school', NULL, 0, NULL, NULL, NULL, '', '大阪'),
('a312c57a-0e45-6f65-0402-5001d1e84f1d', '37', '2012-07-15 05:05:57', '2012-10-26 14:54:19', 'a437cc11-564c-e5c4-3ff0-4c88c6961e3b', '1', '福岡', NULL, NULL, 'school', NULL, 0, NULL, NULL, NULL, '', '九州'),
('1ca1eb40-372a-27a2-bf44-5001d1ad9d91', '36', '2012-07-15 05:06:08', '2012-07-15 05:06:08', '1', '1', '北九州', NULL, NULL, 'school', NULL, 0, NULL, NULL, NULL, '', '九州'),
('e86510a2-302b-7c34-250d-5001d1fc1b41', '45', '2012-07-15 05:06:16', '2012-10-26 14:54:04', 'a437cc11-564c-e5c4-3ff0-4c88c6961e3b', '1', '名古屋', NULL, NULL, 'school', NULL, 0, NULL, NULL, NULL, '', '名古屋'),
('bf737929-0509-7bfe-586f-500248ae9b81', '98', '2012-07-15 13:34:22', '2012-10-10 10:55:44', 'a437cc11-564c-e5c4-3ff0-4c88c6961e3b', '1', '本社', NULL, NULL, 'school', NULL, 0, NULL, NULL, NULL, '', '首都圏'),
('b6f500bc-f75c-7d53-a148-5004d638fd32', 'sssssss-1111', '2012-07-17 12:06:38', '2012-09-24 08:35:44', 'a437cc11-564c-e5c4-3ff0-4c88c6961e3b', 'a437cc11-564c-e5c4-3ff0-4c88c6961e3b', '31教室', NULL, NULL, 'classroom', NULL, 0, 20, 'YTowOnt9', NULL, '', NULL),
('2a35975b-eaeb-5e06-b9d0-5004d6061046', 'sssssss-1111', '2012-07-17 12:06:53', '2012-07-17 12:07:11', 'a437cc11-564c-e5c4-3ff0-4c88c6961e3b', 'a437cc11-564c-e5c4-3ff0-4c88c6961e3b', '102', NULL, NULL, 'classroom', NULL, 0, 20, 'YTowOnt9', NULL, '', NULL),
('afe952a0-aad2-f7a2-a1e0-5004d6baf502', 'sssssss-1111', '2012-07-17 12:07:16', '2012-07-17 12:07:16', 'a437cc11-564c-e5c4-3ff0-4c88c6961e3b', 'a437cc11-564c-e5c4-3ff0-4c88c6961e3b', '103', NULL, NULL, 'classroom', NULL, 0, 20, 'YTowOnt9', NULL, '', NULL),
('30adbfae-6701-4958-97c1-5004d6d515b5', 'sssssss-1111', '2012-07-17 12:07:22', '2012-07-17 12:07:22', 'a437cc11-564c-e5c4-3ff0-4c88c6961e3b', 'a437cc11-564c-e5c4-3ff0-4c88c6961e3b', '104', NULL, NULL, 'classroom', NULL, 0, 20, 'YTowOnt9', NULL, '', NULL),
('c80f5881-8034-3e38-df59-5004d67abe89', 'sssssss-1111', '2012-07-17 12:07:26', '2012-12-26 17:22:36', '7f773a56-0a02-88a3-bf88-50d93300b49c', 'a437cc11-564c-e5c4-3ff0-4c88c6961e3b', '105', NULL, NULL, 'classroom', '新宿住友ビル７階', 0, 20, 'YTowOnt9', NULL, '', NULL),
('93e8f411-9761-4c50-2730-5004d60ae0b7', 'sssssss-1111', '2012-07-17 12:07:32', '2012-07-17 12:07:32', 'a437cc11-564c-e5c4-3ff0-4c88c6961e3b', 'a437cc11-564c-e5c4-3ff0-4c88c6961e3b', '106', NULL, NULL, 'classroom', NULL, 0, 20, 'YTowOnt9', NULL, '', NULL),
('1aa16015-6b8f-7ff9-b2f3-5004d61f4f99', 'sssssss-1111', '2012-07-17 12:07:37', '2012-07-17 12:07:37', 'a437cc11-564c-e5c4-3ff0-4c88c6961e3b', 'a437cc11-564c-e5c4-3ff0-4c88c6961e3b', '107', NULL, NULL, 'classroom', NULL, 0, 20, 'YTowOnt9', NULL, '', NULL),
('53103cc7-808f-d2de-6012-5004d66cdb6a', 'sssssss-1111', '2012-07-17 12:07:42', '2012-07-17 12:07:42', 'a437cc11-564c-e5c4-3ff0-4c88c6961e3b', 'a437cc11-564c-e5c4-3ff0-4c88c6961e3b', '108', NULL, NULL, 'classroom', NULL, 0, 20, 'YTowOnt9', NULL, '', NULL),
('a28698d7-36e8-914a-5bea-5004f94623aa', '687ec71c-1c7d-6c97-fc2a-4c889fc5d652', '2012-07-17 14:35:27', '2012-07-17 14:35:27', 'a437cc11-564c-e5c4-3ff0-4c88c6961e3b', 'a437cc11-564c-e5c4-3ff0-4c88c6961e3b', '201教室', NULL, NULL, 'classroom', NULL, 0, NULL, 'YTowOnt9', NULL, '', NULL),
('89a1133e-4bed-f959-169a-505c100886d1', 'sssssss-1111', '2012-09-21 15:59:17', '2012-09-21 15:59:17', 'a437cc11-564c-e5c4-3ff0-4c88c6961e3b', 'a437cc11-564c-e5c4-3ff0-4c88c6961e3b', '新宿01', NULL, NULL, 'classroom', NULL, 0, NULL, 'YTowOnt9', NULL, '', NULL),
('4dac1600-cfec-aae9-e2ee-506901c68069', '15', '2012-10-01 11:37:20', '2012-11-23 16:27:18', '1', '1', 'マスタ管理', NULL, NULL, 'school', NULL, 1, NULL, NULL, NULL, '', '首都圏'),
('3f48683b-116a-df5d-949b-50d7d93fa250', 'sssssss-1111', '2012-12-24 13:26:28', '2013-02-12 15:26:51', 'a437cc11-564c-e5c4-3ff0-4c88c6961e3b', 'a437cc11-564c-e5c4-3ff0-4c88c6961e3b', '横浜01', NULL, NULL, 'classroom', NULL, 1, NULL, 'YTowOnt9', NULL, '', NULL),
('12300de0-43eb-0c2e-d50e-50d90cc4678d', 'sssssss-1111', '2012-12-25 11:17:47', '2012-12-25 11:17:47', 'a437cc11-564c-e5c4-3ff0-4c88c6961e3b', 'a437cc11-564c-e5c4-3ff0-4c88c6961e3b', '908', NULL, NULL, 'classroom', '東京都港区芝大門1-2-9', 0, NULL, 'YTowOnt9', NULL, '', NULL),
('5a35f45f-b9ba-796f-869f-50d90cdf0e0c', 'sssssss-1111', '2012-12-25 11:17:49', '2012-12-25 11:17:49', '219076bd-3fc5-3940-474a-50d8fbac517a', '219076bd-3fc5-3940-474a-50d8fbac517a', '999', NULL, NULL, 'classroom', '横浜市３３３３３', 0, NULL, 'YTowOnt9', NULL, '', NULL),
('9e78a15c-8369-c105-34ed-50da97af0c4b', 'sssssss-1111', '2012-12-26 15:21:37', '2012-12-26 15:23:27', '147c4b18-8ff6-c029-487a-50d933cee1a1', '147c4b18-8ff6-c029-487a-50d933cee1a1', '７４号室', '７４', '音楽設備', 'classroom', '新宿区西新宿２－６－１', 0, 100, 'YTowOnt9', NULL, '', NULL),
('4204bc9b-181b-766b-795b-50da97788d89', 'sssssss-1111', '2012-12-26 15:22:10', '2012-12-26 15:23:58', '7f773a56-0a02-88a3-bf88-50d93300b49c', '7f773a56-0a02-88a3-bf88-50d93300b49c', '住友ホール', NULL, NULL, 'classroom', '新宿住友ビルB1', 0, 300, 'YTowOnt9', NULL, '', NULL),
('e6a28d23-3ed0-729d-da95-50da974f57ba', 'sssssss-1111', '2012-12-26 15:22:13', '2012-12-26 15:22:39', '967ab850-aafc-c160-943a-50d9300977e7', '967ab850-aafc-c160-943a-50d9300977e7', '講師控え室兼応接室', NULL, NULL, 'classroom', NULL, 0, 8, 'YTowOnt9', NULL, '', NULL),
('5cefe7fb-093d-0858-28f0-50da97bdb21b', 'sssssss-1111', '2012-12-26 15:23:00', '2012-12-26 15:23:00', 'a437cc11-564c-e5c4-3ff0-4c88c6961e3b', 'a437cc11-564c-e5c4-3ff0-4c88c6961e3b', '50教室', NULL, NULL, 'classroom', '東京都新宿西新宿2-6-1', 0, 25, 'YTowOnt9', NULL, '', NULL),
('aefe9633-7820-1805-fd1f-50da975ab3ee', 'sssssss-1111', '2012-12-26 15:23:07', '2012-12-26 15:23:54', '99290008-b709-5558-2abb-50d933bdfc54', '99290008-b709-5558-2abb-50d933bdfc54', '３０号', NULL, NULL, 'classroom', '東京都新宿区西新宿２－６－１', 0, 20, 'YTowOnt9', NULL, '', NULL),
('92d20eb4-736b-2ed6-2be9-50da97fa25a0', 'sssssss-1111', '2012-12-26 15:23:15', '2012-12-26 15:23:15', '5e070921-e5f8-3617-3c3f-50d9308df71f', '5e070921-e5f8-3617-3c3f-50d9308df71f', '７８', '７８', '７７号となり', 'classroom', '新宿住友ビル７階', 0, 100, 'YTowOnt9', NULL, '', NULL),
('8d4e43a4-69a3-52dc-781d-50da97ee9592', 'sssssss-1111', '2012-12-26 15:23:16', '2012-12-26 15:23:16', '3e24d200-6381-e2e7-31e6-50d93380f383', '3e24d200-6381-e2e7-31e6-50d93380f383', '新宿住友ビル7階　75号室', '75号室', NULL, 'classroom', '新宿区西新宿2-6-1新宿住友ビル7階', 0, 50, 'YTowOnt9', NULL, '', NULL),
('846b237b-727d-748a-2902-50ef981ff66e', 'sssssss-1111', '2013-01-11 13:42:10', '2013-01-11 13:42:10', 'c4e4444a-259d-eb06-92ef-50d9348e6214', 'c4e4444a-259d-eb06-92ef-50d9348e6214', '新宿住友ビル4階1号室', NULL, NULL, 'classroom', NULL, 0, 50, 'YTowOnt9', NULL, '', NULL),
('3572db48-d3cd-ef59-5d69-50ef98a560ba', 'sssssss-1111', '2013-01-11 13:42:35', '2013-01-11 13:42:35', 'c4e4444a-259d-eb06-92ef-50d9348e6214', 'c4e4444a-259d-eb06-92ef-50d9348e6214', '新宿住友ビル4階2号室', NULL, NULL, 'classroom', NULL, 0, 50, 'YTowOnt9', NULL, '', NULL),
('41dd23cf-04f6-e685-04b0-50ef987b9cb1', 'sssssss-1111', '2013-01-11 13:44:40', '2013-01-11 13:45:37', 'c4e4444a-259d-eb06-92ef-50d9348e6214', 'c4e4444a-259d-eb06-92ef-50d9348e6214', 'ホテル花月園', NULL, NULL, 'classroom', '〒2500631　神奈川県足柄下郡箱根町仙石原1244', 0, 100, 'YTowOnt9', NULL, '', NULL),
('1ee8c474-d868-b528-005e-50ef999fb430', 'sssssss-1111', '2013-01-11 13:46:23', '2013-01-11 13:46:47', 'c4e4444a-259d-eb06-92ef-50d9348e6214', 'c4e4444a-259d-eb06-92ef-50d9348e6214', '紀伊國屋サザンシアター', NULL, NULL, 'classroom', '〒1510051　渋谷区千駄ヶ谷5-24-2', 0, 550, 'YTowOnt9', NULL, '', NULL),
('745de69e-0035-4a73-7671-511340c92a8a', 'sssssss-1111', '2013-02-07 14:51:14', '2013-02-07 14:51:14', '7822a720-e764-5845-a896-5110c8cc2b83', '7822a720-e764-5845-a896-5110c8cc2b83', '新橋演舞場', '歌舞伎座', NULL, 'classroom', '東京都中央区', 0, 250, 'YTowOnt9', NULL, '', NULL),
('d3292a94-9858-135b-e7c6-51191b87d20e', '49caa19d-9872-3095-6bd4-5001d0aa692d', '2013-02-12 01:26:17', '2013-02-12 01:26:17', '1', '1', '横浜１', NULL, NULL, 'classroom', NULL, 0, NULL, 'YTowOnt9', NULL, '', NULL),
('50e3fb3f-4bfa-af3b-2362-5121a4dff4e3', 'bf737929-0509-7bfe-586f-500248ae9b81', '2013-02-18 12:50:16', '2013-02-18 12:50:16', '1', '1', '共通', NULL, NULL, 'tanmatsu', NULL, 0, NULL, 'YTowOnt9', NULL, '', NULL),
('86024d6c-2c9f-22e5-a780-511fcc643a10', 'sssssss-1111', '2013-02-17 03:14:07', '2013-02-17 03:14:07', '1', '1', '新宿3階2', NULL, NULL, 'tanmatsu', NULL, 0, NULL, 'YTowOnt9', NULL, '', NULL),
('a09ae8da-32c9-5d91-1620-511fccf50c1f', 'sssssss-1111', '2013-02-17 03:13:46', '2013-02-17 03:14:20', '1', '1', '新宿3階1', NULL, NULL, 'tanmatsu', NULL, 0, NULL, 'YTowOnt9', NULL, '', NULL),
('bd90ff50-9738-8d04-1214-5120685754d3', '49caa19d-9872-3095-6bd4-5001d0aa692d', '2013-02-17 14:18:44', '2013-02-17 14:18:44', '1', '1', '横浜1', NULL, NULL, 'tanmatsu', NULL, 0, NULL, 'YTowOnt9', NULL, '', NULL),
('d48a5121-d9b1-1516-0614-5121cfb59e91', 'b0845182-f1bc-145f-0560-5001d0cbee2a', '2013-02-18 15:52:26', '2013-02-18 16:05:46', '7822a720-e764-5845-a896-5110c8cc2b83', '1', '湘南01', NULL, NULL, 'tanmatsu', NULL, 1, NULL, 'YTowOnt9', NULL, '', NULL),
('82cbb0e0-c4b5-02d7-4a24-5121d2151fbf', 'b0845182-f1bc-145f-0560-5001d0cbee2a', '2013-02-18 16:05:24', '2013-02-18 16:05:24', '7822a720-e764-5845-a896-5110c8cc2b83', '7822a720-e764-5845-a896-5110c8cc2b83', '湘南2', NULL, NULL, 'tanmatsu', NULL, 0, NULL, 'YTowOnt9', NULL, '', NULL),
('47fcd0f9-91ed-22a6-b859-5121d2c72daa', 'b0845182-f1bc-145f-0560-5001d0cbee2a', '2013-02-18 16:05:57', '2013-02-18 16:05:57', '7822a720-e764-5845-a896-5110c8cc2b83', '7822a720-e764-5845-a896-5110c8cc2b83', '湘南1', NULL, NULL, 'tanmatsu', NULL, 0, NULL, 'YTowOnt9', NULL, '', NULL);

-- --------------------------------------------------------

--
-- Table structure for table `resource_sub1`
--

CREATE TABLE IF NOT EXISTS `resource_sub1` (
  `id_sub1` varchar(36) NOT NULL,
  `tel_c` varchar(25) default NULL,
  `address_c` varchar(128) default NULL,
  `rules_c` text,
  `fax_c` varchar(25) default NULL,
  `id_label_c` varchar(100) default NULL,
  `last_student_id_c` varchar(10) default NULL,
  `last_invoice_id_c` varchar(10) default NULL,
  `last_teacher_id_c` varchar(10) default NULL,
  `rules_teacher_c` text,
  `rules_staff_c` text,
  `bank_account_c` text,
  `bank_account_receipt_c` text,
  `tantosha_c` varchar(50) default NULL,
  `shimebi_c` date default '2001-01-01',
  PRIMARY KEY  (`id_sub1`)
) ENGINE=MyISAM DEFAULT CHARSET=utf8;

--
-- Dumping data for table `resource_sub1`
--

INSERT INTO `resource_sub1` (`id_sub1`, `tel_c`, `address_c`, `rules_c`, `fax_c`, `id_label_c`, `last_student_id_c`, `last_invoice_id_c`, `last_teacher_id_c`, `rules_teacher_c`, `rules_staff_c`, `bank_account_c`, `bank_account_receipt_c`, `tantosha_c`, `shimebi_c`) VALUES
('sssssss-1111', '', '', '１：来校の際は必ずお持ちください。\r\n２：他人への貸与、譲渡はできません。\r\n３：図書館を利用する際は、このカードが必要になります。\r\n４：紛失した場合は、すぐにご連絡ください。\r\n５：有効期限が過ぎたものは使用できません。', '', '', '211', '521', '90036', '', '', '', '', '', '2012-11-29'),
('687ec71c-1c7d-6c97-fc2a-4c889fc5d652', '', '', '', '', '', '2', '2', '90001', '', '', '', '', '', '2012-12-01'),
('49caa19d-9872-3095-6bd4-5001d0aa692d', '', '', '', '', '', '8', '9', '90000', '', '', '', '', '', '2012-12-01'),
('a32c39d6-45da-a750-6e4d-5001d0bd7a8d', '', '', '', '', '', '', '2', '90000', '', '', '', '', '', '2012-12-01'),
('b0845182-f1bc-145f-0560-5001d0cbee2a', '', '', '', '', '', '3', '41', '90000', '', '', '', '', '', '2012-12-01'),
('28e74451-24cc-c806-9642-5001d0f926d9', '', '', '', '', '', '', '', '90000', '', '', '', '', '', '2012-12-01'),
('c083c4e8-6f1d-24ea-fd47-5001d0b9910f', '', '', '', '', '', '', '', '90000', '', '', '', '', '', '2012-11-30'),
('bb0d4d73-13a4-b000-36a6-5001d0094cb6', '', '', '', '', '', '', '', '90000', '', '', '', '', '', '2012-12-01'),
('5bc40075-3911-d52a-a0f8-5001d15a06e5', '', '', '', '', '', '', '', '90000', '', '', '', '', '', '2012-12-01'),
('5ea7a466-203e-45f4-582c-5001d12b64db', '', '', '', '', '', '', '', '90000', '', '', '', '', '', '2012-12-01'),
('c387f0ac-5700-6490-3264-5001d1127ee7', '', '', '', '', '', '', '', '90000', '', '', '', '', '', '2012-12-01'),
('a312c57a-0e45-6f65-0402-5001d1e84f1d', '', '', '', '', '', '', '', '90000', '', '', '', '', '', '2012-12-01'),
('1ca1eb40-372a-27a2-bf44-5001d1ad9d91', '', '', '', '', '', '', '', '90000', '', '', '', '', '', '2012-12-01'),
('e86510a2-302b-7c34-250d-5001d1fc1b41', '', '', '', '', '', '', '', '90000', '', '', '', '', '', '2012-12-01'),
('bf737929-0509-7bfe-586f-500248ae9b81', '', '', '', '', '', '', '', '15', '', '', '', '', '', '2012-12-01'),
('4dac1600-cfec-aae9-e2ee-506901c68069', '', '', '', '', '', '', '', '1', '', '', '', '', '', '2009-10-14');

-- --------------------------------------------------------

--
-- Table structure for table `roles`
--

CREATE TABLE IF NOT EXISTS `roles` (
  `id` varchar(36) NOT NULL default '',
  `date_entered` datetime NOT NULL default '0000-00-00 00:00:00',
  `date_modified` datetime NOT NULL default '0000-00-00 00:00:00',
  `modified_user_id` varchar(36) NOT NULL default '',
  `created_by` varchar(36) default NULL,
  `name` varchar(150) default NULL,
  `description` text,
  `modules` text,
  `deleted` tinyint(1) default '0',
  PRIMARY KEY  (`id`),
  KEY `idx_role_id_del` (`id`,`deleted`)
) ENGINE=MyISAM DEFAULT CHARSET=utf8;

--
-- Dumping data for table `roles`
--


-- --------------------------------------------------------

--
-- Table structure for table `roles_modules`
--

CREATE TABLE IF NOT EXISTS `roles_modules` (
  `id` varchar(36) NOT NULL default '',
  `role_id` varchar(36) default NULL,
  `module_id` varchar(36) default NULL,
  `allow` tinyint(1) default '0',
  `date_modified` datetime default NULL,
  `deleted` tinyint(1) default '0',
  PRIMARY KEY  (`id`),
  KEY `idx_role_id` (`role_id`),
  KEY `idx_module_id` (`module_id`)
) ENGINE=MyISAM DEFAULT CHARSET=utf8;

--
-- Dumping data for table `roles_modules`
--


-- --------------------------------------------------------

--
-- Table structure for table `roles_users`
--

CREATE TABLE IF NOT EXISTS `roles_users` (
  `id` varchar(36) NOT NULL default '',
  `role_id` varchar(36) default NULL,
  `user_id` varchar(36) default NULL,
  `date_modified` datetime default NULL,
  `deleted` tinyint(1) default '0',
  PRIMARY KEY  (`id`),
  KEY `idx_role_id` (`role_id`),
  KEY `idx_user_id` (`user_id`)
) ENGINE=MyISAM DEFAULT CHARSET=utf8;

--
-- Dumping data for table `roles_users`
--


-- --------------------------------------------------------

--
-- Table structure for table `schedulers`
--

CREATE TABLE IF NOT EXISTS `schedulers` (
  `id` varchar(36) NOT NULL default '',
  `deleted` tinyint(1) NOT NULL default '0',
  `date_entered` datetime NOT NULL default '0000-00-00 00:00:00',
  `date_modified` datetime NOT NULL default '0000-00-00 00:00:00',
  `created_by` varchar(36) default NULL,
  `modified_user_id` varchar(36) default NULL,
  `name` varchar(255) NOT NULL default '',
  `job` varchar(255) NOT NULL default '',
  `date_time_start` datetime NOT NULL default '0000-00-00 00:00:00',
  `date_time_end` datetime default NULL,
  `job_interval` varchar(100) NOT NULL default '',
  `time_from` time default NULL,
  `time_to` time default NULL,
  `last_run` datetime default NULL,
  `status` varchar(25) default NULL,
  `catch_up` tinyint(1) default '1',
  PRIMARY KEY  (`id`),
  KEY `idx_schedule` (`date_time_start`,`deleted`)
) ENGINE=MyISAM DEFAULT CHARSET=utf8;

--
-- Dumping data for table `schedulers`
--

INSERT INTO `schedulers` (`id`, `deleted`, `date_entered`, `date_modified`, `created_by`, `modified_user_id`, `name`, `job`, `date_time_start`, `date_time_end`, `job_interval`, `time_from`, `time_to`, `last_run`, `status`, `catch_up`) VALUES
('d54d8e07-90ff-6af0-47a1-45512536a5e7', 0, '2006-11-08 09:32:41', '2006-11-08 10:01:21', '1', '1', 'mail test', 'function::pollMonitoredInboxes', '2006-11-07 00:00:00', NULL, '*/5::*::*::*::*', NULL, NULL, NULL, 'Active', 0);

-- --------------------------------------------------------

--
-- Table structure for table `schedulers_times`
--

CREATE TABLE IF NOT EXISTS `schedulers_times` (
  `id` varchar(36) NOT NULL default '',
  `deleted` tinyint(1) NOT NULL default '0',
  `date_entered` datetime NOT NULL default '0000-00-00 00:00:00',
  `date_modified` datetime NOT NULL default '0000-00-00 00:00:00',
  `scheduler_id` varchar(36) NOT NULL default '',
  `execute_time` datetime NOT NULL default '0000-00-00 00:00:00',
  `status` varchar(25) NOT NULL default 'ready',
  PRIMARY KEY  (`id`),
  KEY `idx_scheduler_id` (`scheduler_id`,`execute_time`)
) ENGINE=MyISAM DEFAULT CHARSET=utf8;

--
-- Dumping data for table `schedulers_times`
--


-- --------------------------------------------------------

--
-- Table structure for table `session`
--

CREATE TABLE IF NOT EXISTS `session` (
  `sess_id` varchar(32) NOT NULL default '',
  `user_name` varchar(60) default NULL,
  `sess_updated` int(10) unsigned NOT NULL default '0',
  `sess_ip` varchar(15) NOT NULL default '',
  `sess_data` mediumtext NOT NULL,
  `access_from` char(1) default NULL,
  PRIMARY KEY  (`sess_id`),
  KEY `updated` (`sess_updated`),
  KEY `user_name` (`user_name`)
) ENGINE=MyISAM DEFAULT CHARSET=utf8;

--
-- Dumping data for table `session`
--

INSERT INTO `session` (`sess_id`, `user_name`, `sess_updated`, `sess_ip`, `sess_data`, `access_from`) VALUES
('4rirffobajb8h2531r4kae95f0', 'admin', 1363088723, '127.0.0.1', 'unique_key|s:32:"d311dceacd1d663893ef1872232e333a";authenticated_user_id|s:1:"1";timezone|s:10:"Asia/Tokyo";ut|i:1;Users_USER_ORDER_BY|s:9:"last_name";Users_USER_statusS|b:0;lastTheme|s:6:"Techno";Student_COURSE_CUSTOM_ORDER_BY|s:58:"start_date_for_sort DESC,event_contacts.date_modified DESC";Student_COURSE_CUSTOM_start_date_for_sort DESC,event_contacts.date_modified DESCS|b:0;Student_SMS_MEMO_CUSTOM_ORDER_BY|s:18:"sms_memo.memodate ";Student_SMS_MEMO_CUSTOM_sms_memo.memodate S|b:1;Student_FEE_CUSTOM_CONTACT_ORDER_BY|s:47:"sms_fee.sell_date DESC, contacts.last_name ASC ";Student_FEE_CUSTOM_CONTACT_sms_fee.sell_date DESC, contacts.last_name ASC S|b:1;Student_TRANSACTION_CUSTOM_CONTACT_ORDER_BY|s:52:"sms_transaction.t_date DESC, contacts.last_name ASC ";Student_TRANSACTION_CUSTOM_CONTACT_sms_transaction.t_date DESC, contacts.last_name ASC S|b:1;Keiri_KEIRI_ORDER_BY|s:27:"sms_transaction.t_date desc";Keiri_KEIRI_sms_transaction.t_date descS|b:0;SalesGroup_SALESGROUP_TEMPLATE_ORDER_BY|s:83:"sms_salesgroup.salesno DESC, sms_salesgroup.sell_date DESC, contacts.last_name ASC ";SalesGroup_SALESGROUP_TEMPLATE_sms_salesgroup.salesno DESC, sms_salesgroup.sell_date DESC, contacts.last_name ASC S|b:0;SalesGroup_FEE_CUSTOM_TEMPLATE_ORDER_BY|s:47:"sms_fee.sell_date DESC, contacts.last_name ASC ";SalesGroup_FEE_CUSTOM_TEMPLATE_sms_fee.sell_date DESC, contacts.last_name ASC S|b:1;UsersQ|a:9:{s:9:"last_name";s:0:"";s:10:"first_name";s:0:"";s:8:"smsgroup";s:7:"student";s:6:"status";s:6:"Active";s:7:"area_id";s:9:"首都圏";s:9:"school_id";s:12:"sssssss-1111";s:6:"action";s:8:"ListView";s:5:"query";s:4:"true";s:6:"module";s:5:"Users";}Student_STUDENT_ORDER_BY|s:8:"idnumber";Student_STUDENT_contacts.last_name, contacts.first_nameS|b:0;Contacts_CONTACT_ORDER_BY|s:39:"contacts.last_name, contacts.first_name";Contacts_CONTACT_contacts.last_name, contacts.first_nameS|b:0;StaffQ|a:13:{s:5:"query";s:4:"true";s:6:"module";s:5:"Staff";s:17:"listview_calendar";s:0:"";s:9:"last_name";s:0:"";s:10:"first_name";s:0:"";s:6:"action";s:5:"index";s:18:"last_name_furigana";s:0:"";s:19:"first_name_furigana";s:0:"";s:8:"idnumber";s:0:"";s:7:"area_id";s:3:"all";s:9:"school_id";s:36:"b0845182-f1bc-145f-0560-5001d0cbee2a";s:14:"contact_status";s:2:"20";s:22:"prospect_list_savename";s:0:"";}Staff_STAFF_ORDER_BY|s:9:"last_name";Staff_STAFF_contacts.last_name, contacts.first_nameS|b:0;School_SCHOOL_ORDER_BY|s:4:"name";School_SCHOOL_nameS|b:0;ACLRoles_ROLE_ORDER_BY|s:4:"name";ACLRoles_ROLE_nameS|b:0;ContactsQ|a:11:{s:9:"last_name";s:0:"";s:10:"first_name";s:0:"";s:6:"action";s:5:"index";s:5:"query";s:4:"true";s:6:"module";s:8:"Contacts";s:18:"last_name_furigana";s:0:"";s:19:"first_name_furigana";s:0:"";s:7:"area_id";s:3:"all";s:9:"school_id";s:3:"all";s:12:"company_name";s:0:"";s:22:"prospect_list_savename";s:0:"";}FeeQ|a:21:{s:6:"action";s:8:"ListView";s:5:"query";s:4:"true";s:6:"module";s:3:"Fee";s:20:"do_not_search_school";s:4:"true";s:7:"general";N;s:4:"name";s:0:"";s:11:"course_name";s:0:"";s:9:"school_id";s:12:"sssssss-1111";s:12:"contact_name";s:0:"";s:8:"idnumber";s:0:"";s:14:"keiri_category";s:7:"student";s:7:"type_id";s:0:"";s:15:"fee_subcategory";s:0:"";s:10:"jikyu_rate";s:0:"";s:15:"start_date_year";s:4:"2012";s:16:"start_date_month";s:2:"10";s:14:"start_date_day";s:1:"1";s:13:"end_date_year";s:4:"2012";s:14:"end_date_month";s:2:"10";s:12:"end_date_day";s:2:"31";s:9:"unit_type";s:3:"all";}Fee_FEE_GENERAL_ORDER_BY|s:47:"sms_fee.sell_date DESC, contacts.last_name ASC ";Fee_FEE_GENERAL_sms_fee.sell_date DESC, contacts.last_name ASC S|b:0;Teacher_TEACHER_ORDER_BY|s:39:"contacts.last_name, contacts.first_name";Teacher_TEACHER_contacts.last_name, contacts.first_nameS|b:0;Teacher_COURSE_CUSTOM_ORDER_BY|s:58:"start_date_for_sort DESC,event_contacts.date_modified DESC";Teacher_COURSE_CUSTOM_start_date_for_sort DESC,event_contacts.date_modified DESCS|b:0;Teacher_SMS_MEMO_CUSTOM_ORDER_BY|s:18:"sms_memo.memodate ";Teacher_SMS_MEMO_CUSTOM_sms_memo.memodate S|b:1;Teacher_FEE_CUSTOM_TEACHER_ORDER_BY|s:47:"sms_fee.sell_date DESC, contacts.last_name ASC ";Teacher_FEE_CUSTOM_TEACHER_sms_fee.sell_date DESC, contacts.last_name ASC S|b:1;StudentQ|a:18:{s:6:"action";s:5:"index";s:5:"query";s:4:"true";s:6:"module";s:7:"Student";s:14:"additional_sms";s:0:"";s:17:"listview_calendar";s:0:"";s:11:"course_list";s:4:"true";s:14:"parent_node_id";s:0:"";s:9:"parent_id";s:0:"";s:8:"event_id";s:0:"";s:21:"include_subcategories";s:2:"on";s:15:"current_student";s:0:"";s:7:"area_id";s:9:"首都圏";s:9:"school_id";s:12:"sssssss-1111";s:14:"student_status";s:1:"0";s:28:"event_contact_status_student";s:1:"0";s:13:"rel_date_from";s:0:"";s:11:"rel_date_to";s:0:"";s:22:"prospect_list_savename";s:0:"";}Course_STUDENT_CUSTOM_ORDER_BY|s:58:"start_date_for_sort DESC,event_contacts.date_modified DESC";Course_STUDENT_CUSTOM_start_date_for_sort DESC,event_contacts.date_modified DESCS|b:0;Course_FEE_CUSTOM_COURSEGENERAL_ORDER_BY|s:47:"sms_fee.sell_date DESC, contacts.last_name ASC ";Course_FEE_CUSTOM_COURSEGENERAL_sms_fee.sell_date DESC, contacts.last_name ASC S|b:1;Course_FEE_CUSTOM_COURSESTUDENT_ORDER_BY|s:47:"sms_fee.sell_date DESC, contacts.last_name ASC ";Course_FEE_CUSTOM_COURSESTUDENT_sms_fee.sell_date DESC, contacts.last_name ASC S|b:1;Course_TRANSACTION_CUSTOM_COURSE_ORDER_BY|s:52:"sms_transaction.t_date DESC, contacts.last_name ASC ";Course_TRANSACTION_CUSTOM_COURSE_sms_transaction.t_date DESC, contacts.last_name ASC S|b:1;TransactionQ|a:6:{s:6:"module";s:11:"Transaction";s:6:"action";s:5:"index";s:5:"query";s:4:"true";s:7:"overdue";s:4:"true";s:7:"initial";s:0:"";s:11:"unreceiveds";s:1:"0";}Transaction_TRANSACTION_ORDER_BY|s:52:"sms_transaction.t_date DESC, contacts.last_name ASC ";Transaction_TRANSACTION_sms_transaction.t_date DESC, contacts.last_name ASC S|b:0;Resource_RESOURCE_ORDER_BY|s:32:"resource.category, resource.name";Resource_RESOURCE_resource.category, resource.nameS|b:0;ResourceclassroomQ|a:8:{s:6:"action";s:8:"ListView";s:5:"query";s:4:"true";s:6:"module";s:8:"Resource";s:8:"category";s:9:"classroom";s:17:"listview_calendar";s:0:"";s:4:"name";s:0:"";s:7:"area_id";s:9:"首都圏";s:9:"school_id";s:36:"bf737929-0509-7bfe-586f-500248ae9b81";}Course_EVENT_INSTANCE_CUSTOM_ORDER_BY|s:32:"sms_event_instance.from_datetime";Course_EVENT_INSTANCE_CUSTOM_sms_event_instance.from_datetimeS|b:0;Teacher_EVENT_INSTANCE_DETAIL_CUSTOM_ORDER_BY|s:32:"smsevent_instances.from_datetime";Teacher_EVENT_INSTANCE_DETAIL_CUSTOM_smsevent_instances.from_datetimeS|b:0;Course_TEACHER_CUSTOM_ORDER_BY|s:39:"contacts.last_name, contacts.first_name";Course_TEACHER_CUSTOM_contacts.last_name, contacts.first_nameS|b:0;Course_RESOURCE_CUSTOM_ORDER_BY|s:32:"resource.category, resource.name";Course_RESOURCE_CUSTOM_resource.category, resource.nameS|b:0;Contacts_CONTACT_UNIFIED_ORDER_BY|s:39:"contacts.last_name, contacts.first_name";Contacts_CONTACT_UNIFIED_contacts.last_name, contacts.first_nameS|b:1;Fee_FEE_ORDER_BY|s:47:"sms_fee.sell_date DESC, contacts.last_name ASC ";Fee_FEE_sms_fee.sell_date DESC, contacts.last_name ASC S|b:0;Student_STUDENT_CUSTOM_REL_PEOPLE_ORDER_BY|s:58:"start_date_for_sort DESC,event_contacts.date_modified DESC";Student_STUDENT_CUSTOM_REL_PEOPLE_contacts.last_name, contacts.first_nameS|b:0;Student_EVENT_INSTANCE_DETAIL_CUSTOM_ORDER_BY|s:32:"smsevent_instances.from_datetime";Student_EVENT_INSTANCE_DETAIL_CUSTOM_smsevent_instances.from_datetimeS|b:0;Student_STUDENT_CUSTOM_REL_PEOPLE_start_date_for_sort DESC,event_contacts.date_modified DESCS|b:0;CourseQ|a:7:{s:6:"module";s:6:"Course";s:6:"action";s:8:"ListView";s:11:"course_list";s:4:"true";s:5:"query";s:4:"true";s:13:"initial_state";s:0:"";s:11:"course_open";s:10:"openfuture";s:8:"top_menu";s:1:"1";}Course_COURSE_DETAILED_ORDER_BY|s:13:"category_name";Course_COURSE_DETAILED_ course_category.name DESC, smsevent.name DESC S|b:0;TeacherQ|a:12:{s:6:"action";s:5:"index";s:5:"query";s:4:"true";s:6:"module";s:7:"Teacher";s:17:"listview_calendar";s:0:"";s:9:"last_name";s:0:"";s:10:"first_name";s:0:"";s:18:"last_name_furigana";s:0:"";s:19:"first_name_furigana";s:0:"";s:8:"idnumber";s:0:"";s:9:"school_id";s:3:"all";s:14:"contact_status";s:4:"9999";s:22:"prospect_list_savename";s:0:"";}Student_STUDENT_idnumberS|b:1;BankActionsHistory_BANKACTIONSHISTORY_ORDER_BY|s:17:"date_entered DESC";BankActionsHistory_BANKACTIONSHISTORY_date_entered DESCS|b:0;Course_COURSE_DETAILED_course_nameS|b:1;Course_COURSE_DETAILED_category_nameS|b:0;Emails_EMAIL_ORDER_BY|s:13:"date_modified";Emails_EMAIL_date_modifiedS|b:0;ProspectLists_PROSPECT_LIST_ORDER_BY|s:4:"name";ProspectLists_PROSPECT_LIST_nameS|b:0;ProspectLists_STUDENT_CUSTOM_PROSPECT_ORDER_BY|s:39:"contacts.last_name, contacts.first_name";ProspectLists_STUDENT_CUSTOM_PROSPECT_contacts.last_name, contacts.first_nameS|b:0;SMSMemo_MYSTUDENTMEMO_HOME_ORDER_BY|s:17:"date_entered desc";SMSMemo_MYSTUDENTMEMO_HOME_date_entered descS|b:0;SMSMemo_ANNOUNCEMENTS_HOME_ORDER_BY|s:17:"date_entered desc";SMSMemo_ANNOUNCEMENTS_HOME_date_entered descS|b:0;Poll_POLL_ORDER_BY|s:20:"poll.start_date desc";Poll_POLL_poll.start_date descS|b:0;SMSMemo_MOBILE_ANNOUNCEMENT_ORDER_BY|s:13:"memodate desc";SMSMemo_MOBILE_ANNOUNCEMENT_memodate descS|b:0;Tasks_TASK_HOME_ORDER_BY|s:13:"date_due desc";Tasks_TASK_HOME_date_due descS|b:0;SMSMemo_MYNOTICES_HOME_ORDER_BY|s:17:"date_entered desc";SMSMemo_MYNOTICES_HOME_date_entered descS|b:0;Keiri_SCHOOL_SHIMEBI_ORDER_BY|s:4:"name";Keiri_SCHOOL_SHIMEBI_ name DESC S|b:0;Course_COURSE_ORDER_BY|s:4:"name";Course_COURSE_nameS|b:0;Accounts_ACCOUNT_ORDER_BY|s:4:"name";Accounts_ACCOUNT_nameS|b:0;AccountsQ|a:7:{s:6:"action";s:5:"index";s:5:"query";s:4:"true";s:6:"module";s:8:"Accounts";s:4:"name";s:0:"";s:9:"school_id";s:3:"all";s:12:"address_city";s:0:"";s:5:"phone";s:0:"";}Accounts_STUDENT_CUSTOM_ACCOUNT_ORDER_BY|s:39:"contacts.last_name, contacts.first_name";Accounts_STUDENT_CUSTOM_ACCOUNT_contacts.last_name, contacts.first_nameS|b:0;CombiniActionsHistory_COMBINIACTIONSHISTORY_ORDER_BY|s:42:" combiniactions_history.date_entered desc ";CombiniActionsHistory_COMBINIACTIONSHISTORY_ combiniactions_history.date_entered desc S|b:0;Transaction_TRANSACTION_COMBINI_ORDER_BY|s:0:"";Transaction_TRANSACTION_COMBINI_S|b:0;Keiri_SCHOOL_SHIMEBI_nameS|b:1;Teacher_POPUP_TEACHER_ORDER_BY|s:58:" contacts.last_name_furigana, contacts.first_name_furigana";Teacher_POPUP_TEACHER_ contacts.last_name_furigana, contacts.first_name_furiganaS|b:0;Product_PRODUCT_ORDER_BY|s:41:"product.internal_product_id, product.name";Product_PRODUCT_product.internal_product_id, product.nameS|b:0;SMSMemoQ|a:6:{s:6:"module";s:7:"SMSMemo";s:6:"action";s:5:"index";s:5:"query";s:4:"true";s:9:"is_notice";s:1:"1";s:8:"my_inbox";s:1:"1";s:20:"do_not_search_school";s:1:"1";}SMSMemo_MYNOTICES_ORDER_BY|s:41:"sms_memo.date_entered DESC, sms_memo.name";SMSMemo_MYNOTICES_sms_memo.date_entered DESC, sms_memo.nameS|b:0;ActivitiesQ|a:4:{s:6:"module";s:5:"Tasks";s:6:"action";s:5:"index";s:17:"current_user_only";s:2:"on";s:5:"query";s:4:"true";}Tasks_TASK_ORDER_BY|s:13:"date_due desc";Tasks_TASK_date_due descS|b:1;CombiniHistory_COMBINIHISTORY_ORDER_BY|N;CombiniHistory_COMBINIHISTORY_S|b:0;SalesGroup_FEE_CUSTOM_ORDER_BY|s:47:"sms_fee.sell_date DESC, contacts.last_name ASC ";SalesGroup_FEE_CUSTOM_sms_fee.sell_date DESC, contacts.last_name ASC S|b:1;Student_STUDENT_BASED_COURSE_ORDER_BY|s:47:"contacts.last_name_furigana, contacts.last_name";Student_STUDENT_BASED_COURSE_contacts.last_name_furigana, contacts.last_nameS|b:0;Student_POPUP_STUDENT_ORDER_BY|s:58:" contacts.last_name_furigana, contacts.first_name_furigana";Student_POPUP_STUDENT_ contacts.last_name_furigana, contacts.first_name_furiganaS|b:0;Teacher_LWCoSubpanel_AN_teacher_sub_S|s:3:"ASC";Student_LWCoSubpanel_AN_student_sub_S|s:3:"ASC";Student_LW_AN_S|s:3:"ASC";Resource_EVENT_INSTANCE_DETAIL_CUSTOM_ORDER_BY|s:32:"smsevent_instances.from_datetime";Resource_EVENT_INSTANCE_DETAIL_CUSTOM_smsevent_instances.from_datetimeS|b:0;Course_LWStSubpanel_AN_course_sub_S|s:3:"ASC";Course_LWStSubpanel_AN_course_carte_S|s:3:"ASC";Course_LW_AN_S|s:3:"ASC";Users_LWPopup_AN_S|s:3:"ASC";Student_LWYoToStudentSubpanel_AN_student_sub_S|s:3:"ASC";Course_LWYoToCourseSubpanel_AN_course_sub_S|s:3:"ASC";Fee_LWYoToFeeSubpanel_AN_fee_sub_S|s:3:"ASC";Course_LWPopup_AN_S|s:3:"ASC";MasterKanri_LW_AN_S|s:3:"ASC";Accounts_LW_AN_S|s:3:"ASC";Course_LWStSubpanel_AN_course_sub_carte_S|s:3:"ASC";Student_LWAcSubpanel_AN_student_sub_S|s:3:"ASC";Accounts_SMS_MEMO_CUSTOM_ORDER_BY|s:18:"sms_memo.memodate ";Accounts_SMS_MEMO_CUSTOM_sms_memo.memodate S|b:1;Teacher_LW_AN_S|s:3:"ASC";Teacher_LWPopup_AN_S|s:3:"ASC";Staff_STAFF_last_nameS|b:0;Student_LWPopup_AN_S|s:3:"ASC";Users_USER_last_nameS|b:0;Accounts_LWPopup_AN_S|s:3:"ASC";Student_LW_AN_ORDER_BY|s:13:"date_modified";Student_LW_AN_date_modifiedS|s:3:"ASC";Course_LWPopup_AN_ORDER_BY|s:10:"koza_kubun";Course_LWPopup_AN_common_codeS|s:3:"ASC";Course_LW_AN_ORDER_BY|s:11:"common_code";Course_LW_AN_common_codeS|s:3:"ASC";Course_LWStSubpanel_carte_keiri_AN_course_sub_S|s:3:"ASC";Fee_LWStFeSubpanel_AN_person_fees_S|s:3:"ASC";Transaction_LWStTrSubpanel_AN_transaction_S|s:3:"ASC";ProductCategory_PRODUCTCATEGORY_ORDER_BY|s:10:"list_order";ProductCategory_PRODUCTCATEGORY_list_orderS|b:0;Student_LWKozaBetsu_AN_S|s:3:"ASC";Student_LWJukoshaBetsu_AN_S|s:3:"ASC";Course_LWGoukeiData_AN_S|s:3:"ASC";Accounts_LWTeacher_AN_S|s:3:"ASC";Course_LWShussekibo_AN_S|s:3:"ASC";Teacher_LWAcSubpanel_AN_teacher_sub_S|s:3:"ASC";Audit_LW_AN_audit_S|s:3:"ASC";Audit_LW_AN_audit_ORDER_BY|s:12:"date_created";Audit_LW_AN_audit_date_createdS|s:3:"ASC";Course_LWShussekibo_AN_ORDER_BY|s:11:"course_name";Course_LWShussekibo_AN_course_nameS|s:4:"DESC";Student_LWCoSubpanel_carte_AN_student_sub_S|s:3:"ASC";Fee_LWCoStFeSubpanel_AN_person_fees_S|s:3:"ASC";Transaction_LWCoTrSubpanel_AN_transaction_S|s:3:"ASC";Student_LWReigaiShori_AN_S|s:3:"ASC";EmailTemplatesCategory_EMAILTEMPLATESCATEGORY_ORDER_BY|s:29:"email_templates_category.name";EmailTemplatesCategory_EMAILTEMPLATESCATEGORY_email_templates_category.nameS|b:0;EmailTemplates_EMAIL_TEMPLATE_ORDER_BY|s:33:"email_templates.date_entered DESC";EmailTemplates_EMAIL_TEMPLATE_email_templates.date_entered DESCS|b:0;ResourcetanmatsuQ|a:8:{s:6:"action";s:8:"ListView";s:5:"query";s:4:"true";s:6:"module";s:8:"Resource";s:8:"category";s:8:"tanmatsu";s:17:"listview_calendar";s:0:"";s:4:"name";s:0:"";s:7:"area_id";s:9:"首都圏";s:9:"school_id";s:36:"b0845182-f1bc-145f-0560-5001d0cbee2a";}Course_LWTeSubpanel_AN_course_sub_S|s:3:"ASC";Course_LWPopup_AN_koza_kubunS|s:3:"ASC";EmailsQ|a:18:{s:6:"action";s:8:"ListView";s:5:"query";s:4:"true";s:6:"module";s:6:"Emails";s:4:"type";s:0:"";s:5:"other";s:0:"";s:16:"assigned_user_id";s:0:"";s:5:"group";s:0:"";s:20:"do_not_search_school";s:4:"true";s:10:"email_type";s:3:"out";s:11:"assigned_to";s:0:"";s:6:"status";s:0:"";s:4:"name";s:0:"";s:7:"area_id";s:9:"首都圏";s:9:"school_id";s:12:"sssssss-1111";s:17:"contact_last_name";s:0:"";s:18:"contact_first_name";s:0:"";s:21:"email_sent_date_start";s:0:"";s:19:"email_sent_date_end";s:0:"";}session_time_control|i:1363086718;ipaddress|s:9:"127.0.0.1";_PREFERENCES|a:2:{s:8:"timezone";s:10:"Asia/Tokyo";s:2:"ut";i:1;}theme_changed|b:0;moreTab|s:7:"SMSHelp";avail_themes|a:9:{s:7:"Booking";s:5:"Sugar";s:13:"BookingMobile";s:13:"BookingMobile";s:6:"Mobile";s:6:"Mobile";s:6:"MyPage";s:6:"Techno";s:9:"MyPageACC";s:6:"Techno";s:10:"NewBooking";s:6:"Yoyaku";s:9:"NewMobile";s:9:"NewMobile";s:5:"Sugar";s:5:"Sugar";s:6:"Techno";s:6:"Techno";}authenticated_user_theme|s:6:"Techno";admin_PREFERENCES|a:193:{s:8:"timezone";s:10:"Asia/Tokyo";s:2:"ut";i:1;s:19:"Users_USER_ORDER_BY";s:9:"last_name";s:18:"Users_USER_statusS";b:0;s:9:"lastTheme";s:6:"Techno";s:30:"Student_COURSE_CUSTOM_ORDER_BY";s:58:"start_date_for_sort DESC,event_contacts.date_modified DESC";s:81:"Student_COURSE_CUSTOM_start_date_for_sort DESC,event_contacts.date_modified DESCS";b:0;s:32:"Student_SMS_MEMO_CUSTOM_ORDER_BY";s:18:"sms_memo.memodate ";s:43:"Student_SMS_MEMO_CUSTOM_sms_memo.memodate S";b:1;s:35:"Student_FEE_CUSTOM_CONTACT_ORDER_BY";s:47:"sms_fee.sell_date DESC, contacts.last_name ASC ";s:75:"Student_FEE_CUSTOM_CONTACT_sms_fee.sell_date DESC, contacts.last_name ASC S";b:1;s:43:"Student_TRANSACTION_CUSTOM_CONTACT_ORDER_BY";s:52:"sms_transaction.t_date DESC, contacts.last_name ASC ";s:88:"Student_TRANSACTION_CUSTOM_CONTACT_sms_transaction.t_date DESC, contacts.last_name ASC S";b:1;s:20:"Keiri_KEIRI_ORDER_BY";s:27:"sms_transaction.t_date desc";s:40:"Keiri_KEIRI_sms_transaction.t_date descS";b:0;s:39:"SalesGroup_SALESGROUP_TEMPLATE_ORDER_BY";s:83:"sms_salesgroup.salesno DESC, sms_salesgroup.sell_date DESC, contacts.last_name ASC ";s:115:"SalesGroup_SALESGROUP_TEMPLATE_sms_salesgroup.salesno DESC, sms_salesgroup.sell_date DESC, contacts.last_name ASC S";b:0;s:39:"SalesGroup_FEE_CUSTOM_TEMPLATE_ORDER_BY";s:47:"sms_fee.sell_date DESC, contacts.last_name ASC ";s:79:"SalesGroup_FEE_CUSTOM_TEMPLATE_sms_fee.sell_date DESC, contacts.last_name ASC S";b:1;s:6:"UsersQ";a:9:{s:9:"last_name";s:0:"";s:10:"first_name";s:0:"";s:8:"smsgroup";s:7:"student";s:6:"status";s:6:"Active";s:7:"area_id";s:9:"首都圏";s:9:"school_id";s:12:"sssssss-1111";s:6:"action";s:8:"ListView";s:5:"query";s:4:"true";s:6:"module";s:5:"Users";}s:24:"Student_STUDENT_ORDER_BY";s:8:"idnumber";s:56:"Student_STUDENT_contacts.last_name, contacts.first_nameS";b:0;s:25:"Contacts_CONTACT_ORDER_BY";s:39:"contacts.last_name, contacts.first_name";s:57:"Contacts_CONTACT_contacts.last_name, contacts.first_nameS";b:0;s:6:"StaffQ";a:13:{s:5:"query";s:4:"true";s:6:"module";s:5:"Staff";s:17:"listview_calendar";s:0:"";s:9:"last_name";s:0:"";s:10:"first_name";s:0:"";s:6:"action";s:5:"index";s:18:"last_name_furigana";s:0:"";s:19:"first_name_furigana";s:0:"";s:8:"idnumber";s:0:"";s:7:"area_id";s:3:"all";s:9:"school_id";s:36:"b0845182-f1bc-145f-0560-5001d0cbee2a";s:14:"contact_status";s:2:"20";s:22:"prospect_list_savename";s:0:"";}s:20:"Staff_STAFF_ORDER_BY";s:9:"last_name";s:52:"Staff_STAFF_contacts.last_name, contacts.first_nameS";b:0;s:22:"School_SCHOOL_ORDER_BY";s:4:"name";s:19:"School_SCHOOL_nameS";b:0;s:22:"ACLRoles_ROLE_ORDER_BY";s:4:"name";s:19:"ACLRoles_ROLE_nameS";b:0;s:9:"ContactsQ";a:11:{s:9:"last_name";s:0:"";s:10:"first_name";s:0:"";s:6:"action";s:5:"index";s:5:"query";s:4:"true";s:6:"module";s:8:"Contacts";s:18:"last_name_furigana";s:0:"";s:19:"first_name_furigana";s:0:"";s:7:"area_id";s:3:"all";s:9:"school_id";s:3:"all";s:12:"company_name";s:0:"";s:22:"prospect_list_savename";s:0:"";}s:4:"FeeQ";a:21:{s:6:"action";s:8:"ListView";s:5:"query";s:4:"true";s:6:"module";s:3:"Fee";s:20:"do_not_search_school";s:4:"true";s:7:"general";N;s:4:"name";s:0:"";s:11:"course_name";s:0:"";s:9:"school_id";s:12:"sssssss-1111";s:12:"contact_name";s:0:"";s:8:"idnumber";s:0:"";s:14:"keiri_category";s:7:"student";s:7:"type_id";s:0:"";s:15:"fee_subcategory";s:0:"";s:10:"jikyu_rate";s:0:"";s:15:"start_date_year";s:4:"2012";s:16:"start_date_month";s:2:"10";s:14:"start_date_day";s:1:"1";s:13:"end_date_year";s:4:"2012";s:14:"end_date_month";s:2:"10";s:12:"end_date_day";s:2:"31";s:9:"unit_type";s:3:"all";}s:24:"Fee_FEE_GENERAL_ORDER_BY";s:47:"sms_fee.sell_date DESC, contacts.last_name ASC ";s:64:"Fee_FEE_GENERAL_sms_fee.sell_date DESC, contacts.last_name ASC S";b:0;s:24:"Teacher_TEACHER_ORDER_BY";s:39:"contacts.last_name, contacts.first_name";s:56:"Teacher_TEACHER_contacts.last_name, contacts.first_nameS";b:0;s:30:"Teacher_COURSE_CUSTOM_ORDER_BY";s:58:"start_date_for_sort DESC,event_contacts.date_modified DESC";s:81:"Teacher_COURSE_CUSTOM_start_date_for_sort DESC,event_contacts.date_modified DESCS";b:0;s:32:"Teacher_SMS_MEMO_CUSTOM_ORDER_BY";s:18:"sms_memo.memodate ";s:43:"Teacher_SMS_MEMO_CUSTOM_sms_memo.memodate S";b:1;s:35:"Teacher_FEE_CUSTOM_TEACHER_ORDER_BY";s:47:"sms_fee.sell_date DESC, contacts.last_name ASC ";s:75:"Teacher_FEE_CUSTOM_TEACHER_sms_fee.sell_date DESC, contacts.last_name ASC S";b:1;s:8:"StudentQ";a:18:{s:6:"action";s:5:"index";s:5:"query";s:4:"true";s:6:"module";s:7:"Student";s:14:"additional_sms";s:0:"";s:17:"listview_calendar";s:0:"";s:11:"course_list";s:4:"true";s:14:"parent_node_id";s:0:"";s:9:"parent_id";s:0:"";s:8:"event_id";s:0:"";s:21:"include_subcategories";s:2:"on";s:15:"current_student";s:0:"";s:7:"area_id";s:9:"首都圏";s:9:"school_id";s:12:"sssssss-1111";s:14:"student_status";s:1:"0";s:28:"event_contact_status_student";s:1:"0";s:13:"rel_date_from";s:0:"";s:11:"rel_date_to";s:0:"";s:22:"prospect_list_savename";s:0:"";}s:30:"Course_STUDENT_CUSTOM_ORDER_BY";s:58:"start_date_for_sort DESC,event_contacts.date_modified DESC";s:81:"Course_STUDENT_CUSTOM_start_date_for_sort DESC,event_contacts.date_modified DESCS";b:0;s:40:"Course_FEE_CUSTOM_COURSEGENERAL_ORDER_BY";s:47:"sms_fee.sell_date DESC, contacts.last_name ASC ";s:80:"Course_FEE_CUSTOM_COURSEGENERAL_sms_fee.sell_date DESC, contacts.last_name ASC S";b:1;s:40:"Course_FEE_CUSTOM_COURSESTUDENT_ORDER_BY";s:47:"sms_fee.sell_date DESC, contacts.last_name ASC ";s:80:"Course_FEE_CUSTOM_COURSESTUDENT_sms_fee.sell_date DESC, contacts.last_name ASC S";b:1;s:41:"Course_TRANSACTION_CUSTOM_COURSE_ORDER_BY";s:52:"sms_transaction.t_date DESC, contacts.last_name ASC ";s:86:"Course_TRANSACTION_CUSTOM_COURSE_sms_transaction.t_date DESC, contacts.last_name ASC S";b:1;s:12:"TransactionQ";a:6:{s:6:"module";s:11:"Transaction";s:6:"action";s:5:"index";s:5:"query";s:4:"true";s:7:"overdue";s:4:"true";s:7:"initial";s:0:"";s:11:"unreceiveds";s:1:"0";}s:32:"Transaction_TRANSACTION_ORDER_BY";s:52:"sms_transaction.t_date DESC, contacts.last_name ASC ";s:77:"Transaction_TRANSACTION_sms_transaction.t_date DESC, contacts.last_name ASC S";b:0;s:26:"Resource_RESOURCE_ORDER_BY";s:32:"resource.category, resource.name";s:51:"Resource_RESOURCE_resource.category, resource.nameS";b:0;s:18:"ResourceclassroomQ";a:8:{s:6:"action";s:8:"ListView";s:5:"query";s:4:"true";s:6:"module";s:8:"Resource";s:8:"category";s:9:"classroom";s:17:"listview_calendar";s:0:"";s:4:"name";s:0:"";s:7:"area_id";s:9:"首都圏";s:9:"school_id";s:36:"bf737929-0509-7bfe-586f-500248ae9b81";}s:37:"Course_EVENT_INSTANCE_CUSTOM_ORDER_BY";s:32:"sms_event_instance.from_datetime";s:62:"Course_EVENT_INSTANCE_CUSTOM_sms_event_instance.from_datetimeS";b:0;s:45:"Teacher_EVENT_INSTANCE_DETAIL_CUSTOM_ORDER_BY";s:32:"smsevent_instances.from_datetime";s:70:"Teacher_EVENT_INSTANCE_DETAIL_CUSTOM_smsevent_instances.from_datetimeS";b:0;s:30:"Course_TEACHER_CUSTOM_ORDER_BY";s:39:"contacts.last_name, contacts.first_name";s:62:"Course_TEACHER_CUSTOM_contacts.last_name, contacts.first_nameS";b:0;s:31:"Course_RESOURCE_CUSTOM_ORDER_BY";s:32:"resource.category, resource.name";s:56:"Course_RESOURCE_CUSTOM_resource.category, resource.nameS";b:0;s:33:"Contacts_CONTACT_UNIFIED_ORDER_BY";s:39:"contacts.last_name, contacts.first_name";s:65:"Contacts_CONTACT_UNIFIED_contacts.last_name, contacts.first_nameS";b:1;s:16:"Fee_FEE_ORDER_BY";s:47:"sms_fee.sell_date DESC, contacts.last_name ASC ";s:56:"Fee_FEE_sms_fee.sell_date DESC, contacts.last_name ASC S";b:0;s:42:"Student_STUDENT_CUSTOM_REL_PEOPLE_ORDER_BY";s:58:"start_date_for_sort DESC,event_contacts.date_modified DESC";s:74:"Student_STUDENT_CUSTOM_REL_PEOPLE_contacts.last_name, contacts.first_nameS";b:0;s:45:"Student_EVENT_INSTANCE_DETAIL_CUSTOM_ORDER_BY";s:32:"smsevent_instances.from_datetime";s:70:"Student_EVENT_INSTANCE_DETAIL_CUSTOM_smsevent_instances.from_datetimeS";b:0;s:93:"Student_STUDENT_CUSTOM_REL_PEOPLE_start_date_for_sort DESC,event_contacts.date_modified DESCS";b:0;s:7:"CourseQ";a:7:{s:6:"module";s:6:"Course";s:6:"action";s:8:"ListView";s:11:"course_list";s:4:"true";s:5:"query";s:4:"true";s:13:"initial_state";s:0:"";s:11:"course_open";s:10:"openfuture";s:8:"top_menu";s:1:"1";}s:31:"Course_COURSE_DETAILED_ORDER_BY";s:13:"category_name";s:71:"Course_COURSE_DETAILED_ course_category.name DESC, smsevent.name DESC S";b:0;s:8:"TeacherQ";a:12:{s:6:"action";s:5:"index";s:5:"query";s:4:"true";s:6:"module";s:7:"Teacher";s:17:"listview_calendar";s:0:"";s:9:"last_name";s:0:"";s:10:"first_name";s:0:"";s:18:"last_name_furigana";s:0:"";s:19:"first_name_furigana";s:0:"";s:8:"idnumber";s:0:"";s:9:"school_id";s:3:"all";s:14:"contact_status";s:4:"9999";s:22:"prospect_list_savename";s:0:"";}s:25:"Student_STUDENT_idnumberS";b:1;s:46:"BankActionsHistory_BANKACTIONSHISTORY_ORDER_BY";s:17:"date_entered DESC";s:56:"BankActionsHistory_BANKACTIONSHISTORY_date_entered DESCS";b:0;s:35:"Course_COURSE_DETAILED_course_nameS";b:1;s:37:"Course_COURSE_DETAILED_category_nameS";b:0;s:21:"Emails_EMAIL_ORDER_BY";s:13:"date_modified";s:27:"Emails_EMAIL_date_modifiedS";b:0;s:36:"ProspectLists_PROSPECT_LIST_ORDER_BY";s:4:"name";s:33:"ProspectLists_PROSPECT_LIST_nameS";b:0;s:46:"ProspectLists_STUDENT_CUSTOM_PROSPECT_ORDER_BY";s:39:"contacts.last_name, contacts.first_name";s:78:"ProspectLists_STUDENT_CUSTOM_PROSPECT_contacts.last_name, contacts.first_nameS";b:0;s:35:"SMSMemo_MYSTUDENTMEMO_HOME_ORDER_BY";s:17:"date_entered desc";s:45:"SMSMemo_MYSTUDENTMEMO_HOME_date_entered descS";b:0;s:35:"SMSMemo_ANNOUNCEMENTS_HOME_ORDER_BY";s:17:"date_entered desc";s:45:"SMSMemo_ANNOUNCEMENTS_HOME_date_entered descS";b:0;s:18:"Poll_POLL_ORDER_BY";s:20:"poll.start_date desc";s:31:"Poll_POLL_poll.start_date descS";b:0;s:36:"SMSMemo_MOBILE_ANNOUNCEMENT_ORDER_BY";s:13:"memodate desc";s:42:"SMSMemo_MOBILE_ANNOUNCEMENT_memodate descS";b:0;s:24:"Tasks_TASK_HOME_ORDER_BY";s:13:"date_due desc";s:30:"Tasks_TASK_HOME_date_due descS";b:0;s:31:"SMSMemo_MYNOTICES_HOME_ORDER_BY";s:17:"date_entered desc";s:41:"SMSMemo_MYNOTICES_HOME_date_entered descS";b:0;s:29:"Keiri_SCHOOL_SHIMEBI_ORDER_BY";s:4:"name";s:33:"Keiri_SCHOOL_SHIMEBI_ name DESC S";b:0;s:22:"Course_COURSE_ORDER_BY";s:4:"name";s:19:"Course_COURSE_nameS";b:0;s:25:"Accounts_ACCOUNT_ORDER_BY";s:4:"name";s:22:"Accounts_ACCOUNT_nameS";b:0;s:9:"AccountsQ";a:7:{s:6:"action";s:5:"index";s:5:"query";s:4:"true";s:6:"module";s:8:"Accounts";s:4:"name";s:0:"";s:9:"school_id";s:3:"all";s:12:"address_city";s:0:"";s:5:"phone";s:0:"";}s:40:"Accounts_STUDENT_CUSTOM_ACCOUNT_ORDER_BY";s:39:"contacts.last_name, contacts.first_name";s:72:"Accounts_STUDENT_CUSTOM_ACCOUNT_contacts.last_name, contacts.first_nameS";b:0;s:52:"CombiniActionsHistory_COMBINIACTIONSHISTORY_ORDER_BY";s:42:" combiniactions_history.date_entered desc ";s:87:"CombiniActionsHistory_COMBINIACTIONSHISTORY_ combiniactions_history.date_entered desc S";b:0;s:40:"Transaction_TRANSACTION_COMBINI_ORDER_BY";s:0:"";s:33:"Transaction_TRANSACTION_COMBINI_S";b:0;s:26:"Keiri_SCHOOL_SHIMEBI_nameS";b:1;s:30:"Teacher_POPUP_TEACHER_ORDER_BY";s:58:" contacts.last_name_furigana, contacts.first_name_furigana";s:81:"Teacher_POPUP_TEACHER_ contacts.last_name_furigana, contacts.first_name_furiganaS";b:0;s:24:"Product_PRODUCT_ORDER_BY";s:41:"product.internal_product_id, product.name";s:58:"Product_PRODUCT_product.internal_product_id, product.nameS";b:0;s:8:"SMSMemoQ";a:6:{s:6:"module";s:7:"SMSMemo";s:6:"action";s:5:"index";s:5:"query";s:4:"true";s:9:"is_notice";s:1:"1";s:8:"my_inbox";s:1:"1";s:20:"do_not_search_school";s:1:"1";}s:26:"SMSMemo_MYNOTICES_ORDER_BY";s:41:"sms_memo.date_entered DESC, sms_memo.name";s:60:"SMSMemo_MYNOTICES_sms_memo.date_entered DESC, sms_memo.nameS";b:0;s:11:"ActivitiesQ";a:4:{s:6:"module";s:5:"Tasks";s:6:"action";s:5:"index";s:17:"current_user_only";s:2:"on";s:5:"query";s:4:"true";}s:19:"Tasks_TASK_ORDER_BY";s:13:"date_due desc";s:25:"Tasks_TASK_date_due descS";b:1;s:38:"CombiniHistory_COMBINIHISTORY_ORDER_BY";N;s:31:"CombiniHistory_COMBINIHISTORY_S";b:0;s:30:"SalesGroup_FEE_CUSTOM_ORDER_BY";s:47:"sms_fee.sell_date DESC, contacts.last_name ASC ";s:70:"SalesGroup_FEE_CUSTOM_sms_fee.sell_date DESC, contacts.last_name ASC S";b:1;s:37:"Student_STUDENT_BASED_COURSE_ORDER_BY";s:47:"contacts.last_name_furigana, contacts.last_name";s:77:"Student_STUDENT_BASED_COURSE_contacts.last_name_furigana, contacts.last_nameS";b:0;s:30:"Student_POPUP_STUDENT_ORDER_BY";s:58:" contacts.last_name_furigana, contacts.first_name_furigana";s:81:"Student_POPUP_STUDENT_ contacts.last_name_furigana, contacts.first_name_furiganaS";b:0;s:37:"Teacher_LWCoSubpanel_AN_teacher_sub_S";s:3:"ASC";s:37:"Student_LWCoSubpanel_AN_student_sub_S";s:3:"ASC";s:15:"Student_LW_AN_S";s:3:"ASC";s:46:"Resource_EVENT_INSTANCE_DETAIL_CUSTOM_ORDER_BY";s:32:"smsevent_instances.from_datetime";s:71:"Resource_EVENT_INSTANCE_DETAIL_CUSTOM_smsevent_instances.from_datetimeS";b:0;s:35:"Course_LWStSubpanel_AN_course_sub_S";s:3:"ASC";s:37:"Course_LWStSubpanel_AN_course_carte_S";s:3:"ASC";s:14:"Course_LW_AN_S";s:3:"ASC";s:18:"Users_LWPopup_AN_S";s:3:"ASC";s:46:"Student_LWYoToStudentSubpanel_AN_student_sub_S";s:3:"ASC";s:43:"Course_LWYoToCourseSubpanel_AN_course_sub_S";s:3:"ASC";s:34:"Fee_LWYoToFeeSubpanel_AN_fee_sub_S";s:3:"ASC";s:19:"Course_LWPopup_AN_S";s:3:"ASC";s:19:"MasterKanri_LW_AN_S";s:3:"ASC";s:16:"Accounts_LW_AN_S";s:3:"ASC";s:41:"Course_LWStSubpanel_AN_course_sub_carte_S";s:3:"ASC";s:37:"Student_LWAcSubpanel_AN_student_sub_S";s:3:"ASC";s:33:"Accounts_SMS_MEMO_CUSTOM_ORDER_BY";s:18:"sms_memo.memodate ";s:44:"Accounts_SMS_MEMO_CUSTOM_sms_memo.memodate S";b:1;s:15:"Teacher_LW_AN_S";s:3:"ASC";s:20:"Teacher_LWPopup_AN_S";s:3:"ASC";s:22:"Staff_STAFF_last_nameS";b:0;s:20:"Student_LWPopup_AN_S";s:3:"ASC";s:21:"Users_USER_last_nameS";b:0;s:21:"Accounts_LWPopup_AN_S";s:3:"ASC";s:22:"Student_LW_AN_ORDER_BY";s:13:"date_modified";s:28:"Student_LW_AN_date_modifiedS";s:3:"ASC";s:26:"Course_LWPopup_AN_ORDER_BY";s:10:"koza_kubun";s:30:"Course_LWPopup_AN_common_codeS";s:3:"ASC";s:21:"Course_LW_AN_ORDER_BY";s:11:"common_code";s:25:"Course_LW_AN_common_codeS";s:3:"ASC";s:47:"Course_LWStSubpanel_carte_keiri_AN_course_sub_S";s:3:"ASC";s:35:"Fee_LWStFeSubpanel_AN_person_fees_S";s:3:"ASC";s:43:"Transaction_LWStTrSubpanel_AN_transaction_S";s:3:"ASC";s:40:"ProductCategory_PRODUCTCATEGORY_ORDER_BY";s:10:"list_order";s:43:"ProductCategory_PRODUCTCATEGORY_list_orderS";b:0;s:24:"Student_LWKozaBetsu_AN_S";s:3:"ASC";s:27:"Student_LWJukoshaBetsu_AN_S";s:3:"ASC";s:24:"Course_LWGoukeiData_AN_S";s:3:"ASC";s:23:"Accounts_LWTeacher_AN_S";s:3:"ASC";s:24:"Course_LWShussekibo_AN_S";s:3:"ASC";s:37:"Teacher_LWAcSubpanel_AN_teacher_sub_S";s:3:"ASC";s:19:"Audit_LW_AN_audit_S";s:3:"ASC";s:26:"Audit_LW_AN_audit_ORDER_BY";s:12:"date_created";s:31:"Audit_LW_AN_audit_date_createdS";s:3:"ASC";s:31:"Course_LWShussekibo_AN_ORDER_BY";s:11:"course_name";s:35:"Course_LWShussekibo_AN_course_nameS";s:4:"DESC";s:43:"Student_LWCoSubpanel_carte_AN_student_sub_S";s:3:"ASC";s:37:"Fee_LWCoStFeSubpanel_AN_person_fees_S";s:3:"ASC";s:43:"Transaction_LWCoTrSubpanel_AN_transaction_S";s:3:"ASC";s:26:"Student_LWReigaiShori_AN_S";s:3:"ASC";s:54:"EmailTemplatesCategory_EMAILTEMPLATESCATEGORY_ORDER_BY";s:29:"email_templates_category.name";s:76:"EmailTemplatesCategory_EMAILTEMPLATESCATEGORY_email_templates_category.nameS";b:0;s:38:"EmailTemplates_EMAIL_TEMPLATE_ORDER_BY";s:33:"email_templates.date_entered DESC";s:64:"EmailTemplates_EMAIL_TEMPLATE_email_templates.date_entered DESCS";b:0;s:17:"ResourcetanmatsuQ";a:8:{s:6:"action";s:8:"ListView";s:5:"query";s:4:"true";s:6:"module";s:8:"Resource";s:8:"category";s:8:"tanmatsu";s:17:"listview_calendar";s:0:"";s:4:"name";s:0:"";s:7:"area_id";s:9:"首都圏";s:9:"school_id";s:36:"b0845182-f1bc-145f-0560-5001d0cbee2a";}s:35:"Course_LWTeSubpanel_AN_course_sub_S";s:3:"ASC";s:29:"Course_LWPopup_AN_koza_kubunS";s:3:"ASC";s:7:"EmailsQ";a:18:{s:6:"action";s:8:"ListView";s:5:"query";s:4:"true";s:6:"module";s:6:"Emails";s:4:"type";s:0:"";s:5:"other";s:0:"";s:16:"assigned_user_id";s:0:"";s:5:"group";s:0:"";s:20:"do_not_search_school";s:4:"true";s:10:"email_type";s:3:"out";s:11:"assigned_to";s:0:"";s:6:"status";s:0:"";s:4:"name";s:0:"";s:7:"area_id";s:9:"首都圏";s:9:"school_id";s:12:"sssssss-1111";s:17:"contact_last_name";s:0:"";s:18:"contact_first_name";s:0:"";s:21:"email_sent_date_start";s:0:"";s:19:"email_sent_date_end";s:0:"";}}authenticated_user_language|s:2:"ja";tanmatsu_id|s:36:"47fcd0f9-91ed-22a6-b859-5121d2c72daa";remember_me|b:1;SMSMemo_MYSTUDENTMEMO_HOME_OBL|s:17:"date_entered desc";MYSTUDENTMEMO_HOME_QUERY_WHERE|s:0:"";MYSTUDENTMEMO_HOME_ORDER_BY_DETAIL|s:17:"date_entered desc";MYSTUDENTMEMO_HOME_DETAIL_NAV_HISTORY|b:0;MAILMERGE_RECORDS|a:1:{i:0;s:36:"5ef795a8-672e-8414-5eaf-5101d931d618";}MAILMERGE_MODULE_FROM_LISTVIEW|s:7:"SMSMemo";Tasks_query_where|s:26:"tasks.assigned_user_id=''1''";Tasks_TASK_HOME_OBL|s:13:"date_due desc";TASK_HOME_QUERY_WHERE|s:26:"tasks.assigned_user_id=''1''";TASK_HOME_ORDER_BY_DETAIL|s:13:"date_due desc";TASK_HOME_DETAIL_NAV_HISTORY|b:0;Tasks_TASK_HOME_offset|i:0;SMSMemo_MYNOTICES_HOME_OBL|s:17:"date_entered desc";MYNOTICES_HOME_QUERY_WHERE|s:0:"";MYNOTICES_HOME_ORDER_BY_DETAIL|s:17:"date_entered desc";MYNOTICES_HOME_DETAIL_NAV_HISTORY|b:0;SMSMemo_ANNOUNCEMENTS_HOME_OBL|s:17:"date_entered desc";ANNOUNCEMENTS_HOME_QUERY_WHERE|s:0:"";ANNOUNCEMENTS_HOME_ORDER_BY_DETAIL|s:17:"date_entered desc";ANNOUNCEMENTS_HOME_DETAIL_NAV_HISTORY|b:0;dst_fixed|b:1;Transaction_LWNyukinNippo_AN_offset|i:0;', 'p'),
('vjh6tiijnp4g4q6hmqr9qvkh94', NULL, 1363089506, '110.4.189.189', 'session_time_control|i:1363089506;ipaddress|s:13:"110.4.189.189";_PREFERENCES|a:2:{s:8:"timezone";s:10:"Asia/Tokyo";s:2:"ut";i:1;}theme_changed|b:0;moreTab|s:7:"SMSHelp";avail_themes|a:9:{s:7:"Booking";s:5:"Sugar";s:13:"BookingMobile";s:13:"BookingMobile";s:6:"Mobile";s:6:"Mobile";s:6:"MyPage";s:6:"Techno";s:9:"MyPageACC";s:6:"Techno";s:10:"NewBooking";s:6:"Yoyaku";s:9:"NewMobile";s:9:"NewMobile";s:5:"Sugar";s:5:"Sugar";s:6:"Techno";s:6:"Techno";}', 'p');
INSERT INTO `session` (`sess_id`, `user_name`, `sess_updated`, `sess_ip`, `sess_data`, `access_from`) VALUES
('0uobit30le80qlm7g5fa5btj03', NULL, 1363084033, '110.4.189.189', 'unique_key|s:32:"d311dceacd1d663893ef1872232e333a";authenticated_user_id|s:36:"7822a720-e764-5845-a896-5110c8cc2b83";gridline|s:3:"off";mailmerge_on|s:3:"off";display_tabs|a:11:{i:0;s:8:"Calendar";i:1;s:6:"Course";i:2;s:7:"Student";i:3;s:7:"Teacher";i:4;s:8:"Contacts";i:5;s:8:"Resource";i:6;s:6:"Emails";i:7;s:5:"Keiri";i:8;s:10:"SMSReports";i:9;s:4:"Main";i:10;s:7:"SMSHelp";}hide_tabs|a:0:{}remove_tabs|a:0:{}ut|s:1:"1";mail_fromname|s:9:"TechnoSMS";mail_fromaddress|s:24:"technosms@technopian.com";SMSMemo_MOBILE_ANNOUNCEMENT_ORDER_BY|s:13:"memodate desc";SMSMemo_MOBILE_ANNOUNCEMENT_memodate descS|b:0;lastTheme|s:6:"Techno";SMSMemo_MYSTUDENTMEMO_HOME_ORDER_BY|s:17:"date_entered desc";SMSMemo_MYSTUDENTMEMO_HOME_date_entered descS|b:0;SMSMemo_MYNOTICES_HOME_ORDER_BY|s:17:"date_entered desc";SMSMemo_MYNOTICES_HOME_date_entered descS|b:0;SMSMemo_ANNOUNCEMENTS_HOME_ORDER_BY|s:17:"date_entered desc";SMSMemo_ANNOUNCEMENTS_HOME_date_entered descS|b:0;Contacts_CONTACT_UNIFIED_ORDER_BY|s:39:"contacts.last_name, contacts.first_name";Contacts_CONTACT_UNIFIED_contacts.last_name, contacts.first_nameS|b:1;Student_LW_AN_S|s:3:"ASC";Student_SMS_MEMO_CUSTOM_ORDER_BY|s:18:"sms_memo.memodate ";Student_SMS_MEMO_CUSTOM_sms_memo.memodate S|b:1;Course_LWStSubpanel_AN_course_sub_carte_S|s:3:"ASC";Student_EVENT_INSTANCE_DETAIL_CUSTOM_ORDER_BY|s:32:"smsevent_instances.from_datetime";Student_EVENT_INSTANCE_DETAIL_CUSTOM_smsevent_instances.from_datetimeS|b:0;Keiri_KEIRI_ORDER_BY|s:27:"sms_transaction.t_date desc";Keiri_KEIRI_sms_transaction.t_date descS|b:0;Transaction_TRANSACTION_ORDER_BY|s:52:"sms_transaction.t_date DESC, contacts.last_name ASC ";Transaction_TRANSACTION_sms_transaction.t_date DESC, contacts.last_name ASC S|b:0;TransactionQ|a:20:{s:6:"action";s:8:"ListView";s:5:"query";s:4:"true";s:6:"module";s:11:"Transaction";s:20:"do_not_search_school";s:4:"true";s:11:"course_name";s:0:"";s:14:"keiri_category";s:7:"student";s:7:"area_id";s:9:"首都圏";s:9:"school_id";s:36:"b0845182-f1bc-145f-0560-5001d0cbee2a";s:12:"contact_name";s:0:"";s:8:"idnumber";s:0:"";s:12:"payment_type";s:0:"";s:9:"type_name";s:4:"9999";s:15:"fee_subcategory";s:0:"";s:15:"start_date_year";s:4:"2013";s:16:"start_date_month";s:1:"3";s:14:"start_date_day";s:2:"11";s:13:"end_date_year";s:4:"2013";s:14:"end_date_month";s:1:"3";s:12:"end_date_day";s:2:"31";s:14:"date_selection";s:9:"sell_date";}FeeQ|a:23:{s:6:"action";s:8:"ListView";s:5:"query";s:4:"true";s:6:"module";s:3:"Fee";s:20:"do_not_search_school";s:4:"true";s:7:"general";N;s:4:"name";s:0:"";s:11:"course_name";s:0:"";s:7:"area_id";s:9:"首都圏";s:9:"school_id";s:36:"b0845182-f1bc-145f-0560-5001d0cbee2a";s:12:"contact_name";s:0:"";s:8:"idnumber";s:0:"";s:14:"keiri_category";s:7:"student";s:7:"type_id";s:0:"";s:15:"fee_subcategory";s:0:"";s:10:"jikyu_rate";s:0:"";s:15:"start_date_year";s:4:"2013";s:16:"start_date_month";s:1:"2";s:14:"start_date_day";s:2:"21";s:13:"end_date_year";s:4:"2013";s:14:"end_date_month";s:1:"2";s:12:"end_date_day";s:2:"21";s:14:"date_selection";s:9:"sell_date";s:9:"unit_type";s:3:"all";}Fee_FEE_ORDER_BY|s:47:"sms_fee.sell_date DESC, contacts.last_name ASC ";Fee_FEE_sms_fee.sell_date DESC, contacts.last_name ASC S|b:0;Student_LWCoSubpanel_carte_AN_student_sub_S|s:3:"ASC";Fee_LWCoStFeSubpanel_AN_person_fees_S|s:3:"ASC";Transaction_LWCoTrSubpanel_AN_transaction_S|s:3:"ASC";Course_LWStSubpanel_carte_keiri_AN_course_sub_S|s:3:"ASC";Fee_LWStFeSubpanel_AN_person_fees_S|s:3:"ASC";Transaction_LWStTrSubpanel_AN_transaction_S|s:3:"ASC";Course_LW_AN_S|s:3:"ASC";Student_LWCoSubpanel_AN_student_sub_S|s:3:"ASC";Course_LWPopup_AN_S|s:3:"ASC";SalesGroup_FEE_CUSTOM_ORDER_BY|s:47:"sms_fee.sell_date DESC, contacts.last_name ASC ";SalesGroup_FEE_CUSTOM_sms_fee.sell_date DESC, contacts.last_name ASC S|b:1;Transaction_LW_AN_S|s:3:"ASC";Contacts_CONTACT_ORDER_BY|s:39:"contacts.last_name, contacts.first_name";Contacts_CONTACT_contacts.last_name, contacts.first_nameS|b:0;StaffQ|a:13:{s:5:"query";s:4:"true";s:6:"module";s:5:"Staff";s:17:"listview_calendar";s:0:"";s:9:"last_name";s:0:"";s:10:"first_name";s:0:"";s:6:"action";s:5:"index";s:18:"last_name_furigana";s:0:"";s:19:"first_name_furigana";s:0:"";s:8:"idnumber";s:0:"";s:7:"area_id";s:9:"首都圏";s:9:"school_id";s:36:"b0845182-f1bc-145f-0560-5001d0cbee2a";s:14:"contact_status";s:2:"20";s:22:"prospect_list_savename";s:0:"";}Staff_STAFF_ORDER_BY|s:39:"contacts.last_name, contacts.first_name";Staff_STAFF_contacts.last_name, contacts.first_nameS|b:0;SalesGroup_SALESGROUP_TEMPLATE_ORDER_BY|s:83:"sms_salesgroup.salesno DESC, sms_salesgroup.sell_date DESC, contacts.last_name ASC ";SalesGroup_SALESGROUP_TEMPLATE_sms_salesgroup.salesno DESC, sms_salesgroup.sell_date DESC, contacts.last_name ASC S|b:0;Student_LWPopup_AN_S|s:3:"ASC";Fee_TRANSACTION_CUSTOM_ORDER_BY|s:52:"sms_transaction.t_date DESC, contacts.last_name ASC ";Fee_TRANSACTION_CUSTOM_sms_transaction.t_date DESC, contacts.last_name ASC S|b:1;Teacher_LWCoSubpanel_AN_teacher_sub_S|s:3:"ASC";Audit_LW_AN_audit_S|s:3:"ASC";Course_EVENT_INSTANCE_CUSTOM_ORDER_BY|s:32:"sms_event_instance.from_datetime";Course_EVENT_INSTANCE_CUSTOM_sms_event_instance.from_datetimeS|b:0;Transaction_LW_AN_ORDER_BY|s:9:"sell_date";Transaction_LW_AN_fee_nameS|s:3:"ASC";Transaction_LW_AN_sell_dateS|s:3:"ASC";session_time_control|i:1363084033;ipaddress|s:13:"110.4.189.189";_PREFERENCES|a:2:{s:8:"timezone";s:10:"Asia/Tokyo";s:2:"ut";i:1;}theme_changed|b:0;moreTab|s:7:"SMSHelp";avail_themes|a:9:{s:7:"Booking";s:5:"Sugar";s:13:"BookingMobile";s:13:"BookingMobile";s:6:"Mobile";s:6:"Mobile";s:6:"MyPage";s:6:"Techno";s:9:"MyPageACC";s:6:"Techno";s:10:"NewBooking";s:6:"Yoyaku";s:9:"NewMobile";s:9:"NewMobile";s:5:"Sugar";s:5:"Sugar";s:6:"Techno";s:6:"Techno";}authenticated_user_theme|s:6:"Techno";tanmatsu_id|s:36:"47fcd0f9-91ed-22a6-b859-5121d2c72daa";ktest_PREFERENCES|a:66:{s:8:"gridline";s:3:"off";s:12:"mailmerge_on";s:3:"off";s:12:"display_tabs";a:11:{i:0;s:8:"Calendar";i:1;s:6:"Course";i:2;s:7:"Student";i:3;s:7:"Teacher";i:4;s:8:"Contacts";i:5;s:8:"Resource";i:6;s:6:"Emails";i:7;s:5:"Keiri";i:8;s:10:"SMSReports";i:9;s:4:"Main";i:10;s:7:"SMSHelp";}s:9:"hide_tabs";a:0:{}s:11:"remove_tabs";a:0:{}s:2:"ut";s:1:"1";s:13:"mail_fromname";s:9:"TechnoSMS";s:16:"mail_fromaddress";s:24:"technosms@technopian.com";s:36:"SMSMemo_MOBILE_ANNOUNCEMENT_ORDER_BY";s:13:"memodate desc";s:42:"SMSMemo_MOBILE_ANNOUNCEMENT_memodate descS";b:0;s:9:"lastTheme";s:6:"Techno";s:35:"SMSMemo_MYSTUDENTMEMO_HOME_ORDER_BY";s:17:"date_entered desc";s:45:"SMSMemo_MYSTUDENTMEMO_HOME_date_entered descS";b:0;s:31:"SMSMemo_MYNOTICES_HOME_ORDER_BY";s:17:"date_entered desc";s:41:"SMSMemo_MYNOTICES_HOME_date_entered descS";b:0;s:35:"SMSMemo_ANNOUNCEMENTS_HOME_ORDER_BY";s:17:"date_entered desc";s:45:"SMSMemo_ANNOUNCEMENTS_HOME_date_entered descS";b:0;s:33:"Contacts_CONTACT_UNIFIED_ORDER_BY";s:39:"contacts.last_name, contacts.first_name";s:65:"Contacts_CONTACT_UNIFIED_contacts.last_name, contacts.first_nameS";b:1;s:15:"Student_LW_AN_S";s:3:"ASC";s:32:"Student_SMS_MEMO_CUSTOM_ORDER_BY";s:18:"sms_memo.memodate ";s:43:"Student_SMS_MEMO_CUSTOM_sms_memo.memodate S";b:1;s:41:"Course_LWStSubpanel_AN_course_sub_carte_S";s:3:"ASC";s:45:"Student_EVENT_INSTANCE_DETAIL_CUSTOM_ORDER_BY";s:32:"smsevent_instances.from_datetime";s:70:"Student_EVENT_INSTANCE_DETAIL_CUSTOM_smsevent_instances.from_datetimeS";b:0;s:20:"Keiri_KEIRI_ORDER_BY";s:27:"sms_transaction.t_date desc";s:40:"Keiri_KEIRI_sms_transaction.t_date descS";b:0;s:32:"Transaction_TRANSACTION_ORDER_BY";s:52:"sms_transaction.t_date DESC, contacts.last_name ASC ";s:77:"Transaction_TRANSACTION_sms_transaction.t_date DESC, contacts.last_name ASC S";b:0;s:12:"TransactionQ";a:20:{s:6:"action";s:8:"ListView";s:5:"query";s:4:"true";s:6:"module";s:11:"Transaction";s:20:"do_not_search_school";s:4:"true";s:11:"course_name";s:0:"";s:14:"keiri_category";s:7:"student";s:7:"area_id";s:9:"首都圏";s:9:"school_id";s:36:"b0845182-f1bc-145f-0560-5001d0cbee2a";s:12:"contact_name";s:0:"";s:8:"idnumber";s:0:"";s:12:"payment_type";s:0:"";s:9:"type_name";s:4:"9999";s:15:"fee_subcategory";s:0:"";s:15:"start_date_year";s:4:"2013";s:16:"start_date_month";s:1:"3";s:14:"start_date_day";s:2:"11";s:13:"end_date_year";s:4:"2013";s:14:"end_date_month";s:1:"3";s:12:"end_date_day";s:2:"31";s:14:"date_selection";s:9:"sell_date";}s:4:"FeeQ";a:23:{s:6:"action";s:8:"ListView";s:5:"query";s:4:"true";s:6:"module";s:3:"Fee";s:20:"do_not_search_school";s:4:"true";s:7:"general";N;s:4:"name";s:0:"";s:11:"course_name";s:0:"";s:7:"area_id";s:9:"首都圏";s:9:"school_id";s:36:"b0845182-f1bc-145f-0560-5001d0cbee2a";s:12:"contact_name";s:0:"";s:8:"idnumber";s:0:"";s:14:"keiri_category";s:7:"student";s:7:"type_id";s:0:"";s:15:"fee_subcategory";s:0:"";s:10:"jikyu_rate";s:0:"";s:15:"start_date_year";s:4:"2013";s:16:"start_date_month";s:1:"2";s:14:"start_date_day";s:2:"21";s:13:"end_date_year";s:4:"2013";s:14:"end_date_month";s:1:"2";s:12:"end_date_day";s:2:"21";s:14:"date_selection";s:9:"sell_date";s:9:"unit_type";s:3:"all";}s:16:"Fee_FEE_ORDER_BY";s:47:"sms_fee.sell_date DESC, contacts.last_name ASC ";s:56:"Fee_FEE_sms_fee.sell_date DESC, contacts.last_name ASC S";b:0;s:43:"Student_LWCoSubpanel_carte_AN_student_sub_S";s:3:"ASC";s:37:"Fee_LWCoStFeSubpanel_AN_person_fees_S";s:3:"ASC";s:43:"Transaction_LWCoTrSubpanel_AN_transaction_S";s:3:"ASC";s:47:"Course_LWStSubpanel_carte_keiri_AN_course_sub_S";s:3:"ASC";s:35:"Fee_LWStFeSubpanel_AN_person_fees_S";s:3:"ASC";s:43:"Transaction_LWStTrSubpanel_AN_transaction_S";s:3:"ASC";s:14:"Course_LW_AN_S";s:3:"ASC";s:37:"Student_LWCoSubpanel_AN_student_sub_S";s:3:"ASC";s:19:"Course_LWPopup_AN_S";s:3:"ASC";s:30:"SalesGroup_FEE_CUSTOM_ORDER_BY";s:47:"sms_fee.sell_date DESC, contacts.last_name ASC ";s:70:"SalesGroup_FEE_CUSTOM_sms_fee.sell_date DESC, contacts.last_name ASC S";b:1;s:19:"Transaction_LW_AN_S";s:3:"ASC";s:25:"Contacts_CONTACT_ORDER_BY";s:39:"contacts.last_name, contacts.first_name";s:57:"Contacts_CONTACT_contacts.last_name, contacts.first_nameS";b:0;s:6:"StaffQ";a:13:{s:5:"query";s:4:"true";s:6:"module";s:5:"Staff";s:17:"listview_calendar";s:0:"";s:9:"last_name";s:0:"";s:10:"first_name";s:0:"";s:6:"action";s:5:"index";s:18:"last_name_furigana";s:0:"";s:19:"first_name_furigana";s:0:"";s:8:"idnumber";s:0:"";s:7:"area_id";s:9:"首都圏";s:9:"school_id";s:36:"b0845182-f1bc-145f-0560-5001d0cbee2a";s:14:"contact_status";s:2:"20";s:22:"prospect_list_savename";s:0:"";}s:20:"Staff_STAFF_ORDER_BY";s:39:"contacts.last_name, contacts.first_name";s:52:"Staff_STAFF_contacts.last_name, contacts.first_nameS";b:0;s:39:"SalesGroup_SALESGROUP_TEMPLATE_ORDER_BY";s:83:"sms_salesgroup.salesno DESC, sms_salesgroup.sell_date DESC, contacts.last_name ASC ";s:115:"SalesGroup_SALESGROUP_TEMPLATE_sms_salesgroup.salesno DESC, sms_salesgroup.sell_date DESC, contacts.last_name ASC S";b:0;s:20:"Student_LWPopup_AN_S";s:3:"ASC";s:31:"Fee_TRANSACTION_CUSTOM_ORDER_BY";s:52:"sms_transaction.t_date DESC, contacts.last_name ASC ";s:76:"Fee_TRANSACTION_CUSTOM_sms_transaction.t_date DESC, contacts.last_name ASC S";b:1;s:37:"Teacher_LWCoSubpanel_AN_teacher_sub_S";s:3:"ASC";s:19:"Audit_LW_AN_audit_S";s:3:"ASC";s:37:"Course_EVENT_INSTANCE_CUSTOM_ORDER_BY";s:32:"sms_event_instance.from_datetime";s:62:"Course_EVENT_INSTANCE_CUSTOM_sms_event_instance.from_datetimeS";b:0;s:26:"Transaction_LW_AN_ORDER_BY";s:9:"sell_date";s:27:"Transaction_LW_AN_fee_nameS";s:3:"ASC";s:28:"Transaction_LW_AN_sell_dateS";s:3:"ASC";s:26:"Student_LWReigaiShori_AN_S";s:3:"ASC";s:11:"Fee_LW_AN_S";s:3:"ASC";s:18:"Fee_LW_AN_ORDER_BY";s:7:"salesno";s:18:"Fee_LW_AN_salesnoS";s:3:"ASC";}authenticated_user_language|s:2:"ja";SMSMemo_MYSTUDENTMEMO_HOME_OBL|s:17:"date_entered desc";MYSTUDENTMEMO_HOME_QUERY_WHERE|s:0:"";MYSTUDENTMEMO_HOME_ORDER_BY_DETAIL|s:17:"date_entered desc";MYSTUDENTMEMO_HOME_DETAIL_NAV_HISTORY|b:0;MAILMERGE_RECORDS|a:1:{i:0;s:36:"b75b0280-4509-6cb5-08ba-513d7a0fe989";}MAILMERGE_MODULE_FROM_LISTVIEW|s:13:"EventInstance";SMSMemo_MYNOTICES_HOME_OBL|s:17:"date_entered desc";MYNOTICES_HOME_QUERY_WHERE|s:0:"";MYNOTICES_HOME_ORDER_BY_DETAIL|s:17:"date_entered desc";MYNOTICES_HOME_DETAIL_NAV_HISTORY|b:0;SMSMemo_ANNOUNCEMENTS_HOME_OBL|s:17:"date_entered desc";ANNOUNCEMENTS_HOME_QUERY_WHERE|s:0:"";ANNOUNCEMENTS_HOME_ORDER_BY_DETAIL|s:17:"date_entered desc";ANNOUNCEMENTS_HOME_DETAIL_NAV_HISTORY|b:0;Contacts_query_where|s:911:"(contacts.last_name LIKE ''%芝%'' OR contacts.first_name LIKE ''%芝%'' OR contacts.last_name_furigana LIKE ''%芝%'' OR contacts.first_name_furigana LIKE ''%芝%'' OR contacts.idnumber REGEXP ''06[0]{5}芝'') AND deleted=0 AND (1=0 OR contacts.smsgroup=''contact''  OR contacts.smsgroup=''student''  OR contacts.smsgroup=''teacher'' ) AND contacts.school_id IN  (''sssssss-1111'',''49caa19d-9872-3095-6bd4-5001d0aa692d'',''a32c39d6-45da-a750-6e4d-5001d0bd7a8d'',''b0845182-f1bc-145f-0560-5001d0cbee2a'',''28e74451-24cc-c806-9642-5001d0f926d9'',''c083c4e8-6f1d-24ea-fd47-5001d0b9910f'',''5ea7a466-203e-45f4-582c-5001d12b64db'',''5bc40075-3911-d52a-a0f8-5001d15a06e5'',''c387f0ac-5700-6490-3264-5001d1127ee7'',''bb0d4d73-13a4-b000-36a6-5001d0094cb6'',''1ca1eb40-372a-27a2-bf44-5001d1ad9d91'',''a312c57a-0e45-6f65-0402-5001d1e84f1d'',''e86510a2-302b-7c34-250d-5001d1fc1b41'',''bf737929-0509-7bfe-586f-500248ae9b81'',''687ec71c-1c7d-6c97-fc2a-4c889fc5d652'') ";Contacts_CONTACT_UNIFIED_OBL|s:39:"contacts.last_name, contacts.first_name";CONTACT_UNIFIED_QUERY_WHERE|s:911:"(contacts.last_name LIKE ''%芝%'' OR contacts.first_name LIKE ''%芝%'' OR contacts.last_name_furigana LIKE ''%芝%'' OR contacts.first_name_furigana LIKE ''%芝%'' OR contacts.idnumber REGEXP ''06[0]{5}芝'') AND deleted=0 AND (1=0 OR contacts.smsgroup=''contact''  OR contacts.smsgroup=''student''  OR contacts.smsgroup=''teacher'' ) AND contacts.school_id IN  (''sssssss-1111'',''49caa19d-9872-3095-6bd4-5001d0aa692d'',''a32c39d6-45da-a750-6e4d-5001d0bd7a8d'',''b0845182-f1bc-145f-0560-5001d0cbee2a'',''28e74451-24cc-c806-9642-5001d0f926d9'',''c083c4e8-6f1d-24ea-fd47-5001d0b9910f'',''5ea7a466-203e-45f4-582c-5001d12b64db'',''5bc40075-3911-d52a-a0f8-5001d15a06e5'',''c387f0ac-5700-6490-3264-5001d1127ee7'',''bb0d4d73-13a4-b000-36a6-5001d0094cb6'',''1ca1eb40-372a-27a2-bf44-5001d1ad9d91'',''a312c57a-0e45-6f65-0402-5001d1e84f1d'',''e86510a2-302b-7c34-250d-5001d1fc1b41'',''bf737929-0509-7bfe-586f-500248ae9b81'',''687ec71c-1c7d-6c97-fc2a-4c889fc5d652'') ";CONTACT_UNIFIED_ORDER_BY_DETAIL|s:44:"contacts.last_name, contacts.first_name desc";CONTACT_UNIFIED_DETAIL_NAV_HISTORY|b:0;Contacts_CONTACT_UNIFIED_offset|i:0;Student_SMS_MEMO_CUSTOM_OBL|s:18:"sms_memo.memodate ";SMS_MEMO_CUSTOM_QUERY_WHERE|s:0:"";SMS_MEMO_CUSTOM_ORDER_BY_DETAIL|s:23:"sms_memo.memodate  desc";SMS_MEMO_CUSTOM_DETAIL_NAV_HISTORY|b:0;Student_query_where|s:55:"smsevent_instances.to_datetime >= ''2013-03-12 18:36:58''";Student_EVENT_INSTANCE_DETAIL_CUSTOM_OBL|s:32:"smsevent_instances.from_datetime";EVENT_INSTANCE_DETAIL_CUSTOM_QUERY_WHERE|s:55:"smsevent_instances.to_datetime >= ''2013-03-12 18:36:58''";EVENT_INSTANCE_DETAIL_CUSTOM_ORDER_BY_DETAIL|s:36:"smsevent_instances.from_datetime asc";EVENT_INSTANCE_DETAIL_CUSTOM_DETAIL_NAV_HISTORY|b:0;Student_EVENT_INSTANCE_DETAIL_CUSTOM_offset|i:0;Student_LW_AN_offset|i:0;Student_SMS_MEMO_CUSTOM_offset|i:0;Student_LWYoToStudentSubpanel_AN_student_sub_offset|i:0;Course_LWYoToCourseSubpanel_AN_course_sub_offset|i:0;Fee_LWYoToFeeSubpanel_AN_fee_sub_offset|i:0;Keiri_query_where|s:109:"sms_fee.sell_date <= ''2013-03-11 23:59:59'' AND sms_fee.sell_date >= ''2013-03-11 00:00:00''  AND  actual = ''0'' ";Keiri_KEIRI_OBL|s:27:"sms_transaction.t_date desc";KEIRI_QUERY_WHERE|s:109:"sms_fee.sell_date <= ''2013-03-11 23:59:59'' AND sms_fee.sell_date >= ''2013-03-11 00:00:00''  AND  actual = ''0'' ";KEIRI_ORDER_BY_DETAIL|s:27:"sms_transaction.t_date desc";Transaction_LW_AN_offset|i:0;Course_LWStSubpanel_AN_course_sub_carte_offset|i:0;Student_LW_AN_REQUESTArr|a:3:{s:9:"last_name";s:3:"芝";s:10:"first_name";s:9:"健五郎";s:9:"school_id";s:3:"all";}Course_LWPopup_AN_offset|i:0;Transaction_LW_AN_REQUESTArr|a:1:{s:9:"school_id";s:3:"all";}Transaction_LWShunyuNippo_AN_offset|i:0;Transaction_LWNyukinNippo_AN_offset|i:0;Student_LWHenkinShori_AN_offset|i:0;Student_LWHenkinShori_AN_REQUESTArr|a:2:{s:9:"school_id";s:36:"b0845182-f1bc-145f-0560-5001d0cbee2a";s:12:"payment_type";s:4:"cash";}Student_LWReigaiShori_AN_offset|i:0;Student_LWReigaiShori_AN_S|s:3:"ASC";Fee_LW_AN_offset|i:0;Fee_LW_AN_S|s:3:"ASC";Fee_LW_AN_ORDER_BY|s:7:"salesno";Fee_LW_AN_salesnoS|s:3:"ASC";Fee_LW_AN_REQUESTArr|a:1:{s:9:"school_id";s:36:"b0845182-f1bc-145f-0560-5001d0cbee2a";}KEIRI_DETAIL_NAV_HISTORY|b:0;Keiri_KEIRI_offset|i:0;Student_LWYoToStudentSubpanel_AN_REQUESTArr|s:0:"";Transaction_LWStTrSubpanel_AN_transaction_offset|i:30;Transaction_LWYoToNyukinSubpanel_AN_nyukin_sub_offset|i:0;Course_query_where|s:55:"sms_event_instance.to_datetime >= ''2013-03-12 19:27:09''";Course_EVENT_INSTANCE_CUSTOM_OBL|s:32:"sms_event_instance.from_datetime";EVENT_INSTANCE_CUSTOM_QUERY_WHERE|s:55:"sms_event_instance.to_datetime >= ''2013-03-12 19:27:09''";EVENT_INSTANCE_CUSTOM_ORDER_BY_DETAIL|s:36:"sms_event_instance.from_datetime asc";EVENT_INSTANCE_CUSTOM_DETAIL_NAV_HISTORY|b:0;Course_EVENT_INSTANCE_CUSTOM_offset|i:0;', 'p');
INSERT INTO `session` (`sess_id`, `user_name`, `sess_updated`, `sess_ip`, `sess_data`, `access_from`) VALUES
('dvdcm88nsd4d0lodf2jvussee3', 'admin', 1363089339, '127.0.0.1', 'unique_key|s:32:"d311dceacd1d663893ef1872232e333a";authenticated_user_id|s:1:"1";timezone|s:10:"Asia/Tokyo";ut|i:1;Users_USER_ORDER_BY|s:9:"last_name";Users_USER_statusS|b:0;lastTheme|s:6:"Techno";Student_COURSE_CUSTOM_ORDER_BY|s:58:"start_date_for_sort DESC,event_contacts.date_modified DESC";Student_COURSE_CUSTOM_start_date_for_sort DESC,event_contacts.date_modified DESCS|b:0;Student_SMS_MEMO_CUSTOM_ORDER_BY|s:18:"sms_memo.memodate ";Student_SMS_MEMO_CUSTOM_sms_memo.memodate S|b:1;Student_FEE_CUSTOM_CONTACT_ORDER_BY|s:47:"sms_fee.sell_date DESC, contacts.last_name ASC ";Student_FEE_CUSTOM_CONTACT_sms_fee.sell_date DESC, contacts.last_name ASC S|b:1;Student_TRANSACTION_CUSTOM_CONTACT_ORDER_BY|s:52:"sms_transaction.t_date DESC, contacts.last_name ASC ";Student_TRANSACTION_CUSTOM_CONTACT_sms_transaction.t_date DESC, contacts.last_name ASC S|b:1;Keiri_KEIRI_ORDER_BY|s:27:"sms_transaction.t_date desc";Keiri_KEIRI_sms_transaction.t_date descS|b:0;SalesGroup_SALESGROUP_TEMPLATE_ORDER_BY|s:83:"sms_salesgroup.salesno DESC, sms_salesgroup.sell_date DESC, contacts.last_name ASC ";SalesGroup_SALESGROUP_TEMPLATE_sms_salesgroup.salesno DESC, sms_salesgroup.sell_date DESC, contacts.last_name ASC S|b:0;SalesGroup_FEE_CUSTOM_TEMPLATE_ORDER_BY|s:47:"sms_fee.sell_date DESC, contacts.last_name ASC ";SalesGroup_FEE_CUSTOM_TEMPLATE_sms_fee.sell_date DESC, contacts.last_name ASC S|b:1;UsersQ|a:9:{s:9:"last_name";s:0:"";s:10:"first_name";s:0:"";s:8:"smsgroup";s:7:"student";s:6:"status";s:6:"Active";s:7:"area_id";s:9:"首都圏";s:9:"school_id";s:12:"sssssss-1111";s:6:"action";s:8:"ListView";s:5:"query";s:4:"true";s:6:"module";s:5:"Users";}Student_STUDENT_ORDER_BY|s:8:"idnumber";Student_STUDENT_contacts.last_name, contacts.first_nameS|b:0;Contacts_CONTACT_ORDER_BY|s:39:"contacts.last_name, contacts.first_name";Contacts_CONTACT_contacts.last_name, contacts.first_nameS|b:0;StaffQ|a:13:{s:5:"query";s:4:"true";s:6:"module";s:5:"Staff";s:17:"listview_calendar";s:0:"";s:9:"last_name";s:0:"";s:10:"first_name";s:0:"";s:6:"action";s:5:"index";s:18:"last_name_furigana";s:0:"";s:19:"first_name_furigana";s:0:"";s:8:"idnumber";s:0:"";s:7:"area_id";s:3:"all";s:9:"school_id";s:36:"b0845182-f1bc-145f-0560-5001d0cbee2a";s:14:"contact_status";s:2:"20";s:22:"prospect_list_savename";s:0:"";}Staff_STAFF_ORDER_BY|s:9:"last_name";Staff_STAFF_contacts.last_name, contacts.first_nameS|b:0;School_SCHOOL_ORDER_BY|s:4:"name";School_SCHOOL_nameS|b:0;ACLRoles_ROLE_ORDER_BY|s:4:"name";ACLRoles_ROLE_nameS|b:0;ContactsQ|a:11:{s:9:"last_name";s:0:"";s:10:"first_name";s:0:"";s:6:"action";s:5:"index";s:5:"query";s:4:"true";s:6:"module";s:8:"Contacts";s:18:"last_name_furigana";s:0:"";s:19:"first_name_furigana";s:0:"";s:7:"area_id";s:3:"all";s:9:"school_id";s:3:"all";s:12:"company_name";s:0:"";s:22:"prospect_list_savename";s:0:"";}FeeQ|a:21:{s:6:"action";s:8:"ListView";s:5:"query";s:4:"true";s:6:"module";s:3:"Fee";s:20:"do_not_search_school";s:4:"true";s:7:"general";N;s:4:"name";s:0:"";s:11:"course_name";s:0:"";s:9:"school_id";s:12:"sssssss-1111";s:12:"contact_name";s:0:"";s:8:"idnumber";s:0:"";s:14:"keiri_category";s:7:"student";s:7:"type_id";s:0:"";s:15:"fee_subcategory";s:0:"";s:10:"jikyu_rate";s:0:"";s:15:"start_date_year";s:4:"2012";s:16:"start_date_month";s:2:"10";s:14:"start_date_day";s:1:"1";s:13:"end_date_year";s:4:"2012";s:14:"end_date_month";s:2:"10";s:12:"end_date_day";s:2:"31";s:9:"unit_type";s:3:"all";}Fee_FEE_GENERAL_ORDER_BY|s:47:"sms_fee.sell_date DESC, contacts.last_name ASC ";Fee_FEE_GENERAL_sms_fee.sell_date DESC, contacts.last_name ASC S|b:0;Teacher_TEACHER_ORDER_BY|s:39:"contacts.last_name, contacts.first_name";Teacher_TEACHER_contacts.last_name, contacts.first_nameS|b:0;Teacher_COURSE_CUSTOM_ORDER_BY|s:58:"start_date_for_sort DESC,event_contacts.date_modified DESC";Teacher_COURSE_CUSTOM_start_date_for_sort DESC,event_contacts.date_modified DESCS|b:0;Teacher_SMS_MEMO_CUSTOM_ORDER_BY|s:18:"sms_memo.memodate ";Teacher_SMS_MEMO_CUSTOM_sms_memo.memodate S|b:1;Teacher_FEE_CUSTOM_TEACHER_ORDER_BY|s:47:"sms_fee.sell_date DESC, contacts.last_name ASC ";Teacher_FEE_CUSTOM_TEACHER_sms_fee.sell_date DESC, contacts.last_name ASC S|b:1;StudentQ|a:18:{s:6:"action";s:5:"index";s:5:"query";s:4:"true";s:6:"module";s:7:"Student";s:14:"additional_sms";s:0:"";s:17:"listview_calendar";s:0:"";s:11:"course_list";s:4:"true";s:14:"parent_node_id";s:0:"";s:9:"parent_id";s:0:"";s:8:"event_id";s:0:"";s:21:"include_subcategories";s:2:"on";s:15:"current_student";s:0:"";s:7:"area_id";s:9:"首都圏";s:9:"school_id";s:12:"sssssss-1111";s:14:"student_status";s:1:"0";s:28:"event_contact_status_student";s:1:"0";s:13:"rel_date_from";s:0:"";s:11:"rel_date_to";s:0:"";s:22:"prospect_list_savename";s:0:"";}Course_STUDENT_CUSTOM_ORDER_BY|s:58:"start_date_for_sort DESC,event_contacts.date_modified DESC";Course_STUDENT_CUSTOM_start_date_for_sort DESC,event_contacts.date_modified DESCS|b:0;Course_FEE_CUSTOM_COURSEGENERAL_ORDER_BY|s:47:"sms_fee.sell_date DESC, contacts.last_name ASC ";Course_FEE_CUSTOM_COURSEGENERAL_sms_fee.sell_date DESC, contacts.last_name ASC S|b:1;Course_FEE_CUSTOM_COURSESTUDENT_ORDER_BY|s:47:"sms_fee.sell_date DESC, contacts.last_name ASC ";Course_FEE_CUSTOM_COURSESTUDENT_sms_fee.sell_date DESC, contacts.last_name ASC S|b:1;Course_TRANSACTION_CUSTOM_COURSE_ORDER_BY|s:52:"sms_transaction.t_date DESC, contacts.last_name ASC ";Course_TRANSACTION_CUSTOM_COURSE_sms_transaction.t_date DESC, contacts.last_name ASC S|b:1;TransactionQ|a:6:{s:6:"module";s:11:"Transaction";s:6:"action";s:5:"index";s:5:"query";s:4:"true";s:7:"overdue";s:4:"true";s:7:"initial";s:0:"";s:11:"unreceiveds";s:1:"0";}Transaction_TRANSACTION_ORDER_BY|s:52:"sms_transaction.t_date DESC, contacts.last_name ASC ";Transaction_TRANSACTION_sms_transaction.t_date DESC, contacts.last_name ASC S|b:0;Resource_RESOURCE_ORDER_BY|s:32:"resource.category, resource.name";Resource_RESOURCE_resource.category, resource.nameS|b:0;ResourceclassroomQ|a:8:{s:6:"action";s:8:"ListView";s:5:"query";s:4:"true";s:6:"module";s:8:"Resource";s:8:"category";s:9:"classroom";s:17:"listview_calendar";s:0:"";s:4:"name";s:0:"";s:7:"area_id";s:9:"首都圏";s:9:"school_id";s:36:"bf737929-0509-7bfe-586f-500248ae9b81";}Course_EVENT_INSTANCE_CUSTOM_ORDER_BY|s:32:"sms_event_instance.from_datetime";Course_EVENT_INSTANCE_CUSTOM_sms_event_instance.from_datetimeS|b:0;Teacher_EVENT_INSTANCE_DETAIL_CUSTOM_ORDER_BY|s:32:"smsevent_instances.from_datetime";Teacher_EVENT_INSTANCE_DETAIL_CUSTOM_smsevent_instances.from_datetimeS|b:0;Course_TEACHER_CUSTOM_ORDER_BY|s:39:"contacts.last_name, contacts.first_name";Course_TEACHER_CUSTOM_contacts.last_name, contacts.first_nameS|b:0;Course_RESOURCE_CUSTOM_ORDER_BY|s:32:"resource.category, resource.name";Course_RESOURCE_CUSTOM_resource.category, resource.nameS|b:0;Contacts_CONTACT_UNIFIED_ORDER_BY|s:39:"contacts.last_name, contacts.first_name";Contacts_CONTACT_UNIFIED_contacts.last_name, contacts.first_nameS|b:1;Fee_FEE_ORDER_BY|s:47:"sms_fee.sell_date DESC, contacts.last_name ASC ";Fee_FEE_sms_fee.sell_date DESC, contacts.last_name ASC S|b:0;Student_STUDENT_CUSTOM_REL_PEOPLE_ORDER_BY|s:58:"start_date_for_sort DESC,event_contacts.date_modified DESC";Student_STUDENT_CUSTOM_REL_PEOPLE_contacts.last_name, contacts.first_nameS|b:0;Student_EVENT_INSTANCE_DETAIL_CUSTOM_ORDER_BY|s:32:"smsevent_instances.from_datetime";Student_EVENT_INSTANCE_DETAIL_CUSTOM_smsevent_instances.from_datetimeS|b:0;Student_STUDENT_CUSTOM_REL_PEOPLE_start_date_for_sort DESC,event_contacts.date_modified DESCS|b:0;CourseQ|a:7:{s:6:"module";s:6:"Course";s:6:"action";s:8:"ListView";s:11:"course_list";s:4:"true";s:5:"query";s:4:"true";s:13:"initial_state";s:0:"";s:11:"course_open";s:10:"openfuture";s:8:"top_menu";s:1:"1";}Course_COURSE_DETAILED_ORDER_BY|s:13:"category_name";Course_COURSE_DETAILED_ course_category.name DESC, smsevent.name DESC S|b:0;TeacherQ|a:12:{s:6:"action";s:5:"index";s:5:"query";s:4:"true";s:6:"module";s:7:"Teacher";s:17:"listview_calendar";s:0:"";s:9:"last_name";s:0:"";s:10:"first_name";s:0:"";s:18:"last_name_furigana";s:0:"";s:19:"first_name_furigana";s:0:"";s:8:"idnumber";s:0:"";s:9:"school_id";s:3:"all";s:14:"contact_status";s:4:"9999";s:22:"prospect_list_savename";s:0:"";}Student_STUDENT_idnumberS|b:1;BankActionsHistory_BANKACTIONSHISTORY_ORDER_BY|s:17:"date_entered DESC";BankActionsHistory_BANKACTIONSHISTORY_date_entered DESCS|b:0;Course_COURSE_DETAILED_course_nameS|b:1;Course_COURSE_DETAILED_category_nameS|b:0;Emails_EMAIL_ORDER_BY|s:13:"date_modified";Emails_EMAIL_date_modifiedS|b:0;ProspectLists_PROSPECT_LIST_ORDER_BY|s:4:"name";ProspectLists_PROSPECT_LIST_nameS|b:0;ProspectLists_STUDENT_CUSTOM_PROSPECT_ORDER_BY|s:39:"contacts.last_name, contacts.first_name";ProspectLists_STUDENT_CUSTOM_PROSPECT_contacts.last_name, contacts.first_nameS|b:0;SMSMemo_MYSTUDENTMEMO_HOME_ORDER_BY|s:17:"date_entered desc";SMSMemo_MYSTUDENTMEMO_HOME_date_entered descS|b:0;SMSMemo_ANNOUNCEMENTS_HOME_ORDER_BY|s:17:"date_entered desc";SMSMemo_ANNOUNCEMENTS_HOME_date_entered descS|b:0;Poll_POLL_ORDER_BY|s:20:"poll.start_date desc";Poll_POLL_poll.start_date descS|b:0;SMSMemo_MOBILE_ANNOUNCEMENT_ORDER_BY|s:13:"memodate desc";SMSMemo_MOBILE_ANNOUNCEMENT_memodate descS|b:0;Tasks_TASK_HOME_ORDER_BY|s:13:"date_due desc";Tasks_TASK_HOME_date_due descS|b:0;SMSMemo_MYNOTICES_HOME_ORDER_BY|s:17:"date_entered desc";SMSMemo_MYNOTICES_HOME_date_entered descS|b:0;Keiri_SCHOOL_SHIMEBI_ORDER_BY|s:4:"name";Keiri_SCHOOL_SHIMEBI_ name DESC S|b:0;Course_COURSE_ORDER_BY|s:4:"name";Course_COURSE_nameS|b:0;Accounts_ACCOUNT_ORDER_BY|s:4:"name";Accounts_ACCOUNT_nameS|b:0;AccountsQ|a:7:{s:6:"action";s:5:"index";s:5:"query";s:4:"true";s:6:"module";s:8:"Accounts";s:4:"name";s:0:"";s:9:"school_id";s:3:"all";s:12:"address_city";s:0:"";s:5:"phone";s:0:"";}Accounts_STUDENT_CUSTOM_ACCOUNT_ORDER_BY|s:39:"contacts.last_name, contacts.first_name";Accounts_STUDENT_CUSTOM_ACCOUNT_contacts.last_name, contacts.first_nameS|b:0;CombiniActionsHistory_COMBINIACTIONSHISTORY_ORDER_BY|s:42:" combiniactions_history.date_entered desc ";CombiniActionsHistory_COMBINIACTIONSHISTORY_ combiniactions_history.date_entered desc S|b:0;Transaction_TRANSACTION_COMBINI_ORDER_BY|s:0:"";Transaction_TRANSACTION_COMBINI_S|b:0;Keiri_SCHOOL_SHIMEBI_nameS|b:1;Teacher_POPUP_TEACHER_ORDER_BY|s:58:" contacts.last_name_furigana, contacts.first_name_furigana";Teacher_POPUP_TEACHER_ contacts.last_name_furigana, contacts.first_name_furiganaS|b:0;Product_PRODUCT_ORDER_BY|s:41:"product.internal_product_id, product.name";Product_PRODUCT_product.internal_product_id, product.nameS|b:0;SMSMemoQ|a:6:{s:6:"module";s:7:"SMSMemo";s:6:"action";s:5:"index";s:5:"query";s:4:"true";s:9:"is_notice";s:1:"1";s:8:"my_inbox";s:1:"1";s:20:"do_not_search_school";s:1:"1";}SMSMemo_MYNOTICES_ORDER_BY|s:41:"sms_memo.date_entered DESC, sms_memo.name";SMSMemo_MYNOTICES_sms_memo.date_entered DESC, sms_memo.nameS|b:0;ActivitiesQ|a:4:{s:6:"module";s:5:"Tasks";s:6:"action";s:5:"index";s:17:"current_user_only";s:2:"on";s:5:"query";s:4:"true";}Tasks_TASK_ORDER_BY|s:13:"date_due desc";Tasks_TASK_date_due descS|b:1;CombiniHistory_COMBINIHISTORY_ORDER_BY|N;CombiniHistory_COMBINIHISTORY_S|b:0;SalesGroup_FEE_CUSTOM_ORDER_BY|s:47:"sms_fee.sell_date DESC, contacts.last_name ASC ";SalesGroup_FEE_CUSTOM_sms_fee.sell_date DESC, contacts.last_name ASC S|b:1;Student_STUDENT_BASED_COURSE_ORDER_BY|s:47:"contacts.last_name_furigana, contacts.last_name";Student_STUDENT_BASED_COURSE_contacts.last_name_furigana, contacts.last_nameS|b:0;Student_POPUP_STUDENT_ORDER_BY|s:58:" contacts.last_name_furigana, contacts.first_name_furigana";Student_POPUP_STUDENT_ contacts.last_name_furigana, contacts.first_name_furiganaS|b:0;Teacher_LWCoSubpanel_AN_teacher_sub_S|s:3:"ASC";Student_LWCoSubpanel_AN_student_sub_S|s:3:"ASC";Student_LW_AN_S|s:3:"ASC";Resource_EVENT_INSTANCE_DETAIL_CUSTOM_ORDER_BY|s:32:"smsevent_instances.from_datetime";Resource_EVENT_INSTANCE_DETAIL_CUSTOM_smsevent_instances.from_datetimeS|b:0;Course_LWStSubpanel_AN_course_sub_S|s:3:"ASC";Course_LWStSubpanel_AN_course_carte_S|s:3:"ASC";Course_LW_AN_S|s:3:"ASC";Users_LWPopup_AN_S|s:3:"ASC";Student_LWYoToStudentSubpanel_AN_student_sub_S|s:3:"ASC";Course_LWYoToCourseSubpanel_AN_course_sub_S|s:3:"ASC";Fee_LWYoToFeeSubpanel_AN_fee_sub_S|s:3:"ASC";Course_LWPopup_AN_S|s:3:"ASC";MasterKanri_LW_AN_S|s:3:"ASC";Accounts_LW_AN_S|s:3:"ASC";Course_LWStSubpanel_AN_course_sub_carte_S|s:3:"ASC";Student_LWAcSubpanel_AN_student_sub_S|s:3:"ASC";Accounts_SMS_MEMO_CUSTOM_ORDER_BY|s:18:"sms_memo.memodate ";Accounts_SMS_MEMO_CUSTOM_sms_memo.memodate S|b:1;Teacher_LW_AN_S|s:3:"ASC";Teacher_LWPopup_AN_S|s:3:"ASC";Staff_STAFF_last_nameS|b:0;Student_LWPopup_AN_S|s:3:"ASC";Users_USER_last_nameS|b:0;Accounts_LWPopup_AN_S|s:3:"ASC";Student_LW_AN_ORDER_BY|s:13:"date_modified";Student_LW_AN_date_modifiedS|s:3:"ASC";Course_LWPopup_AN_ORDER_BY|s:10:"koza_kubun";Course_LWPopup_AN_common_codeS|s:3:"ASC";Course_LW_AN_ORDER_BY|s:11:"common_code";Course_LW_AN_common_codeS|s:3:"ASC";Course_LWStSubpanel_carte_keiri_AN_course_sub_S|s:3:"ASC";Fee_LWStFeSubpanel_AN_person_fees_S|s:3:"ASC";Transaction_LWStTrSubpanel_AN_transaction_S|s:3:"ASC";ProductCategory_PRODUCTCATEGORY_ORDER_BY|s:10:"list_order";ProductCategory_PRODUCTCATEGORY_list_orderS|b:0;Student_LWKozaBetsu_AN_S|s:3:"ASC";Student_LWJukoshaBetsu_AN_S|s:3:"ASC";Course_LWGoukeiData_AN_S|s:3:"ASC";Accounts_LWTeacher_AN_S|s:3:"ASC";Course_LWShussekibo_AN_S|s:3:"ASC";Teacher_LWAcSubpanel_AN_teacher_sub_S|s:3:"ASC";Audit_LW_AN_audit_S|s:3:"ASC";Audit_LW_AN_audit_ORDER_BY|s:12:"date_created";Audit_LW_AN_audit_date_createdS|s:3:"ASC";Course_LWShussekibo_AN_ORDER_BY|s:11:"course_name";Course_LWShussekibo_AN_course_nameS|s:4:"DESC";Student_LWCoSubpanel_carte_AN_student_sub_S|s:3:"ASC";Fee_LWCoStFeSubpanel_AN_person_fees_S|s:3:"ASC";Transaction_LWCoTrSubpanel_AN_transaction_S|s:3:"ASC";Student_LWReigaiShori_AN_S|s:3:"ASC";EmailTemplatesCategory_EMAILTEMPLATESCATEGORY_ORDER_BY|s:29:"email_templates_category.name";EmailTemplatesCategory_EMAILTEMPLATESCATEGORY_email_templates_category.nameS|b:0;EmailTemplates_EMAIL_TEMPLATE_ORDER_BY|s:33:"email_templates.date_entered DESC";EmailTemplates_EMAIL_TEMPLATE_email_templates.date_entered DESCS|b:0;ResourcetanmatsuQ|a:8:{s:6:"action";s:8:"ListView";s:5:"query";s:4:"true";s:6:"module";s:8:"Resource";s:8:"category";s:8:"tanmatsu";s:17:"listview_calendar";s:0:"";s:4:"name";s:0:"";s:7:"area_id";s:9:"首都圏";s:9:"school_id";s:36:"b0845182-f1bc-145f-0560-5001d0cbee2a";}Course_LWTeSubpanel_AN_course_sub_S|s:3:"ASC";Course_LWPopup_AN_koza_kubunS|s:3:"ASC";EmailsQ|a:18:{s:6:"action";s:8:"ListView";s:5:"query";s:4:"true";s:6:"module";s:6:"Emails";s:4:"type";s:0:"";s:5:"other";s:0:"";s:16:"assigned_user_id";s:0:"";s:5:"group";s:0:"";s:20:"do_not_search_school";s:4:"true";s:10:"email_type";s:3:"out";s:11:"assigned_to";s:0:"";s:6:"status";s:0:"";s:4:"name";s:0:"";s:7:"area_id";s:9:"首都圏";s:9:"school_id";s:12:"sssssss-1111";s:17:"contact_last_name";s:0:"";s:18:"contact_first_name";s:0:"";s:21:"email_sent_date_start";s:0:"";s:19:"email_sent_date_end";s:0:"";}session_time_control|i:1363089338;ipaddress|s:9:"127.0.0.1";_PREFERENCES|a:2:{s:8:"timezone";s:10:"Asia/Tokyo";s:2:"ut";i:1;}theme_changed|b:0;moreTab|s:7:"SMSHelp";avail_themes|a:9:{s:7:"Booking";s:5:"Sugar";s:13:"BookingMobile";s:13:"BookingMobile";s:6:"Mobile";s:6:"Mobile";s:6:"MyPage";s:6:"Techno";s:9:"MyPageACC";s:6:"Techno";s:10:"NewBooking";s:6:"Yoyaku";s:9:"NewMobile";s:9:"NewMobile";s:5:"Sugar";s:5:"Sugar";s:6:"Techno";s:6:"Techno";}authenticated_user_theme|s:6:"Techno";admin_PREFERENCES|a:193:{s:8:"timezone";s:10:"Asia/Tokyo";s:2:"ut";i:1;s:19:"Users_USER_ORDER_BY";s:9:"last_name";s:18:"Users_USER_statusS";b:0;s:9:"lastTheme";s:6:"Techno";s:30:"Student_COURSE_CUSTOM_ORDER_BY";s:58:"start_date_for_sort DESC,event_contacts.date_modified DESC";s:81:"Student_COURSE_CUSTOM_start_date_for_sort DESC,event_contacts.date_modified DESCS";b:0;s:32:"Student_SMS_MEMO_CUSTOM_ORDER_BY";s:18:"sms_memo.memodate ";s:43:"Student_SMS_MEMO_CUSTOM_sms_memo.memodate S";b:1;s:35:"Student_FEE_CUSTOM_CONTACT_ORDER_BY";s:47:"sms_fee.sell_date DESC, contacts.last_name ASC ";s:75:"Student_FEE_CUSTOM_CONTACT_sms_fee.sell_date DESC, contacts.last_name ASC S";b:1;s:43:"Student_TRANSACTION_CUSTOM_CONTACT_ORDER_BY";s:52:"sms_transaction.t_date DESC, contacts.last_name ASC ";s:88:"Student_TRANSACTION_CUSTOM_CONTACT_sms_transaction.t_date DESC, contacts.last_name ASC S";b:1;s:20:"Keiri_KEIRI_ORDER_BY";s:27:"sms_transaction.t_date desc";s:40:"Keiri_KEIRI_sms_transaction.t_date descS";b:0;s:39:"SalesGroup_SALESGROUP_TEMPLATE_ORDER_BY";s:83:"sms_salesgroup.salesno DESC, sms_salesgroup.sell_date DESC, contacts.last_name ASC ";s:115:"SalesGroup_SALESGROUP_TEMPLATE_sms_salesgroup.salesno DESC, sms_salesgroup.sell_date DESC, contacts.last_name ASC S";b:0;s:39:"SalesGroup_FEE_CUSTOM_TEMPLATE_ORDER_BY";s:47:"sms_fee.sell_date DESC, contacts.last_name ASC ";s:79:"SalesGroup_FEE_CUSTOM_TEMPLATE_sms_fee.sell_date DESC, contacts.last_name ASC S";b:1;s:6:"UsersQ";a:9:{s:9:"last_name";s:0:"";s:10:"first_name";s:0:"";s:8:"smsgroup";s:7:"student";s:6:"status";s:6:"Active";s:7:"area_id";s:9:"首都圏";s:9:"school_id";s:12:"sssssss-1111";s:6:"action";s:8:"ListView";s:5:"query";s:4:"true";s:6:"module";s:5:"Users";}s:24:"Student_STUDENT_ORDER_BY";s:8:"idnumber";s:56:"Student_STUDENT_contacts.last_name, contacts.first_nameS";b:0;s:25:"Contacts_CONTACT_ORDER_BY";s:39:"contacts.last_name, contacts.first_name";s:57:"Contacts_CONTACT_contacts.last_name, contacts.first_nameS";b:0;s:6:"StaffQ";a:13:{s:5:"query";s:4:"true";s:6:"module";s:5:"Staff";s:17:"listview_calendar";s:0:"";s:9:"last_name";s:0:"";s:10:"first_name";s:0:"";s:6:"action";s:5:"index";s:18:"last_name_furigana";s:0:"";s:19:"first_name_furigana";s:0:"";s:8:"idnumber";s:0:"";s:7:"area_id";s:3:"all";s:9:"school_id";s:36:"b0845182-f1bc-145f-0560-5001d0cbee2a";s:14:"contact_status";s:2:"20";s:22:"prospect_list_savename";s:0:"";}s:20:"Staff_STAFF_ORDER_BY";s:9:"last_name";s:52:"Staff_STAFF_contacts.last_name, contacts.first_nameS";b:0;s:22:"School_SCHOOL_ORDER_BY";s:4:"name";s:19:"School_SCHOOL_nameS";b:0;s:22:"ACLRoles_ROLE_ORDER_BY";s:4:"name";s:19:"ACLRoles_ROLE_nameS";b:0;s:9:"ContactsQ";a:11:{s:9:"last_name";s:0:"";s:10:"first_name";s:0:"";s:6:"action";s:5:"index";s:5:"query";s:4:"true";s:6:"module";s:8:"Contacts";s:18:"last_name_furigana";s:0:"";s:19:"first_name_furigana";s:0:"";s:7:"area_id";s:3:"all";s:9:"school_id";s:3:"all";s:12:"company_name";s:0:"";s:22:"prospect_list_savename";s:0:"";}s:4:"FeeQ";a:21:{s:6:"action";s:8:"ListView";s:5:"query";s:4:"true";s:6:"module";s:3:"Fee";s:20:"do_not_search_school";s:4:"true";s:7:"general";N;s:4:"name";s:0:"";s:11:"course_name";s:0:"";s:9:"school_id";s:12:"sssssss-1111";s:12:"contact_name";s:0:"";s:8:"idnumber";s:0:"";s:14:"keiri_category";s:7:"student";s:7:"type_id";s:0:"";s:15:"fee_subcategory";s:0:"";s:10:"jikyu_rate";s:0:"";s:15:"start_date_year";s:4:"2012";s:16:"start_date_month";s:2:"10";s:14:"start_date_day";s:1:"1";s:13:"end_date_year";s:4:"2012";s:14:"end_date_month";s:2:"10";s:12:"end_date_day";s:2:"31";s:9:"unit_type";s:3:"all";}s:24:"Fee_FEE_GENERAL_ORDER_BY";s:47:"sms_fee.sell_date DESC, contacts.last_name ASC ";s:64:"Fee_FEE_GENERAL_sms_fee.sell_date DESC, contacts.last_name ASC S";b:0;s:24:"Teacher_TEACHER_ORDER_BY";s:39:"contacts.last_name, contacts.first_name";s:56:"Teacher_TEACHER_contacts.last_name, contacts.first_nameS";b:0;s:30:"Teacher_COURSE_CUSTOM_ORDER_BY";s:58:"start_date_for_sort DESC,event_contacts.date_modified DESC";s:81:"Teacher_COURSE_CUSTOM_start_date_for_sort DESC,event_contacts.date_modified DESCS";b:0;s:32:"Teacher_SMS_MEMO_CUSTOM_ORDER_BY";s:18:"sms_memo.memodate ";s:43:"Teacher_SMS_MEMO_CUSTOM_sms_memo.memodate S";b:1;s:35:"Teacher_FEE_CUSTOM_TEACHER_ORDER_BY";s:47:"sms_fee.sell_date DESC, contacts.last_name ASC ";s:75:"Teacher_FEE_CUSTOM_TEACHER_sms_fee.sell_date DESC, contacts.last_name ASC S";b:1;s:8:"StudentQ";a:18:{s:6:"action";s:5:"index";s:5:"query";s:4:"true";s:6:"module";s:7:"Student";s:14:"additional_sms";s:0:"";s:17:"listview_calendar";s:0:"";s:11:"course_list";s:4:"true";s:14:"parent_node_id";s:0:"";s:9:"parent_id";s:0:"";s:8:"event_id";s:0:"";s:21:"include_subcategories";s:2:"on";s:15:"current_student";s:0:"";s:7:"area_id";s:9:"首都圏";s:9:"school_id";s:12:"sssssss-1111";s:14:"student_status";s:1:"0";s:28:"event_contact_status_student";s:1:"0";s:13:"rel_date_from";s:0:"";s:11:"rel_date_to";s:0:"";s:22:"prospect_list_savename";s:0:"";}s:30:"Course_STUDENT_CUSTOM_ORDER_BY";s:58:"start_date_for_sort DESC,event_contacts.date_modified DESC";s:81:"Course_STUDENT_CUSTOM_start_date_for_sort DESC,event_contacts.date_modified DESCS";b:0;s:40:"Course_FEE_CUSTOM_COURSEGENERAL_ORDER_BY";s:47:"sms_fee.sell_date DESC, contacts.last_name ASC ";s:80:"Course_FEE_CUSTOM_COURSEGENERAL_sms_fee.sell_date DESC, contacts.last_name ASC S";b:1;s:40:"Course_FEE_CUSTOM_COURSESTUDENT_ORDER_BY";s:47:"sms_fee.sell_date DESC, contacts.last_name ASC ";s:80:"Course_FEE_CUSTOM_COURSESTUDENT_sms_fee.sell_date DESC, contacts.last_name ASC S";b:1;s:41:"Course_TRANSACTION_CUSTOM_COURSE_ORDER_BY";s:52:"sms_transaction.t_date DESC, contacts.last_name ASC ";s:86:"Course_TRANSACTION_CUSTOM_COURSE_sms_transaction.t_date DESC, contacts.last_name ASC S";b:1;s:12:"TransactionQ";a:6:{s:6:"module";s:11:"Transaction";s:6:"action";s:5:"index";s:5:"query";s:4:"true";s:7:"overdue";s:4:"true";s:7:"initial";s:0:"";s:11:"unreceiveds";s:1:"0";}s:32:"Transaction_TRANSACTION_ORDER_BY";s:52:"sms_transaction.t_date DESC, contacts.last_name ASC ";s:77:"Transaction_TRANSACTION_sms_transaction.t_date DESC, contacts.last_name ASC S";b:0;s:26:"Resource_RESOURCE_ORDER_BY";s:32:"resource.category, resource.name";s:51:"Resource_RESOURCE_resource.category, resource.nameS";b:0;s:18:"ResourceclassroomQ";a:8:{s:6:"action";s:8:"ListView";s:5:"query";s:4:"true";s:6:"module";s:8:"Resource";s:8:"category";s:9:"classroom";s:17:"listview_calendar";s:0:"";s:4:"name";s:0:"";s:7:"area_id";s:9:"首都圏";s:9:"school_id";s:36:"bf737929-0509-7bfe-586f-500248ae9b81";}s:37:"Course_EVENT_INSTANCE_CUSTOM_ORDER_BY";s:32:"sms_event_instance.from_datetime";s:62:"Course_EVENT_INSTANCE_CUSTOM_sms_event_instance.from_datetimeS";b:0;s:45:"Teacher_EVENT_INSTANCE_DETAIL_CUSTOM_ORDER_BY";s:32:"smsevent_instances.from_datetime";s:70:"Teacher_EVENT_INSTANCE_DETAIL_CUSTOM_smsevent_instances.from_datetimeS";b:0;s:30:"Course_TEACHER_CUSTOM_ORDER_BY";s:39:"contacts.last_name, contacts.first_name";s:62:"Course_TEACHER_CUSTOM_contacts.last_name, contacts.first_nameS";b:0;s:31:"Course_RESOURCE_CUSTOM_ORDER_BY";s:32:"resource.category, resource.name";s:56:"Course_RESOURCE_CUSTOM_resource.category, resource.nameS";b:0;s:33:"Contacts_CONTACT_UNIFIED_ORDER_BY";s:39:"contacts.last_name, contacts.first_name";s:65:"Contacts_CONTACT_UNIFIED_contacts.last_name, contacts.first_nameS";b:1;s:16:"Fee_FEE_ORDER_BY";s:47:"sms_fee.sell_date DESC, contacts.last_name ASC ";s:56:"Fee_FEE_sms_fee.sell_date DESC, contacts.last_name ASC S";b:0;s:42:"Student_STUDENT_CUSTOM_REL_PEOPLE_ORDER_BY";s:58:"start_date_for_sort DESC,event_contacts.date_modified DESC";s:74:"Student_STUDENT_CUSTOM_REL_PEOPLE_contacts.last_name, contacts.first_nameS";b:0;s:45:"Student_EVENT_INSTANCE_DETAIL_CUSTOM_ORDER_BY";s:32:"smsevent_instances.from_datetime";s:70:"Student_EVENT_INSTANCE_DETAIL_CUSTOM_smsevent_instances.from_datetimeS";b:0;s:93:"Student_STUDENT_CUSTOM_REL_PEOPLE_start_date_for_sort DESC,event_contacts.date_modified DESCS";b:0;s:7:"CourseQ";a:7:{s:6:"module";s:6:"Course";s:6:"action";s:8:"ListView";s:11:"course_list";s:4:"true";s:5:"query";s:4:"true";s:13:"initial_state";s:0:"";s:11:"course_open";s:10:"openfuture";s:8:"top_menu";s:1:"1";}s:31:"Course_COURSE_DETAILED_ORDER_BY";s:13:"category_name";s:71:"Course_COURSE_DETAILED_ course_category.name DESC, smsevent.name DESC S";b:0;s:8:"TeacherQ";a:12:{s:6:"action";s:5:"index";s:5:"query";s:4:"true";s:6:"module";s:7:"Teacher";s:17:"listview_calendar";s:0:"";s:9:"last_name";s:0:"";s:10:"first_name";s:0:"";s:18:"last_name_furigana";s:0:"";s:19:"first_name_furigana";s:0:"";s:8:"idnumber";s:0:"";s:9:"school_id";s:3:"all";s:14:"contact_status";s:4:"9999";s:22:"prospect_list_savename";s:0:"";}s:25:"Student_STUDENT_idnumberS";b:1;s:46:"BankActionsHistory_BANKACTIONSHISTORY_ORDER_BY";s:17:"date_entered DESC";s:56:"BankActionsHistory_BANKACTIONSHISTORY_date_entered DESCS";b:0;s:35:"Course_COURSE_DETAILED_course_nameS";b:1;s:37:"Course_COURSE_DETAILED_category_nameS";b:0;s:21:"Emails_EMAIL_ORDER_BY";s:13:"date_modified";s:27:"Emails_EMAIL_date_modifiedS";b:0;s:36:"ProspectLists_PROSPECT_LIST_ORDER_BY";s:4:"name";s:33:"ProspectLists_PROSPECT_LIST_nameS";b:0;s:46:"ProspectLists_STUDENT_CUSTOM_PROSPECT_ORDER_BY";s:39:"contacts.last_name, contacts.first_name";s:78:"ProspectLists_STUDENT_CUSTOM_PROSPECT_contacts.last_name, contacts.first_nameS";b:0;s:35:"SMSMemo_MYSTUDENTMEMO_HOME_ORDER_BY";s:17:"date_entered desc";s:45:"SMSMemo_MYSTUDENTMEMO_HOME_date_entered descS";b:0;s:35:"SMSMemo_ANNOUNCEMENTS_HOME_ORDER_BY";s:17:"date_entered desc";s:45:"SMSMemo_ANNOUNCEMENTS_HOME_date_entered descS";b:0;s:18:"Poll_POLL_ORDER_BY";s:20:"poll.start_date desc";s:31:"Poll_POLL_poll.start_date descS";b:0;s:36:"SMSMemo_MOBILE_ANNOUNCEMENT_ORDER_BY";s:13:"memodate desc";s:42:"SMSMemo_MOBILE_ANNOUNCEMENT_memodate descS";b:0;s:24:"Tasks_TASK_HOME_ORDER_BY";s:13:"date_due desc";s:30:"Tasks_TASK_HOME_date_due descS";b:0;s:31:"SMSMemo_MYNOTICES_HOME_ORDER_BY";s:17:"date_entered desc";s:41:"SMSMemo_MYNOTICES_HOME_date_entered descS";b:0;s:29:"Keiri_SCHOOL_SHIMEBI_ORDER_BY";s:4:"name";s:33:"Keiri_SCHOOL_SHIMEBI_ name DESC S";b:0;s:22:"Course_COURSE_ORDER_BY";s:4:"name";s:19:"Course_COURSE_nameS";b:0;s:25:"Accounts_ACCOUNT_ORDER_BY";s:4:"name";s:22:"Accounts_ACCOUNT_nameS";b:0;s:9:"AccountsQ";a:7:{s:6:"action";s:5:"index";s:5:"query";s:4:"true";s:6:"module";s:8:"Accounts";s:4:"name";s:0:"";s:9:"school_id";s:3:"all";s:12:"address_city";s:0:"";s:5:"phone";s:0:"";}s:40:"Accounts_STUDENT_CUSTOM_ACCOUNT_ORDER_BY";s:39:"contacts.last_name, contacts.first_name";s:72:"Accounts_STUDENT_CUSTOM_ACCOUNT_contacts.last_name, contacts.first_nameS";b:0;s:52:"CombiniActionsHistory_COMBINIACTIONSHISTORY_ORDER_BY";s:42:" combiniactions_history.date_entered desc ";s:87:"CombiniActionsHistory_COMBINIACTIONSHISTORY_ combiniactions_history.date_entered desc S";b:0;s:40:"Transaction_TRANSACTION_COMBINI_ORDER_BY";s:0:"";s:33:"Transaction_TRANSACTION_COMBINI_S";b:0;s:26:"Keiri_SCHOOL_SHIMEBI_nameS";b:1;s:30:"Teacher_POPUP_TEACHER_ORDER_BY";s:58:" contacts.last_name_furigana, contacts.first_name_furigana";s:81:"Teacher_POPUP_TEACHER_ contacts.last_name_furigana, contacts.first_name_furiganaS";b:0;s:24:"Product_PRODUCT_ORDER_BY";s:41:"product.internal_product_id, product.name";s:58:"Product_PRODUCT_product.internal_product_id, product.nameS";b:0;s:8:"SMSMemoQ";a:6:{s:6:"module";s:7:"SMSMemo";s:6:"action";s:5:"index";s:5:"query";s:4:"true";s:9:"is_notice";s:1:"1";s:8:"my_inbox";s:1:"1";s:20:"do_not_search_school";s:1:"1";}s:26:"SMSMemo_MYNOTICES_ORDER_BY";s:41:"sms_memo.date_entered DESC, sms_memo.name";s:60:"SMSMemo_MYNOTICES_sms_memo.date_entered DESC, sms_memo.nameS";b:0;s:11:"ActivitiesQ";a:4:{s:6:"module";s:5:"Tasks";s:6:"action";s:5:"index";s:17:"current_user_only";s:2:"on";s:5:"query";s:4:"true";}s:19:"Tasks_TASK_ORDER_BY";s:13:"date_due desc";s:25:"Tasks_TASK_date_due descS";b:1;s:38:"CombiniHistory_COMBINIHISTORY_ORDER_BY";N;s:31:"CombiniHistory_COMBINIHISTORY_S";b:0;s:30:"SalesGroup_FEE_CUSTOM_ORDER_BY";s:47:"sms_fee.sell_date DESC, contacts.last_name ASC ";s:70:"SalesGroup_FEE_CUSTOM_sms_fee.sell_date DESC, contacts.last_name ASC S";b:1;s:37:"Student_STUDENT_BASED_COURSE_ORDER_BY";s:47:"contacts.last_name_furigana, contacts.last_name";s:77:"Student_STUDENT_BASED_COURSE_contacts.last_name_furigana, contacts.last_nameS";b:0;s:30:"Student_POPUP_STUDENT_ORDER_BY";s:58:" contacts.last_name_furigana, contacts.first_name_furigana";s:81:"Student_POPUP_STUDENT_ contacts.last_name_furigana, contacts.first_name_furiganaS";b:0;s:37:"Teacher_LWCoSubpanel_AN_teacher_sub_S";s:3:"ASC";s:37:"Student_LWCoSubpanel_AN_student_sub_S";s:3:"ASC";s:15:"Student_LW_AN_S";s:3:"ASC";s:46:"Resource_EVENT_INSTANCE_DETAIL_CUSTOM_ORDER_BY";s:32:"smsevent_instances.from_datetime";s:71:"Resource_EVENT_INSTANCE_DETAIL_CUSTOM_smsevent_instances.from_datetimeS";b:0;s:35:"Course_LWStSubpanel_AN_course_sub_S";s:3:"ASC";s:37:"Course_LWStSubpanel_AN_course_carte_S";s:3:"ASC";s:14:"Course_LW_AN_S";s:3:"ASC";s:18:"Users_LWPopup_AN_S";s:3:"ASC";s:46:"Student_LWYoToStudentSubpanel_AN_student_sub_S";s:3:"ASC";s:43:"Course_LWYoToCourseSubpanel_AN_course_sub_S";s:3:"ASC";s:34:"Fee_LWYoToFeeSubpanel_AN_fee_sub_S";s:3:"ASC";s:19:"Course_LWPopup_AN_S";s:3:"ASC";s:19:"MasterKanri_LW_AN_S";s:3:"ASC";s:16:"Accounts_LW_AN_S";s:3:"ASC";s:41:"Course_LWStSubpanel_AN_course_sub_carte_S";s:3:"ASC";s:37:"Student_LWAcSubpanel_AN_student_sub_S";s:3:"ASC";s:33:"Accounts_SMS_MEMO_CUSTOM_ORDER_BY";s:18:"sms_memo.memodate ";s:44:"Accounts_SMS_MEMO_CUSTOM_sms_memo.memodate S";b:1;s:15:"Teacher_LW_AN_S";s:3:"ASC";s:20:"Teacher_LWPopup_AN_S";s:3:"ASC";s:22:"Staff_STAFF_last_nameS";b:0;s:20:"Student_LWPopup_AN_S";s:3:"ASC";s:21:"Users_USER_last_nameS";b:0;s:21:"Accounts_LWPopup_AN_S";s:3:"ASC";s:22:"Student_LW_AN_ORDER_BY";s:13:"date_modified";s:28:"Student_LW_AN_date_modifiedS";s:3:"ASC";s:26:"Course_LWPopup_AN_ORDER_BY";s:10:"koza_kubun";s:30:"Course_LWPopup_AN_common_codeS";s:3:"ASC";s:21:"Course_LW_AN_ORDER_BY";s:11:"common_code";s:25:"Course_LW_AN_common_codeS";s:3:"ASC";s:47:"Course_LWStSubpanel_carte_keiri_AN_course_sub_S";s:3:"ASC";s:35:"Fee_LWStFeSubpanel_AN_person_fees_S";s:3:"ASC";s:43:"Transaction_LWStTrSubpanel_AN_transaction_S";s:3:"ASC";s:40:"ProductCategory_PRODUCTCATEGORY_ORDER_BY";s:10:"list_order";s:43:"ProductCategory_PRODUCTCATEGORY_list_orderS";b:0;s:24:"Student_LWKozaBetsu_AN_S";s:3:"ASC";s:27:"Student_LWJukoshaBetsu_AN_S";s:3:"ASC";s:24:"Course_LWGoukeiData_AN_S";s:3:"ASC";s:23:"Accounts_LWTeacher_AN_S";s:3:"ASC";s:24:"Course_LWShussekibo_AN_S";s:3:"ASC";s:37:"Teacher_LWAcSubpanel_AN_teacher_sub_S";s:3:"ASC";s:19:"Audit_LW_AN_audit_S";s:3:"ASC";s:26:"Audit_LW_AN_audit_ORDER_BY";s:12:"date_created";s:31:"Audit_LW_AN_audit_date_createdS";s:3:"ASC";s:31:"Course_LWShussekibo_AN_ORDER_BY";s:11:"course_name";s:35:"Course_LWShussekibo_AN_course_nameS";s:4:"DESC";s:43:"Student_LWCoSubpanel_carte_AN_student_sub_S";s:3:"ASC";s:37:"Fee_LWCoStFeSubpanel_AN_person_fees_S";s:3:"ASC";s:43:"Transaction_LWCoTrSubpanel_AN_transaction_S";s:3:"ASC";s:26:"Student_LWReigaiShori_AN_S";s:3:"ASC";s:54:"EmailTemplatesCategory_EMAILTEMPLATESCATEGORY_ORDER_BY";s:29:"email_templates_category.name";s:76:"EmailTemplatesCategory_EMAILTEMPLATESCATEGORY_email_templates_category.nameS";b:0;s:38:"EmailTemplates_EMAIL_TEMPLATE_ORDER_BY";s:33:"email_templates.date_entered DESC";s:64:"EmailTemplates_EMAIL_TEMPLATE_email_templates.date_entered DESCS";b:0;s:17:"ResourcetanmatsuQ";a:8:{s:6:"action";s:8:"ListView";s:5:"query";s:4:"true";s:6:"module";s:8:"Resource";s:8:"category";s:8:"tanmatsu";s:17:"listview_calendar";s:0:"";s:4:"name";s:0:"";s:7:"area_id";s:9:"首都圏";s:9:"school_id";s:36:"b0845182-f1bc-145f-0560-5001d0cbee2a";}s:35:"Course_LWTeSubpanel_AN_course_sub_S";s:3:"ASC";s:29:"Course_LWPopup_AN_koza_kubunS";s:3:"ASC";s:7:"EmailsQ";a:18:{s:6:"action";s:8:"ListView";s:5:"query";s:4:"true";s:6:"module";s:6:"Emails";s:4:"type";s:0:"";s:5:"other";s:0:"";s:16:"assigned_user_id";s:0:"";s:5:"group";s:0:"";s:20:"do_not_search_school";s:4:"true";s:10:"email_type";s:3:"out";s:11:"assigned_to";s:0:"";s:6:"status";s:0:"";s:4:"name";s:0:"";s:7:"area_id";s:9:"首都圏";s:9:"school_id";s:12:"sssssss-1111";s:17:"contact_last_name";s:0:"";s:18:"contact_first_name";s:0:"";s:21:"email_sent_date_start";s:0:"";s:19:"email_sent_date_end";s:0:"";}}authenticated_user_language|s:2:"ja";tanmatsu_id|s:36:"a09ae8da-32c9-5d91-1620-511fccf50c1f";remember_me|b:1;SMSMemo_MYSTUDENTMEMO_HOME_OBL|s:17:"date_entered desc";MYSTUDENTMEMO_HOME_QUERY_WHERE|s:0:"";MYSTUDENTMEMO_HOME_ORDER_BY_DETAIL|s:17:"date_entered desc";MYSTUDENTMEMO_HOME_DETAIL_NAV_HISTORY|b:0;MAILMERGE_RECORDS|a:1:{i:0;s:36:"5ef795a8-672e-8414-5eaf-5101d931d618";}MAILMERGE_MODULE_FROM_LISTVIEW|s:7:"SMSMemo";Tasks_query_where|s:26:"tasks.assigned_user_id=''1''";Tasks_TASK_HOME_OBL|s:13:"date_due desc";TASK_HOME_QUERY_WHERE|s:26:"tasks.assigned_user_id=''1''";TASK_HOME_ORDER_BY_DETAIL|s:13:"date_due desc";TASK_HOME_DETAIL_NAV_HISTORY|b:0;Tasks_TASK_HOME_offset|i:0;SMSMemo_MYNOTICES_HOME_OBL|s:17:"date_entered desc";MYNOTICES_HOME_QUERY_WHERE|s:0:"";MYNOTICES_HOME_ORDER_BY_DETAIL|s:17:"date_entered desc";MYNOTICES_HOME_DETAIL_NAV_HISTORY|b:0;SMSMemo_ANNOUNCEMENTS_HOME_OBL|s:17:"date_entered desc";ANNOUNCEMENTS_HOME_QUERY_WHERE|s:0:"";ANNOUNCEMENTS_HOME_ORDER_BY_DETAIL|s:17:"date_entered desc";ANNOUNCEMENTS_HOME_DETAIL_NAV_HISTORY|b:0;dst_fixed|b:1;Student_LW_AN_offset|i:0;Keiri_query_where|s:108:"sms_fee.sell_date < ''2013-04-01 00:00:00'' AND sms_fee.sell_date >= ''2013-03-01 00:00:00''  AND  actual = ''0'' ";Keiri_KEIRI_OBL|s:27:"sms_transaction.t_date desc";KEIRI_QUERY_WHERE|s:108:"sms_fee.sell_date < ''2013-04-01 00:00:00'' AND sms_fee.sell_date >= ''2013-03-01 00:00:00''  AND  actual = ''0'' ";KEIRI_ORDER_BY_DETAIL|s:27:"sms_transaction.t_date desc";Transaction_LWNyukinNippo_AN_offset|i:0;', 'p'),
('v5buts7dv51inr5j0t6fahhag0', 'st10', 1363086191, '183.77.149.7', 'unique_key|s:32:"d311dceacd1d663893ef1872232e333a";authenticated_user_id|s:36:"c07000dc-5064-5f5c-5bb8-50d934ea3dbb";gridline|s:3:"off";mailmerge_on|s:3:"off";display_tabs|a:11:{i:0;s:8:"Calendar";i:1;s:6:"Course";i:2;s:7:"Student";i:3;s:7:"Teacher";i:4;s:8:"Contacts";i:5;s:8:"Resource";i:6;s:6:"Emails";i:7;s:5:"Keiri";i:8;s:10:"SMSReports";i:9;s:4:"Main";i:10;s:7:"SMSHelp";}hide_tabs|a:0:{}remove_tabs|a:0:{}ut|s:1:"1";mail_fromname|s:9:"TechnoSMS";mail_fromaddress|s:24:"technosms@technopian.com";SMSMemo_MYSTUDENTMEMO_HOME_ORDER_BY|s:17:"date_entered desc";SMSMemo_MYSTUDENTMEMO_HOME_date_entered descS|b:0;SMSMemo_MYNOTICES_HOME_ORDER_BY|s:17:"date_entered desc";SMSMemo_MYNOTICES_HOME_date_entered descS|b:0;SMSMemo_ANNOUNCEMENTS_HOME_ORDER_BY|s:17:"date_entered desc";SMSMemo_ANNOUNCEMENTS_HOME_date_entered descS|b:0;lastTheme|s:6:"Techno";Student_LW_AN_S|s:3:"ASC";Course_LWStSubpanel_AN_course_sub_S|s:3:"ASC";Student_EVENT_INSTANCE_DETAIL_CUSTOM_ORDER_BY|s:32:"smsevent_instances.from_datetime";Student_EVENT_INSTANCE_DETAIL_CUSTOM_smsevent_instances.from_datetimeS|b:0;Student_SMS_MEMO_CUSTOM_ORDER_BY|s:18:"sms_memo.memodate ";Student_SMS_MEMO_CUSTOM_sms_memo.memodate S|b:1;StudentQ|a:17:{s:6:"action";s:5:"index";s:5:"query";s:4:"true";s:6:"module";s:7:"Student";s:14:"additional_sms";s:0:"";s:17:"listview_calendar";s:0:"";s:11:"course_list";s:4:"true";s:14:"parent_node_id";s:0:"";s:9:"parent_id";s:0:"";s:8:"event_id";s:0:"";s:21:"include_subcategories";s:2:"on";s:15:"current_student";s:0:"";s:7:"area_id";s:9:"首都圏";s:9:"school_id";s:12:"sssssss-1111";s:14:"student_status";s:1:"0";s:28:"event_contact_status_student";s:1:"0";s:13:"rel_date_from";s:0:"";s:11:"rel_date_to";s:0:"";}Teacher_LW_AN_S|s:3:"ASC";StaffQ|a:3:{s:6:"module";s:5:"Staff";s:6:"action";s:5:"index";s:5:"query";s:4:"true";}Staff_STAFF_ORDER_BY|s:39:"contacts.last_name, contacts.first_name";Staff_STAFF_contacts.last_name, contacts.first_nameS|b:0;MasterKanri_LW_AN_S|s:3:"ASC";SMSMemo_SMS_MEMO_GENERAL_ORDER_BY|s:18:"sms_memo.memodate ";SMSMemo_SMS_MEMO_GENERAL_sms_memo.memodate S|b:1;SMSMemoQ|a:6:{s:6:"module";s:7:"SMSMemo";s:6:"action";s:5:"index";s:5:"query";s:4:"true";s:9:"is_notice";s:1:"1";s:8:"my_inbox";s:1:"1";s:20:"do_not_search_school";s:1:"1";}SMSMemoTemplates_SMS_MEMO_TEMPLATES_ORDER_BY|s:61:"sms_memo_templates.date_entered DESC, sms_memo_templates.name";SMSMemoTemplates_SMS_MEMO_TEMPLATES_sms_memo_templates.date_entered DESC, sms_memo_templates.nameS|b:0;Course_LWStSubpanel_AN_course_sub_carte_S|s:3:"ASC";Staff_CONTACT_ORDER_BY|s:58:" contacts.last_name_furigana, contacts.first_name_furigana";Staff_CONTACT_ contacts.last_name_furigana, contacts.first_name_furiganaS|b:0;SMSMemo_MYNOTICES_ORDER_BY|s:41:"sms_memo.date_entered DESC, sms_memo.name";SMSMemo_MYNOTICES_sms_memo.date_entered DESC, sms_memo.nameS|b:0;Contacts_CONTACT_ORDER_BY|s:39:"contacts.last_name, contacts.first_name";Contacts_CONTACT_contacts.last_name, contacts.first_nameS|b:0;Accounts_LW_AN_S|s:3:"ASC";Course_LWYoToCourseSubpanel_AN_course_sub_S|s:3:"ASC";Fee_LWYoToFeeSubpanel_AN_fee_sub_S|s:3:"ASC";Course_LWPopup_AN_S|s:3:"ASC";Course_LWPopup_AN_ORDER_BY|s:11:"common_code";Course_LWPopup_AN_common_codeS|s:3:"ASC";Student_LWYoToStudentSubpanel_AN_student_sub_S|s:3:"ASC";Student_LWPopup_AN_S|s:3:"ASC";Course_LW_AN_S|s:3:"ASC";Resource_RESOURCE_ORDER_BY|s:32:"resource.category, resource.name";Resource_RESOURCE_resource.category, resource.nameS|b:0;Contacts_CONTACT_UNIFIED_ORDER_BY|s:39:"contacts.last_name, contacts.first_name";Contacts_CONTACT_UNIFIED_contacts.last_name, contacts.first_nameS|b:1;ContactsQ|a:11:{s:9:"last_name";s:0:"";s:10:"first_name";s:0:"";s:6:"action";s:5:"index";s:5:"query";s:4:"true";s:6:"module";s:8:"Contacts";s:18:"last_name_furigana";s:0:"";s:19:"first_name_furigana";s:0:"";s:7:"area_id";s:3:"all";s:9:"school_id";s:3:"all";s:12:"company_name";s:0:"";s:22:"prospect_list_savename";s:0:"";}SMSMemo_SMS_MEMO_ORDER_BY|s:41:"sms_memo.date_entered DESC, sms_memo.name";SMSMemo_SMS_MEMO_sms_memo.date_entered DESC, sms_memo.nameS|b:0;Users_LWPopup_AN_S|s:3:"ASC";Student_STUDENT_BASED_COURSE_ORDER_BY|s:47:"contacts.last_name_furigana, contacts.last_name";Student_STUDENT_BASED_COURSE_contacts.last_name_furigana, contacts.last_nameS|b:0;Accounts_LWPopup_AN_S|s:3:"ASC";Keiri_KEIRI_ORDER_BY|s:27:"sms_transaction.t_date desc";Keiri_KEIRI_sms_transaction.t_date descS|b:0;Fee_LWReigaiShori_AN_S|s:3:"ASC";Student_LWCoSubpanel_AN_student_sub_S|s:3:"ASC";Course_LWStSubpanel_carte_keiri_AN_course_sub_S|s:3:"ASC";Fee_LWStFeSubpanel_AN_person_fees_S|s:3:"ASC";Transaction_LWStTrSubpanel_AN_transaction_S|s:3:"ASC";Course_LWStSubpanel_AN_course_sub_carte_ORDER_BY|s:11:"course_name";Course_LWStSubpanel_AN_course_sub_carte_course_nameS|s:3:"ASC";Student_LWJukoshaBetsu_AN_S|s:3:"ASC";Student_LWKozaBetsu_AN_S|s:3:"ASC";Teacher_LWCoSubpanel_AN_teacher_sub_S|s:3:"ASC";Teacher_LWPopup_AN_S|s:3:"ASC";Course_RESOURCE_CUSTOM_ORDER_BY|s:32:"resource.category, resource.name";Course_RESOURCE_CUSTOM_resource.category, resource.nameS|b:0;Course_LWGoukeiData_AN_S|s:3:"ASC";Course_EVENT_INSTANCE_CUSTOM_ORDER_BY|s:32:"sms_event_instance.from_datetime";Course_EVENT_INSTANCE_CUSTOM_sms_event_instance.from_datetimeS|b:0;Student_LWReigaiShori_AN_S|s:3:"ASC";Fee_TRANSACTION_CUSTOM_ORDER_BY|s:52:"sms_transaction.t_date DESC, contacts.last_name ASC ";Fee_TRANSACTION_CUSTOM_sms_transaction.t_date DESC, contacts.last_name ASC S|b:1;Student_LWCoSubpanel_AN_student_sub_ORDER_BY|s:10:"start_date";Student_LWCoSubpanel_AN_student_sub_start_dateS|s:4:"DESC";Course_LW_AN_ORDER_BY|s:9:"school_id";Course_LW_AN_school_idS|s:3:"ASC";ResourceclassroomQ|a:8:{s:6:"action";s:8:"ListView";s:5:"query";s:4:"true";s:6:"module";s:8:"Resource";s:8:"category";s:0:"";s:17:"listview_calendar";s:0:"";s:4:"name";s:0:"";s:7:"area_id";s:9:"首都圏";s:9:"school_id";s:36:"49caa19d-9872-3095-6bd4-5001d0aa692d";}Resource_EVENT_INSTANCE_DETAIL_CUSTOM_ORDER_BY|s:32:"smsevent_instances.from_datetime";Resource_EVENT_INSTANCE_DETAIL_CUSTOM_smsevent_instances.from_datetimeS|b:0;Emails_EMAIL_ORDER_BY|s:13:"date_modified";Emails_EMAIL_date_modifiedS|b:0;session_time_control|i:1363086191;ipaddress|s:12:"183.77.149.7";_PREFERENCES|a:2:{s:8:"timezone";s:10:"Asia/Tokyo";s:2:"ut";i:1;}theme_changed|b:0;moreTab|s:7:"SMSHelp";avail_themes|a:9:{s:7:"Booking";s:5:"Sugar";s:13:"BookingMobile";s:13:"BookingMobile";s:6:"Mobile";s:6:"Mobile";s:6:"MyPage";s:6:"Techno";s:9:"MyPageACC";s:6:"Techno";s:10:"NewBooking";s:6:"Yoyaku";s:9:"NewMobile";s:9:"NewMobile";s:5:"Sugar";s:5:"Sugar";s:6:"Techno";s:6:"Techno";}authenticated_user_theme|s:6:"Techno";tanmatsu_id|s:36:"bd90ff50-9738-8d04-1214-5120685754d3";st10_PREFERENCES|a:89:{s:8:"gridline";s:3:"off";s:12:"mailmerge_on";s:3:"off";s:12:"display_tabs";a:11:{i:0;s:8:"Calendar";i:1;s:6:"Course";i:2;s:7:"Student";i:3;s:7:"Teacher";i:4;s:8:"Contacts";i:5;s:8:"Resource";i:6;s:6:"Emails";i:7;s:5:"Keiri";i:8;s:10:"SMSReports";i:9;s:4:"Main";i:10;s:7:"SMSHelp";}s:9:"hide_tabs";a:0:{}s:11:"remove_tabs";a:0:{}s:2:"ut";s:1:"1";s:13:"mail_fromname";s:9:"TechnoSMS";s:16:"mail_fromaddress";s:24:"technosms@technopian.com";s:35:"SMSMemo_MYSTUDENTMEMO_HOME_ORDER_BY";s:17:"date_entered desc";s:45:"SMSMemo_MYSTUDENTMEMO_HOME_date_entered descS";b:0;s:31:"SMSMemo_MYNOTICES_HOME_ORDER_BY";s:17:"date_entered desc";s:41:"SMSMemo_MYNOTICES_HOME_date_entered descS";b:0;s:35:"SMSMemo_ANNOUNCEMENTS_HOME_ORDER_BY";s:17:"date_entered desc";s:45:"SMSMemo_ANNOUNCEMENTS_HOME_date_entered descS";b:0;s:9:"lastTheme";s:6:"Techno";s:15:"Student_LW_AN_S";s:3:"ASC";s:35:"Course_LWStSubpanel_AN_course_sub_S";s:3:"ASC";s:45:"Student_EVENT_INSTANCE_DETAIL_CUSTOM_ORDER_BY";s:32:"smsevent_instances.from_datetime";s:70:"Student_EVENT_INSTANCE_DETAIL_CUSTOM_smsevent_instances.from_datetimeS";b:0;s:32:"Student_SMS_MEMO_CUSTOM_ORDER_BY";s:18:"sms_memo.memodate ";s:43:"Student_SMS_MEMO_CUSTOM_sms_memo.memodate S";b:1;s:8:"StudentQ";a:17:{s:6:"action";s:5:"index";s:5:"query";s:4:"true";s:6:"module";s:7:"Student";s:14:"additional_sms";s:0:"";s:17:"listview_calendar";s:0:"";s:11:"course_list";s:4:"true";s:14:"parent_node_id";s:0:"";s:9:"parent_id";s:0:"";s:8:"event_id";s:0:"";s:21:"include_subcategories";s:2:"on";s:15:"current_student";s:0:"";s:7:"area_id";s:9:"首都圏";s:9:"school_id";s:12:"sssssss-1111";s:14:"student_status";s:1:"0";s:28:"event_contact_status_student";s:1:"0";s:13:"rel_date_from";s:0:"";s:11:"rel_date_to";s:0:"";}s:15:"Teacher_LW_AN_S";s:3:"ASC";s:6:"StaffQ";a:3:{s:6:"module";s:5:"Staff";s:6:"action";s:5:"index";s:5:"query";s:4:"true";}s:20:"Staff_STAFF_ORDER_BY";s:39:"contacts.last_name, contacts.first_name";s:52:"Staff_STAFF_contacts.last_name, contacts.first_nameS";b:0;s:19:"MasterKanri_LW_AN_S";s:3:"ASC";s:33:"SMSMemo_SMS_MEMO_GENERAL_ORDER_BY";s:18:"sms_memo.memodate ";s:44:"SMSMemo_SMS_MEMO_GENERAL_sms_memo.memodate S";b:1;s:8:"SMSMemoQ";a:6:{s:6:"module";s:7:"SMSMemo";s:6:"action";s:5:"index";s:5:"query";s:4:"true";s:9:"is_notice";s:1:"1";s:8:"my_inbox";s:1:"1";s:20:"do_not_search_school";s:1:"1";}s:44:"SMSMemoTemplates_SMS_MEMO_TEMPLATES_ORDER_BY";s:61:"sms_memo_templates.date_entered DESC, sms_memo_templates.name";s:98:"SMSMemoTemplates_SMS_MEMO_TEMPLATES_sms_memo_templates.date_entered DESC, sms_memo_templates.nameS";b:0;s:41:"Course_LWStSubpanel_AN_course_sub_carte_S";s:3:"ASC";s:22:"Staff_CONTACT_ORDER_BY";s:58:" contacts.last_name_furigana, contacts.first_name_furigana";s:73:"Staff_CONTACT_ contacts.last_name_furigana, contacts.first_name_furiganaS";b:0;s:26:"SMSMemo_MYNOTICES_ORDER_BY";s:41:"sms_memo.date_entered DESC, sms_memo.name";s:60:"SMSMemo_MYNOTICES_sms_memo.date_entered DESC, sms_memo.nameS";b:0;s:25:"Contacts_CONTACT_ORDER_BY";s:39:"contacts.last_name, contacts.first_name";s:57:"Contacts_CONTACT_contacts.last_name, contacts.first_nameS";b:0;s:16:"Accounts_LW_AN_S";s:3:"ASC";s:43:"Course_LWYoToCourseSubpanel_AN_course_sub_S";s:3:"ASC";s:34:"Fee_LWYoToFeeSubpanel_AN_fee_sub_S";s:3:"ASC";s:19:"Course_LWPopup_AN_S";s:3:"ASC";s:26:"Course_LWPopup_AN_ORDER_BY";s:11:"common_code";s:30:"Course_LWPopup_AN_common_codeS";s:3:"ASC";s:46:"Student_LWYoToStudentSubpanel_AN_student_sub_S";s:3:"ASC";s:20:"Student_LWPopup_AN_S";s:3:"ASC";s:14:"Course_LW_AN_S";s:3:"ASC";s:26:"Resource_RESOURCE_ORDER_BY";s:32:"resource.category, resource.name";s:51:"Resource_RESOURCE_resource.category, resource.nameS";b:0;s:33:"Contacts_CONTACT_UNIFIED_ORDER_BY";s:39:"contacts.last_name, contacts.first_name";s:65:"Contacts_CONTACT_UNIFIED_contacts.last_name, contacts.first_nameS";b:1;s:9:"ContactsQ";a:11:{s:9:"last_name";s:0:"";s:10:"first_name";s:0:"";s:6:"action";s:5:"index";s:5:"query";s:4:"true";s:6:"module";s:8:"Contacts";s:18:"last_name_furigana";s:0:"";s:19:"first_name_furigana";s:0:"";s:7:"area_id";s:3:"all";s:9:"school_id";s:3:"all";s:12:"company_name";s:0:"";s:22:"prospect_list_savename";s:0:"";}s:25:"SMSMemo_SMS_MEMO_ORDER_BY";s:41:"sms_memo.date_entered DESC, sms_memo.name";s:59:"SMSMemo_SMS_MEMO_sms_memo.date_entered DESC, sms_memo.nameS";b:0;s:18:"Users_LWPopup_AN_S";s:3:"ASC";s:37:"Student_STUDENT_BASED_COURSE_ORDER_BY";s:47:"contacts.last_name_furigana, contacts.last_name";s:77:"Student_STUDENT_BASED_COURSE_contacts.last_name_furigana, contacts.last_nameS";b:0;s:21:"Accounts_LWPopup_AN_S";s:3:"ASC";s:20:"Keiri_KEIRI_ORDER_BY";s:27:"sms_transaction.t_date desc";s:40:"Keiri_KEIRI_sms_transaction.t_date descS";b:0;s:22:"Fee_LWReigaiShori_AN_S";s:3:"ASC";s:37:"Student_LWCoSubpanel_AN_student_sub_S";s:3:"ASC";s:47:"Course_LWStSubpanel_carte_keiri_AN_course_sub_S";s:3:"ASC";s:35:"Fee_LWStFeSubpanel_AN_person_fees_S";s:3:"ASC";s:43:"Transaction_LWStTrSubpanel_AN_transaction_S";s:3:"ASC";s:48:"Course_LWStSubpanel_AN_course_sub_carte_ORDER_BY";s:11:"course_name";s:52:"Course_LWStSubpanel_AN_course_sub_carte_course_nameS";s:3:"ASC";s:27:"Student_LWJukoshaBetsu_AN_S";s:3:"ASC";s:24:"Student_LWKozaBetsu_AN_S";s:3:"ASC";s:37:"Teacher_LWCoSubpanel_AN_teacher_sub_S";s:3:"ASC";s:20:"Teacher_LWPopup_AN_S";s:3:"ASC";s:31:"Course_RESOURCE_CUSTOM_ORDER_BY";s:32:"resource.category, resource.name";s:56:"Course_RESOURCE_CUSTOM_resource.category, resource.nameS";b:0;s:24:"Course_LWGoukeiData_AN_S";s:3:"ASC";s:37:"Course_EVENT_INSTANCE_CUSTOM_ORDER_BY";s:32:"sms_event_instance.from_datetime";s:62:"Course_EVENT_INSTANCE_CUSTOM_sms_event_instance.from_datetimeS";b:0;s:26:"Student_LWReigaiShori_AN_S";s:3:"ASC";s:31:"Fee_TRANSACTION_CUSTOM_ORDER_BY";s:52:"sms_transaction.t_date DESC, contacts.last_name ASC ";s:76:"Fee_TRANSACTION_CUSTOM_sms_transaction.t_date DESC, contacts.last_name ASC S";b:1;s:44:"Student_LWCoSubpanel_AN_student_sub_ORDER_BY";s:10:"start_date";s:47:"Student_LWCoSubpanel_AN_student_sub_start_dateS";s:4:"DESC";s:21:"Course_LW_AN_ORDER_BY";s:9:"school_id";s:23:"Course_LW_AN_school_idS";s:3:"ASC";s:18:"ResourceclassroomQ";a:8:{s:6:"action";s:8:"ListView";s:5:"query";s:4:"true";s:6:"module";s:8:"Resource";s:8:"category";s:0:"";s:17:"listview_calendar";s:0:"";s:4:"name";s:0:"";s:7:"area_id";s:9:"首都圏";s:9:"school_id";s:36:"49caa19d-9872-3095-6bd4-5001d0aa692d";}s:46:"Resource_EVENT_INSTANCE_DETAIL_CUSTOM_ORDER_BY";s:32:"smsevent_instances.from_datetime";s:71:"Resource_EVENT_INSTANCE_DETAIL_CUSTOM_smsevent_instances.from_datetimeS";b:0;s:21:"Emails_EMAIL_ORDER_BY";s:13:"date_modified";s:27:"Emails_EMAIL_date_modifiedS";b:0;}authenticated_user_language|s:2:"ja";SMSMemo_MYSTUDENTMEMO_HOME_OBL|s:17:"date_entered desc";MYSTUDENTMEMO_HOME_QUERY_WHERE|s:0:"";MYSTUDENTMEMO_HOME_ORDER_BY_DETAIL|s:17:"date_entered desc";MYSTUDENTMEMO_HOME_DETAIL_NAV_HISTORY|b:0;MAILMERGE_RECORDS|a:1:{i:0;s:36:"5ef795a8-672e-8414-5eaf-5101d931d618";}MAILMERGE_MODULE_FROM_LISTVIEW|s:7:"SMSMemo";SMSMemo_MYNOTICES_HOME_OBL|s:17:"date_entered desc";MYNOTICES_HOME_QUERY_WHERE|s:0:"";MYNOTICES_HOME_ORDER_BY_DETAIL|s:17:"date_entered desc";MYNOTICES_HOME_DETAIL_NAV_HISTORY|b:0;SMSMemo_ANNOUNCEMENTS_HOME_OBL|s:17:"date_entered desc";ANNOUNCEMENTS_HOME_QUERY_WHERE|s:0:"";ANNOUNCEMENTS_HOME_ORDER_BY_DETAIL|s:17:"date_entered desc";ANNOUNCEMENTS_HOME_DETAIL_NAV_HISTORY|b:0;Course_LW_AN_offset|i:0;Course_LW_AN_REQUESTArr|a:3:{s:13:"name_furigana";s:9:"テスト";s:9:"school_id";s:12:"sssssss-1111";s:5:"nenki";s:6:"201301";}', 'p');

-- --------------------------------------------------------

--
-- Table structure for table `smsevent`
--

CREATE TABLE IF NOT EXISTS `smsevent` (
  `id` char(36) NOT NULL,
  `deleted` tinyint(1) NOT NULL default '0',
  `date_entered` datetime NOT NULL,
  `date_modified` datetime NOT NULL,
  `modified_user_id` char(36) NOT NULL,
  `created_by` char(36) NOT NULL,
  `name` varchar(50) NOT NULL default '',
  `shortname` varchar(12) default NULL,
  `description` text,
  `parent_id` varchar(36) default NULL,
  `category` varchar(15) default 'event',
  `status` tinyint(1) default NULL,
  `school_id` char(36) default NULL,
  `vacation_type` int(11) default NULL,
  `vacation_count` float default NULL,
  `subtype` varchar(255) default NULL,
  `event_credit` varchar(10) default NULL,
  `schedule_reminder` int(10) NOT NULL default '0',
  `common_code` char(36) default NULL,
  `task_schedule` bigint(20) unsigned default NULL,
  `assigned_user_id` char(36) NOT NULL,
  `name_furigana` varchar(50) NOT NULL,
  `name_web` varchar(150) default NULL,
  `name_sub_web` varchar(150) default NULL,
  `description_web` text,
  PRIMARY KEY  (`id`),
  KEY `school_id` (`school_id`),
  KEY `category` (`category`)
) ENGINE=MyISAM DEFAULT CHARSET=utf8;

--
-- Dumping data for table `smsevent`
--

INSERT INTO `smsevent` (`id`, `deleted`, `date_entered`, `date_modified`, `modified_user_id`, `created_by`, `name`, `shortname`, `description`, `parent_id`, `category`, `status`, `school_id`, `vacation_type`, `vacation_count`, `subtype`, `event_credit`, `schedule_reminder`, `common_code`, `task_schedule`, `assigned_user_id`, `name_furigana`, `name_web`, `name_sub_web`, `description_web`) VALUES
('bc1060b3-fd7d-7ad6-18cb-5001d13cd2ed', 1, '2012-07-15 05:09:27', '2012-07-15 14:08:54', '1', '1', 'テストコース', NULL, NULL, '76c6816a-6d57-fe5b-871d-5001d1e882bc', 'course', NULL, 'sssssss-1111', NULL, NULL, '1', NULL, 0, NULL, NULL, '', '', NULL, NULL, NULL),
('98346844-2f4a-023c-6104-50024a4a1725', 0, '2012-07-15 13:45:27', '2012-07-25 17:57:18', 'a437cc11-564c-e5c4-3ff0-4c88c6961e3b', 'a437cc11-564c-e5c4-3ff0-4c88c6961e3b', 'テストコース', NULL, NULL, '50c22a48-6599-7569-9198-50024a0a3ed1', 'course', 0, '687ec71c-1c7d-6c97-fc2a-4c889fc5d652', NULL, NULL, '1', NULL, 0, NULL, NULL, '', '', NULL, NULL, NULL),
('b1becf7e-ceed-e7e2-3abc-500256196950', 0, '2012-07-15 14:35:04', '2012-09-25 09:27:43', 'a437cc11-564c-e5c4-3ff0-4c88c6961e3b', 'a437cc11-564c-e5c4-3ff0-4c88c6961e3b', 'シリーズ 死を記憶せよ　「死をめぐる思索」', NULL, NULL, 'daa8ee30-1744-6a5e-bf23-500255e79013', 'course', 0, 'sssssss-1111', NULL, NULL, '2', NULL, 0, NULL, NULL, '', '', NULL, NULL, NULL),
('80220154-a2fb-42c1-3685-50025604ea2c', 0, '2012-07-15 14:35:21', '2012-12-25 14:43:16', 'a437cc11-564c-e5c4-3ff0-4c88c6961e3b', 'a437cc11-564c-e5c4-3ff0-4c88c6961e3b', '日本人の死生観', NULL, NULL, 'daa8ee30-1744-6a5e-bf23-500255e79013', 'course', 0, 'sssssss-1111', NULL, NULL, '2', NULL, 0, '12132123', NULL, 'a437cc11-564c-e5c4-3ff0-4c88c6961e3b', 'ニホンジン', NULL, NULL, NULL),
('630f7d53-d489-23ef-3157-500256ea29b0', 0, '2012-07-15 14:36:03', '2012-07-15 14:36:03', 'a437cc11-564c-e5c4-3ff0-4c88c6961e3b', 'a437cc11-564c-e5c4-3ff0-4c88c6961e3b', '03_弔うことの意味', NULL, NULL, 'daa8ee30-1744-6a5e-bf23-500255e79013', 'course', 0, 'sssssss-1111', NULL, NULL, '2', NULL, 0, NULL, NULL, '', '', NULL, NULL, NULL),
('1d074ec6-6f05-3e92-7163-500256db3687', 0, '2012-07-15 14:36:38', '2012-09-25 09:27:38', 'a437cc11-564c-e5c4-3ff0-4c88c6961e3b', 'a437cc11-564c-e5c4-3ff0-4c88c6961e3b', '名画に描かれた死', NULL, NULL, 'daa8ee30-1744-6a5e-bf23-500255e79013', 'course', 0, 'sssssss-1111', NULL, NULL, '2', NULL, 0, NULL, NULL, '', '', NULL, NULL, NULL),
('c66bd6d0-fb7c-0bbe-54e2-50025798ccbc', 0, '2012-07-15 14:37:25', '2013-01-08 18:54:24', 'a437cc11-564c-e5c4-3ff0-4c88c6961e3b', 'a437cc11-564c-e5c4-3ff0-4c88c6961e3b', '吉本隆明の遺言状　「ぼくらのヨシモトタカアキ」', NULL, NULL, 'daa8ee30-1744-6a5e-bf23-500255e79013', 'course', 1, 'sssssss-1111', NULL, NULL, '2', NULL, 0, '707000100', NULL, 'a437cc11-564c-e5c4-3ff0-4c88c6961e3b', 'ヨシモトタカアキのユイゴンジョウ', NULL, NULL, NULL),
('5e1b5fd2-1d09-edc6-45f4-500257e87064', 0, '2012-07-15 14:37:43', '2012-07-15 14:37:43', 'a437cc11-564c-e5c4-3ff0-4c88c6961e3b', 'a437cc11-564c-e5c4-3ff0-4c88c6961e3b', '06_「共同幻想論」論', NULL, NULL, 'daa8ee30-1744-6a5e-bf23-500255e79013', 'course', 0, 'sssssss-1111', NULL, NULL, '2', NULL, 0, NULL, NULL, '', '', NULL, NULL, NULL),
('d5b3c1cb-e216-ee39-7630-5002572fabc5', 0, '2012-07-15 14:38:11', '2012-09-25 09:27:48', 'a437cc11-564c-e5c4-3ff0-4c88c6961e3b', 'a437cc11-564c-e5c4-3ff0-4c88c6961e3b', '吉本隆明の詩について', NULL, NULL, 'daa8ee30-1744-6a5e-bf23-500255e79013', 'course', 1, 'sssssss-1111', NULL, NULL, '2', NULL, 0, NULL, NULL, '', '', NULL, NULL, NULL),
('6baee459-f0bd-75a9-19b9-500257285900', 0, '2012-07-15 14:38:30', '2012-12-26 12:30:47', '1', 'a437cc11-564c-e5c4-3ff0-4c88c6961e3b', '政治と思想2012', NULL, '＜受付用＞\r\n●月単位\r\n途中受講は、月初めからの支払OKなら可', 'daa8ee30-1744-6a5e-bf23-500255e79013', 'course', 1, 'sssssss-1111', NULL, NULL, '2', NULL, 0, '1101-0010', NULL, 'a437cc11-564c-e5c4-3ff0-4c88c6961e3b', '講座名仮名', NULL, NULL, NULL),
('77e8fab0-94ec-7347-a0a9-500257596336', 0, '2012-07-15 14:39:29', '2012-07-15 14:39:29', 'a437cc11-564c-e5c4-3ff0-4c88c6961e3b', 'a437cc11-564c-e5c4-3ff0-4c88c6961e3b', '09_2000年紀の哲学　-夢よりも深い覚醒へ-', NULL, NULL, 'daa8ee30-1744-6a5e-bf23-500255e79013', 'course', 0, 'sssssss-1111', NULL, NULL, '2', NULL, 0, NULL, NULL, '', '', NULL, NULL, NULL),
('332a66cb-e629-a718-168f-500257a9bc0c', 0, '2012-07-15 14:40:07', '2012-12-24 11:44:29', 'a437cc11-564c-e5c4-3ff0-4c88c6961e3b', 'a437cc11-564c-e5c4-3ff0-4c88c6961e3b', '10_社会思想ゼミ　「批評と社会学」', NULL, NULL, 'daa8ee30-1744-6a5e-bf23-500255e79013', 'course', 0, 'sssssss-1111', NULL, NULL, '2', NULL, 0, '12132123', NULL, 'c4565fc9-30f9-719c-cb31-4437354e807d', 'ゲンダイシャカイヘノ', NULL, NULL, NULL),
('1d31f46d-9be2-7654-d9a2-500257ac65d2', 0, '2012-07-15 14:40:46', '2012-11-21 08:34:56', 'a437cc11-564c-e5c4-3ff0-4c88c6961e3b', 'a437cc11-564c-e5c4-3ff0-4c88c6961e3b', '対談　現代社会への視点　-福島・沖縄・北朝鮮-', NULL, NULL, 'daa8ee30-1744-6a5e-bf23-500255e79013', NULL, 0, 'sssssss-1111', NULL, NULL, '2', NULL, 0, '12222', NULL, '', 'コウザ', NULL, NULL, NULL),
('41fac577-3841-958a-6174-50025862657d', 0, '2012-07-15 14:41:32', '2012-07-15 14:41:32', 'a437cc11-564c-e5c4-3ff0-4c88c6961e3b', 'a437cc11-564c-e5c4-3ff0-4c88c6961e3b', '12_出版記念　歴史を見る眼を養う世界史', NULL, NULL, 'daa8ee30-1744-6a5e-bf23-500255e79013', 'course', 0, 'sssssss-1111', NULL, NULL, '2', NULL, 0, NULL, NULL, '', '', NULL, NULL, NULL),
('28c4435f-c846-4875-0550-500258c295de', 0, '2012-07-15 14:41:47', '2012-07-15 14:42:10', 'a437cc11-564c-e5c4-3ff0-4c88c6961e3b', 'a437cc11-564c-e5c4-3ff0-4c88c6961e3b', '13_EUと日本　－経済連携協定の意義と可能性-', NULL, NULL, 'daa8ee30-1744-6a5e-bf23-500255e79013', 'course', 0, 'sssssss-1111', NULL, NULL, '2', NULL, 0, NULL, NULL, '', '', NULL, NULL, NULL),
('b5ba0626-26e0-6fb6-3f32-500258cc66df', 0, '2012-07-15 14:42:17', '2012-07-15 14:42:49', 'a437cc11-564c-e5c4-3ff0-4c88c6961e3b', 'a437cc11-564c-e5c4-3ff0-4c88c6961e3b', '14_アラブ諸国の革命 -シリア・ヨルダン・パレスチナ・イエメン-', NULL, NULL, 'daa8ee30-1744-6a5e-bf23-500255e79013', 'course', 0, 'sssssss-1111', NULL, NULL, '2', NULL, 0, NULL, NULL, '', '', NULL, NULL, NULL),
('bbf6e2c1-603e-a8fc-b017-5002584888ac', 0, '2012-07-15 14:43:25', '2012-07-15 14:43:25', 'a437cc11-564c-e5c4-3ff0-4c88c6961e3b', 'a437cc11-564c-e5c4-3ff0-4c88c6961e3b', '15_インド・ナショナリズムの現在', NULL, NULL, 'daa8ee30-1744-6a5e-bf23-500255e79013', 'course', NULL, 'sssssss-1111', NULL, NULL, '2', NULL, 0, NULL, NULL, '', '', NULL, NULL, NULL),
('dffae587-81f3-4da0-b594-500258d5fa71', 0, '2012-07-15 14:43:40', '2012-07-15 14:43:40', 'a437cc11-564c-e5c4-3ff0-4c88c6961e3b', 'a437cc11-564c-e5c4-3ff0-4c88c6961e3b', '16_戦後日本政治入門', NULL, NULL, 'daa8ee30-1744-6a5e-bf23-500255e79013', 'course', NULL, 'sssssss-1111', NULL, NULL, '2', NULL, 0, NULL, NULL, '', '', NULL, NULL, NULL),
('6ddbc8fd-c54b-b2c0-d1f7-500258a8fdf7', 0, '2012-07-15 14:44:27', '2012-07-15 14:44:27', 'a437cc11-564c-e5c4-3ff0-4c88c6961e3b', 'a437cc11-564c-e5c4-3ff0-4c88c6961e3b', '17_シリーズ「生存」の歴史を掘り起こす 「東北から問う近代120年」', NULL, NULL, 'daa8ee30-1744-6a5e-bf23-500255e79013', 'course', NULL, 'sssssss-1111', NULL, NULL, '2', NULL, 0, NULL, NULL, '', '', NULL, NULL, NULL),
('99eb90af-1f7f-8d2d-f416-500258519b08', 0, '2012-07-15 14:45:34', '2012-07-15 14:45:34', 'a437cc11-564c-e5c4-3ff0-4c88c6961e3b', 'a437cc11-564c-e5c4-3ff0-4c88c6961e3b', '01_岩下志麻という歴史　-日本映画の半世紀-', NULL, NULL, '7079a1da-5851-58ac-061c-500255778209', 'course', NULL, 'sssssss-1111', NULL, NULL, '2', NULL, 0, NULL, NULL, '', '', NULL, NULL, NULL),
('d0db40ee-a22b-6cee-5b62-500259fb1457', 0, '2012-07-15 14:46:17', '2012-07-15 14:46:17', 'a437cc11-564c-e5c4-3ff0-4c88c6961e3b', 'a437cc11-564c-e5c4-3ff0-4c88c6961e3b', '02_歌人 われを語る  -シリーズ5-', NULL, NULL, '7079a1da-5851-58ac-061c-500255778209', 'course', NULL, 'sssssss-1111', NULL, NULL, '2', NULL, 0, NULL, NULL, '', '', NULL, NULL, NULL),
('3c91e13e-e6e7-0121-6f29-5002593b68f8', 0, '2012-07-15 14:46:33', '2012-07-15 14:46:33', 'a437cc11-564c-e5c4-3ff0-4c88c6961e3b', 'a437cc11-564c-e5c4-3ff0-4c88c6961e3b', '02_歌人 われを語る  -シリーズ6-', NULL, NULL, '7079a1da-5851-58ac-061c-500255778209', 'course', NULL, 'sssssss-1111', NULL, NULL, '2', NULL, 0, NULL, NULL, '', '', NULL, NULL, NULL),
('ee9b6efb-b580-6fd4-a984-500259a7a7dc', 0, '2012-07-15 14:46:40', '2012-12-25 18:11:32', 'a437cc11-564c-e5c4-3ff0-4c88c6961e3b', 'a437cc11-564c-e5c4-3ff0-4c88c6961e3b', '02_歌人 われを語る  -シリーズ7-', NULL, NULL, '7079a1da-5851-58ac-061c-500255778209', 'course', 0, 'sssssss-1111', NULL, NULL, '2', NULL, 0, '306000100', NULL, 'c4565fc9-30f9-719c-cb31-4437354e807d', 'カジン', NULL, NULL, NULL),
('e532bf03-a8f9-672b-4351-5002596b1505', 0, '2012-07-15 14:46:47', '2012-07-15 14:46:47', 'a437cc11-564c-e5c4-3ff0-4c88c6961e3b', 'a437cc11-564c-e5c4-3ff0-4c88c6961e3b', '02_歌人 われを語る  -シリーズ8-', NULL, NULL, '7079a1da-5851-58ac-061c-500255778209', 'course', NULL, 'sssssss-1111', NULL, NULL, '2', NULL, 0, NULL, NULL, '', '', NULL, NULL, NULL),
('39feafca-678a-1939-979b-500259822ae0', 0, '2012-07-15 14:47:30', '2012-07-15 14:47:30', 'a437cc11-564c-e5c4-3ff0-4c88c6961e3b', 'a437cc11-564c-e5c4-3ff0-4c88c6961e3b', '03_対話・古事記とケルト神話', NULL, NULL, '7079a1da-5851-58ac-061c-500255778209', 'course', NULL, 'sssssss-1111', NULL, NULL, '1', NULL, 0, NULL, NULL, '', '', NULL, NULL, NULL),
('cd83c6c9-3580-e7f6-bbcb-500259f75ccd', 0, '2012-07-15 14:48:10', '2012-07-15 14:48:10', 'a437cc11-564c-e5c4-3ff0-4c88c6961e3b', 'a437cc11-564c-e5c4-3ff0-4c88c6961e3b', '04_世界事前遺産を訪ねて　「小笠原の文化と自然」', NULL, NULL, '7079a1da-5851-58ac-061c-500255778209', 'course', NULL, 'sssssss-1111', NULL, NULL, '1', NULL, 0, NULL, NULL, '', '', NULL, NULL, NULL),
('b91f00b8-1ce1-f534-a4cf-50025ab413ff', 0, '2012-07-15 14:53:39', '2012-07-15 14:53:39', 'a437cc11-564c-e5c4-3ff0-4c88c6961e3b', 'a437cc11-564c-e5c4-3ff0-4c88c6961e3b', '05_てんてんの不思議　-濁点・濁音の謎に迫る-', NULL, NULL, '7079a1da-5851-58ac-061c-500255778209', 'course', NULL, 'sssssss-1111', NULL, NULL, '1', NULL, 0, NULL, NULL, '', '', NULL, NULL, NULL),
('ee4109ee-bce0-eb6b-f318-50025b370250', 0, '2012-07-15 14:54:57', '2013-01-25 07:38:52', 'a437cc11-564c-e5c4-3ff0-4c88c6961e3b', 'a437cc11-564c-e5c4-3ff0-4c88c6961e3b', '01_対談　漱石と大英帝国 -文学とロンドン体験-', NULL, NULL, '8166e78b-947a-68e2-ab73-50025b9e964b', 'course', 0, 'sssssss-1111', NULL, NULL, '1', NULL, 0, '006000200', NULL, 'a437cc11-564c-e5c4-3ff0-4c88c6961e3b', 'ソウセキト', NULL, NULL, NULL),
('e6ebe2e3-9ca5-25c0-dff0-50025b910f32', 0, '2012-07-15 14:55:42', '2012-09-25 09:26:52', 'a437cc11-564c-e5c4-3ff0-4c88c6961e3b', 'a437cc11-564c-e5c4-3ff0-4c88c6961e3b', 'ロンドン、何てスペクタクル', NULL, NULL, '8166e78b-947a-68e2-ab73-50025b9e964b', 'course', NULL, 'sssssss-1111', NULL, NULL, '1', NULL, 0, NULL, NULL, '', '', NULL, NULL, NULL),
('2bc5c090-b13d-da52-d897-50025bfd1f3f', 0, '2012-07-15 14:56:23', '2012-09-25 09:26:44', 'a437cc11-564c-e5c4-3ff0-4c88c6961e3b', 'a437cc11-564c-e5c4-3ff0-4c88c6961e3b', '女王エリザベス1世・華麗なる宮廷の装飾', NULL, NULL, '8166e78b-947a-68e2-ab73-50025b9e964b', 'course', NULL, 'sssssss-1111', NULL, NULL, '1', NULL, 0, NULL, NULL, '', '', NULL, NULL, NULL),
('bca65534-e7e0-5f19-7224-50025bc69771', 0, '2012-07-15 14:56:59', '2012-09-25 09:26:39', 'a437cc11-564c-e5c4-3ff0-4c88c6961e3b', 'a437cc11-564c-e5c4-3ff0-4c88c6961e3b', 'イギリス王室の物語　-エリザベス2世とチャールズ皇太子-', NULL, NULL, '8166e78b-947a-68e2-ab73-50025b9e964b', 'course', NULL, 'sssssss-1111', NULL, NULL, '1', NULL, 0, NULL, NULL, '', '', NULL, NULL, NULL),
('9d5aa535-9497-1f4a-0f17-50025c373b01', 0, '2012-07-15 14:58:29', '2012-09-25 09:26:32', 'a437cc11-564c-e5c4-3ff0-4c88c6961e3b', 'a437cc11-564c-e5c4-3ff0-4c88c6961e3b', '美のイギリス文学　-詩、戯曲、小説、の美の形-', NULL, NULL, '8166e78b-947a-68e2-ab73-50025b9e964b', 'course', NULL, 'sssssss-1111', NULL, NULL, '1', NULL, 0, NULL, NULL, '', '', NULL, NULL, NULL),
('c4523dbe-f315-8ebe-39e9-50025c262a1f', 0, '2012-07-15 14:58:57', '2012-09-25 09:26:24', 'a437cc11-564c-e5c4-3ff0-4c88c6961e3b', 'a437cc11-564c-e5c4-3ff0-4c88c6961e3b', 'ロンドン　-美術にみるイギリスらしさとは-', NULL, NULL, '8166e78b-947a-68e2-ab73-50025b9e964b', 'course', NULL, 'sssssss-1111', NULL, NULL, '1', NULL, 0, NULL, NULL, '', '', NULL, NULL, NULL),
('80ab0f7b-e22d-1216-ac97-5002644ddf7b', 0, '2012-07-15 15:35:47', '2012-07-15 15:35:47', 'a437cc11-564c-e5c4-3ff0-4c88c6961e3b', 'a437cc11-564c-e5c4-3ff0-4c88c6961e3b', 'Step UP 英会話', NULL, NULL, '3bd1583e-20f8-723e-fc0b-5002647a5db2', 'course', 0, 'sssssss-1111', NULL, NULL, '1', NULL, 0, NULL, NULL, '', '', NULL, NULL, NULL),
('13f7d719-a3cf-1861-35ca-500265f8a362', 1, '2012-07-15 15:36:54', '2012-12-25 15:25:59', 'a437cc11-564c-e5c4-3ff0-4c88c6961e3b', 'a437cc11-564c-e5c4-3ff0-4c88c6961e3b', '夏期休業', NULL, NULL, NULL, 'holiday', 0, 'sssssss-1111', NULL, NULL, NULL, NULL, 0, NULL, NULL, '', '', NULL, NULL, NULL),
('c8678cf3-0838-2ed3-e006-5004eda2479e', 0, '2012-07-17 13:45:39', '2012-07-17 13:45:39', 'a437cc11-564c-e5c4-3ff0-4c88c6961e3b', 'a437cc11-564c-e5c4-3ff0-4c88c6961e3b', '打ち合わせ', NULL, NULL, NULL, 'event', 0, 'sssssss-1111', NULL, NULL, NULL, NULL, 0, NULL, NULL, '', '', NULL, NULL, NULL),
('3dfd29de-a7c6-4d05-2d47-50483bedafd0', 1, '2012-09-06 14:56:26', '2012-12-29 11:52:53', 'a437cc11-564c-e5c4-3ff0-4c88c6961e3b', 'a437cc11-564c-e5c4-3ff0-4c88c6961e3b', '08_政治と思想2012-2', NULL, '＜受付用＞\r\n●月単位\r\n途中受講は、月初めからの支払OKなら可', 'daa8ee30-1744-6a5e-bf23-500255e79013', 'course', 0, 'sssssss-1111', NULL, NULL, '2', NULL, 0, '1101-0010', NULL, '', '', NULL, NULL, NULL),
('88b6d6f0-63f1-4182-7ef9-5014d69510dc', 0, '2012-07-29 15:21:52', '2012-07-29 15:21:52', 'a437cc11-564c-e5c4-3ff0-4c88c6961e3b', 'a437cc11-564c-e5c4-3ff0-4c88c6961e3b', '水彩画入門', NULL, NULL, '45550d0a-4e29-af0f-eea3-500253f9bb22', 'course', 0, 'sssssss-1111', NULL, NULL, '1', NULL, 0, NULL, NULL, '', '', NULL, NULL, NULL),
('99be46fd-f6a1-1712-6e69-501740e81da8', 0, '2012-07-31 11:18:01', '2012-07-31 11:18:01', 'a437cc11-564c-e5c4-3ff0-4c88c6961e3b', 'a437cc11-564c-e5c4-3ff0-4c88c6961e3b', '陶芸クラス', NULL, '＜受付用＞\r\n●月単位\r\n途中受講は、月初めからの支払OKなら可。\r\n見学は受付カウンターで申し込み', '2ce490e6-90f0-1c54-c80a-500253ad2c53', 'course', 0, 'sssssss-1111', NULL, NULL, '2', NULL, 0, '1101-0010', NULL, '', '', NULL, NULL, NULL),
('8efc084e-b96b-4b42-e62d-50483c92804c', 0, '2012-09-06 15:04:40', '2012-09-06 15:18:59', 'a437cc11-564c-e5c4-3ff0-4c88c6961e3b', 'a437cc11-564c-e5c4-3ff0-4c88c6961e3b', '08_政治と思想2012-３', NULL, '＜受付用＞\r\n●月単位\r\n途中受講は、月初めからの支払OKなら可', 'daa8ee30-1744-6a5e-bf23-500255e79013', 'course', NULL, 'sssssss-1111', NULL, NULL, '2', NULL, 0, '1101-0010', NULL, '', '', NULL, NULL, NULL),
('c0a42879-85f2-9021-481a-5048609ae15d', 0, '2012-09-06 17:35:09', '2012-09-06 17:35:09', 'a437cc11-564c-e5c4-3ff0-4c88c6961e3b', 'a437cc11-564c-e5c4-3ff0-4c88c6961e3b', '08_政治と思想2012-4', NULL, '＜受付用＞\r\n●月単位\r\n途中受講は、月初めからの支払OKなら可', 'daa8ee30-1744-6a5e-bf23-500255e79013', 'course', 0, 'sssssss-1111', NULL, NULL, '2', NULL, 0, '1101-0010', NULL, '', '', NULL, NULL, NULL),
('36924be7-5530-3473-ecf7-50486195ac63', 0, '2012-09-06 17:41:37', '2012-09-06 17:41:37', 'a437cc11-564c-e5c4-3ff0-4c88c6961e3b', 'a437cc11-564c-e5c4-3ff0-4c88c6961e3b', '08_政治と思想2012-5', NULL, '＜受付用＞\r\n●月単位\r\n途中受講は、月初めからの支払OKなら可', 'daa8ee30-1744-6a5e-bf23-500255e79013', 'course', NULL, 'sssssss-1111', NULL, NULL, '2', NULL, 0, '1101-0010', NULL, '', '', NULL, NULL, NULL),
('49ae8467-203b-c510-94eb-505bcdf90b41', 0, '2012-09-21 11:16:15', '2012-09-22 17:26:53', 'a437cc11-564c-e5c4-3ff0-4c88c6961e3b', 'a437cc11-564c-e5c4-3ff0-4c88c6961e3b', '講座1', NULL, '＜受付用＞\r\n●月単位\r\n途中受講は、月初めからの支払OKなら可', 'daa8ee30-1744-6a5e-bf23-500255e79013', 'course', 0, 'sssssss-1111', NULL, NULL, '2', NULL, 0, '1101-0010', NULL, '', '', NULL, NULL, NULL),
('3396600a-eafd-826b-1f50-505d4b410ab2', 0, '2012-09-22 14:26:02', '2012-09-22 14:26:02', 'a437cc11-564c-e5c4-3ff0-4c88c6961e3b', 'a437cc11-564c-e5c4-3ff0-4c88c6961e3b', '講座2', NULL, '＜受付用＞\r\n●月単位\r\n途中受講は、月初めからの支払OKなら可', 'daa8ee30-1744-6a5e-bf23-500255e79013', 'course', 0, 'sssssss-1111', NULL, NULL, '2', NULL, 0, '1101-0010', NULL, '', '', NULL, NULL, NULL),
('56509905-3bd1-2391-e48d-505fa87964d6', 0, '2012-09-24 09:25:52', '2012-09-24 09:25:52', 'a437cc11-564c-e5c4-3ff0-4c88c6961e3b', 'a437cc11-564c-e5c4-3ff0-4c88c6961e3b', '講座3', NULL, '＜受付用＞\r\n●月単位\r\n途中受講は、月初めからの支払OKなら可', 'daa8ee30-1744-6a5e-bf23-500255e79013', 'course', 0, 'sssssss-1111', NULL, NULL, '2', NULL, 0, '1101-0010', NULL, '', '', NULL, NULL, NULL),
('834f518c-032a-8a91-22fa-506299b59a11', 0, '2012-09-26 14:59:34', '2012-09-26 14:59:34', 'a437cc11-564c-e5c4-3ff0-4c88c6961e3b', 'a437cc11-564c-e5c4-3ff0-4c88c6961e3b', '講座４', NULL, NULL, NULL, 'course', 0, 'sssssss-1111', NULL, NULL, '1', NULL, 0, NULL, NULL, '', '', NULL, NULL, NULL),
('2c61666c-f325-6aaf-a831-50629b277fa6', 0, '2012-09-26 15:07:00', '2012-09-26 15:07:39', 'a437cc11-564c-e5c4-3ff0-4c88c6961e3b', 'a437cc11-564c-e5c4-3ff0-4c88c6961e3b', '講座5', NULL, NULL, NULL, 'course', 0, 'sssssss-1111', NULL, NULL, '1', NULL, 0, NULL, NULL, '', '', NULL, NULL, NULL),
('68bb9f41-ffdd-33a3-19d7-5062a0fdf9b9', 0, '2012-09-26 15:29:24', '2012-09-26 15:29:24', 'a437cc11-564c-e5c4-3ff0-4c88c6961e3b', 'a437cc11-564c-e5c4-3ff0-4c88c6961e3b', '講座6', NULL, NULL, NULL, 'course', NULL, 'sssssss-1111', NULL, NULL, '1', NULL, 0, NULL, NULL, '', '', NULL, NULL, NULL),
('43962ce3-932c-ce82-9ddc-50681226ccc2', 0, '2012-09-30 18:37:46', '2012-09-30 18:37:46', '1', '1', '講座4', NULL, '＜受付用＞\r\n●月単位\r\n途中受講は、月初めからの支払OKなら可', 'daa8ee30-1744-6a5e-bf23-500255e79013', 'course', NULL, 'sssssss-1111', NULL, NULL, '2', NULL, 0, '1101-0010', NULL, '', '', NULL, NULL, NULL),
('18295304-2c64-ef80-fd2c-50851684897f', 0, '2012-10-22 18:47:22', '2012-12-24 19:42:13', 'a437cc11-564c-e5c4-3ff0-4c88c6961e3b', 'a437cc11-564c-e5c4-3ff0-4c88c6961e3b', '講座A-2', NULL, '＜受付用＞\r\n●月単位\r\n途中受講は、月初めからの支払OKなら可', 'daa8ee30-1744-6a5e-bf23-500255e79013', 'course', 0, 'sssssss-1111', NULL, NULL, '2', NULL, 0, '101000101', NULL, 'a437cc11-564c-e5c4-3ff0-4c88c6961e3b', 'テスト講座', NULL, NULL, NULL),
('21000535-9e83-9e2d-0d30-5091c8eaf42d', 0, '2012-11-01 09:54:10', '2012-11-01 09:54:10', 'a437cc11-564c-e5c4-3ff0-4c88c6961e3b', 'a437cc11-564c-e5c4-3ff0-4c88c6961e3b', '講座2', NULL, '＜受付用＞\r\n●月単位\r\n途中受講は、月初めからの支払OKなら可', 'daa8ee30-1744-6a5e-bf23-500255e79013', 'course', 1, 'sssssss-1111', NULL, NULL, '2', NULL, 0, '1101-0010', NULL, '', '', NULL, NULL, NULL),
('a01672e2-db13-6f3e-c0ab-509b8ea8e279', 0, '2012-11-08 19:52:00', '2012-11-15 00:05:03', '1', '1', '水墨画のはがき絵', NULL, '＜受付用＞\r\n●月単位\r\n途中受講は、月初めからの支払OKなら可', 'daa8ee30-1744-6a5e-bf23-500255e79013', NULL, 0, 'sssssss-1111', NULL, NULL, '2', NULL, 0, '1101-0010', NULL, 'a437cc11-564c-e5c4-3ff0-4c88c6961e3b', 'カナメイ', NULL, NULL, NULL),
('b8792b7c-0b25-bc8b-2c24-50c56a9c47c8', 0, '2012-12-10 13:50:46', '2012-12-10 13:50:46', 'a437cc11-564c-e5c4-3ff0-4c88c6961e3b', 'a437cc11-564c-e5c4-3ff0-4c88c6961e3b', '新規講座', NULL, NULL, NULL, 'event', 0, 'sssssss-1111', NULL, NULL, NULL, NULL, 0, NULL, NULL, 'a437cc11-564c-e5c4-3ff0-4c88c6961e3b', 'シンキコウザ', NULL, NULL, NULL),
('79de5f13-ad0d-44c6-a2a6-50d7da8703ec', 0, '2012-12-24 13:32:27', '2012-12-29 12:35:02', 'a437cc11-564c-e5c4-3ff0-4c88c6961e3b', 'a437cc11-564c-e5c4-3ff0-4c88c6961e3b', '「大公トリオ」とメンデルスゾーンのニ－ ピアノ・トリオの2大名曲を身近で', NULL, NULL, NULL, 'course', 0, 'sssssss-1111', NULL, NULL, NULL, NULL, 0, '114000100', NULL, 'a437cc11-564c-e5c4-3ff0-4c88c6961e3b', 'タイコウトリオとメンデルスゾーンノ', NULL, NULL, NULL),
('852d5c9e-1c92-6f1f-5418-50d7de13c568', 0, '2012-12-24 13:47:27', '2012-12-29 12:42:22', 'a437cc11-564c-e5c4-3ff0-4c88c6961e3b', 'a437cc11-564c-e5c4-3ff0-4c88c6961e3b', '【新設】南九州の大型前方後円墳とヤマト王権', NULL, NULL, NULL, 'course', 0, 'sssssss-1111', NULL, NULL, NULL, NULL, 0, '105000100', NULL, 'a437cc11-564c-e5c4-3ff0-4c88c6961e3b', 'ミナミキュウシュウノゼンポウコウエンフントヤマトオウケン', NULL, NULL, NULL),
('4fa6f263-b5fc-a52e-fed2-50d7df1ed696', 1, '2012-12-24 13:52:46', '2012-12-29 12:14:31', 'a437cc11-564c-e5c4-3ff0-4c88c6961e3b', 'a437cc11-564c-e5c4-3ff0-4c88c6961e3b', '祈りと芸術', NULL, NULL, NULL, 'course', NULL, 'sssssss-1111', NULL, NULL, NULL, NULL, 0, '107000100', NULL, 'a437cc11-564c-e5c4-3ff0-4c88c6961e3b', 'イノリトゲイジュツ', NULL, NULL, NULL),
('4c136971-9357-df2a-8179-50d7df290de8', 0, '2012-12-24 13:53:50', '2012-12-29 12:28:25', 'a437cc11-564c-e5c4-3ff0-4c88c6961e3b', 'a437cc11-564c-e5c4-3ff0-4c88c6961e3b', 'イヤホン付　「江戸名所図会」で歴史散歩－ 日本橋・京橋・銀座界隈をめぐる', NULL, NULL, NULL, 'course', 1, 'sssssss-1111', NULL, NULL, NULL, NULL, 0, '108000200', NULL, 'a437cc11-564c-e5c4-3ff0-4c88c6961e3b', 'イヤホンツキ　エドメイショズカイデレキシサンポ', NULL, NULL, NULL),
('8ea1a5da-f380-d46f-c0a2-50d813baeed1', 0, '2012-12-24 17:35:02', '2012-12-29 12:32:25', 'a437cc11-564c-e5c4-3ff0-4c88c6961e3b', 'a437cc11-564c-e5c4-3ff0-4c88c6961e3b', '学生会員　クラシック音楽を生涯の友に－ 名ピアニストとアンサンブルの世界を満喫する', NULL, NULL, NULL, 'course', 0, 'sssssss-1111', NULL, NULL, NULL, NULL, 0, '104000100', NULL, 'a437cc11-564c-e5c4-3ff0-4c88c6961e3b', 'ガクセイカイインクラッシクオンガヲショウガイノトオニ', NULL, NULL, NULL),
('8b5c302c-fc21-e034-e580-50d823d8475c', 0, '2012-12-24 18:44:00', '2013-01-08 19:42:37', 'a437cc11-564c-e5c4-3ff0-4c88c6961e3b', 'a437cc11-564c-e5c4-3ff0-4c88c6961e3b', 'ジュネス弦楽四重奏団の仲間達－ 贅沢な室内アンサンブルの午後を', NULL, NULL, NULL, 'course', 0, 'sssssss-1111', NULL, NULL, NULL, NULL, 0, '308000100', NULL, 'a437cc11-564c-e5c4-3ff0-4c88c6961e3b', 'ジュネスゲンガクシジュウソウダンノナカマタチ　ゼイタクナシツナイアンサンブルノゴゴヲ', NULL, NULL, NULL),
('5c61fdf0-d72c-4344-d9a4-50d8f298a418', 0, '2012-12-25 09:26:10', '2012-12-29 12:52:08', 'a437cc11-564c-e5c4-3ff0-4c88c6961e3b', 'a437cc11-564c-e5c4-3ff0-4c88c6961e3b', '世田谷パブリックシアター公演【新設】五人で演じる「マクベス」の世界（3/1金14:00S席チケット付', NULL, NULL, NULL, 'course', 0, 'sssssss-1111', NULL, NULL, NULL, NULL, 0, '108000100', NULL, 'a437cc11-564c-e5c4-3ff0-4c88c6961e3b', 'セタガヤパブリックシアターコウカイゴニンデエンジル', NULL, NULL, NULL),
('2007b41b-e8c7-4b44-80c7-50d8f28fe0b1', 1, '2012-12-25 09:26:00', '2012-12-29 12:05:24', 'a437cc11-564c-e5c4-3ff0-4c88c6961e3b', 'a437cc11-564c-e5c4-3ff0-4c88c6961e3b', '哲学の時間6', NULL, NULL, NULL, 'course', 0, 'sssssss-1111', NULL, NULL, NULL, NULL, 0, '108000101', NULL, 'a437cc11-564c-e5c4-3ff0-4c88c6961e3b', 'テツガクノジカンン', NULL, NULL, NULL),
('712be56a-8e34-5da7-96f5-50d90e0f062c', 1, '2012-12-25 11:24:37', '2012-12-25 15:26:11', '219076bd-3fc5-3940-474a-50d8fbac517a', '219076bd-3fc5-3940-474a-50d8fbac517a', '休み', NULL, NULL, NULL, 'holiday', 0, 'sssssss-1111', NULL, NULL, NULL, NULL, 0, NULL, NULL, '', '', NULL, NULL, NULL),
('513073c6-75ef-16e1-e83e-50d90e717243', 1, '2012-12-25 11:24:48', '2012-12-25 15:26:05', 'a437cc11-564c-e5c4-3ff0-4c88c6961e3b', 'a437cc11-564c-e5c4-3ff0-4c88c6961e3b', '敬老の日', NULL, NULL, NULL, 'holiday', 0, 'sssssss-1111', NULL, NULL, NULL, NULL, 0, NULL, NULL, '', '', NULL, NULL, NULL),
('4f7a1393-abf6-15ec-18fb-50d90fabf642', 1, '2012-12-24 13:47:00', '2012-12-29 12:26:39', 'a437cc11-564c-e5c4-3ff0-4c88c6961e3b', '219076bd-3fc5-3940-474a-50d8fbac517a', '奈良時代を読み直す『続日本紀』新講', NULL, NULL, NULL, 'course', NULL, 'sssssss-1111', NULL, NULL, NULL, NULL, 0, '105000101', NULL, 'a437cc11-564c-e5c4-3ff0-4c88c6961e3b', 'ナラジダイヲヨミナオスショクニホンギキコウ', NULL, NULL, NULL),
('4fae1296-e849-9978-764c-50d90f220dc6', 0, '2012-12-24 13:47:00', '2012-12-29 12:22:13', 'a437cc11-564c-e5c4-3ff0-4c88c6961e3b', '219076bd-3fc5-3940-474a-50d8fbac517a', '縄文土器を読む', NULL, NULL, NULL, 'course', 0, 'sssssss-1111', NULL, NULL, NULL, NULL, 0, '105000102', NULL, 'a437cc11-564c-e5c4-3ff0-4c88c6961e3b', 'ジョウモンドキをヨム', NULL, NULL, NULL),
('e9800edc-2156-7349-f6e4-50d95290ef44', 0, '2012-12-25 16:16:31', '2012-12-25 16:16:31', 'a437cc11-564c-e5c4-3ff0-4c88c6961e3b', 'a437cc11-564c-e5c4-3ff0-4c88c6961e3b', '現代社会のゆくえ', NULL, NULL, NULL, 'course', 0, 'sssssss-1111', NULL, NULL, NULL, NULL, 0, '101000200', NULL, 'a437cc11-564c-e5c4-3ff0-4c88c6961e3b', 'ゲンダイシャカイのユクエ', NULL, NULL, NULL),
('128f7fb1-7a5a-3fe2-ec53-50d976e0ccca', 0, '2012-12-24 13:47:00', '2012-12-29 12:42:53', 'a437cc11-564c-e5c4-3ff0-4c88c6961e3b', 'a437cc11-564c-e5c4-3ff0-4c88c6961e3b', '奇書「先代旧事本紀」を読む－ 邪馬台国の東遷を伝えるか', NULL, NULL, NULL, 'course', 0, 'sssssss-1111', NULL, NULL, NULL, NULL, 0, '105000103', NULL, 'a437cc11-564c-e5c4-3ff0-4c88c6961e3b', 'キショセンダイキュウニホンギをヨム　ヤマタイクコクノトウセンヲツタエルカ', NULL, NULL, NULL),
('a0e13f93-1a9e-10fe-19bc-50da4656c9be', 0, '2012-12-24 13:47:00', '2012-12-29 12:37:44', 'a437cc11-564c-e5c4-3ff0-4c88c6961e3b', 'a437cc11-564c-e5c4-3ff0-4c88c6961e3b', '新訳で読む｢失われた時を求めて」－ ｢花咲く乙女たちのかげに｣のバルベック滞在(後半）を読む', NULL, NULL, NULL, 'course', 0, 'sssssss-1111', NULL, NULL, NULL, NULL, 0, '105000200', NULL, 'a437cc11-564c-e5c4-3ff0-4c88c6961e3b', 'シンヤクデヨムウシナガワレタトキヲモトメテハナサクオトメタチノカゲニノコウハンヲヨム', NULL, NULL, NULL),
('2bcb6853-7a48-602a-f104-50da4b740803', 0, '2012-12-24 13:47:00', '2012-12-29 12:42:29', 'a437cc11-564c-e5c4-3ff0-4c88c6961e3b', 'a437cc11-564c-e5c4-3ff0-4c88c6961e3b', '【新設】新春川畠成道のヴァイオリンと過ごす午後のひととき', NULL, NULL, NULL, 'course', 0, 'sssssss-1111', NULL, NULL, NULL, NULL, 0, '105000300', NULL, 'a437cc11-564c-e5c4-3ff0-4c88c6961e3b', 'シンシュンカワバタナリミチのヴァイオリントスゴスゴゴ', NULL, NULL, NULL),
('38797384-706a-fc14-184c-50da628aceb9', 0, '2012-12-24 13:47:00', '2012-12-29 12:42:34', 'a437cc11-564c-e5c4-3ff0-4c88c6961e3b', 'a437cc11-564c-e5c4-3ff0-4c88c6961e3b', '【新設】野平一郎の音楽塾　ベートーヴェンのピアノ・ソナタ全曲解説　第７～８番－ 第７～８番', NULL, NULL, NULL, 'course', NULL, 'sssssss-1111', NULL, NULL, NULL, NULL, 0, '105000400', NULL, 'a437cc11-564c-e5c4-3ff0-4c88c6961e3b', 'ヤヒライチロウノオンガクジュク　ベートーヴェンノピアノソナタゼンキョクカイセツ　ダイナナカラハチバン', NULL, NULL, NULL),
('99190ba2-ba09-c7dd-12e4-50da9b92e0d9', 1, '2012-12-26 15:39:02', '2012-12-26 15:44:29', '3e24d200-6381-e2e7-31e6-50d93380f383', '3e24d200-6381-e2e7-31e6-50d93380f383', '敬老の日', NULL, NULL, NULL, 'holiday', 0, 'sssssss-1111', NULL, NULL, NULL, NULL, 0, NULL, NULL, '', '', NULL, NULL, NULL),
('51f9f100-fa8d-4d00-5e95-50da9bcb6927', 0, '2012-12-26 15:39:02', '2012-12-26 15:39:02', '7f773a56-0a02-88a3-bf88-50d93300b49c', '7f773a56-0a02-88a3-bf88-50d93300b49c', 'みどりの日', NULL, NULL, NULL, 'holiday', 0, 'sssssss-1111', NULL, NULL, NULL, NULL, 0, NULL, NULL, '', '', NULL, NULL, NULL),
('9537057c-645f-abe4-6c45-50da9b016e2b', 0, '2012-12-26 15:39:06', '2012-12-26 15:39:06', 'a437cc11-564c-e5c4-3ff0-4c88c6961e3b', 'a437cc11-564c-e5c4-3ff0-4c88c6961e3b', '休み', NULL, NULL, NULL, 'holiday', 0, 'sssssss-1111', NULL, NULL, NULL, NULL, 0, NULL, NULL, '', '', NULL, NULL, NULL),
('95e8bcaf-9b81-7867-7680-50da9b7d46f5', 1, '2012-12-26 15:39:10', '2012-12-26 15:41:15', '99290008-b709-5558-2abb-50d933bdfc54', '99290008-b709-5558-2abb-50d933bdfc54', 'ビル休館日', NULL, NULL, NULL, 'holiday', 0, 'sssssss-1111', NULL, NULL, NULL, NULL, 0, NULL, NULL, '', '', NULL, NULL, NULL),
('38b1cd25-0913-44c3-23bf-50da9bcaa4c7', 0, '2012-12-26 15:39:55', '2012-12-26 15:39:55', '967ab850-aafc-c160-943a-50d9300977e7', '967ab850-aafc-c160-943a-50d9300977e7', 'ボクシングデー（英連邦)', NULL, 'クリスマスの翌日で、元々は、教会が貧しい人たちのために寄付を募ったクリスマスプレゼントの箱(box)を開ける日であったことから"Boxing Day"と呼ばれる。', NULL, 'holiday', 0, 'sssssss-1111', NULL, NULL, NULL, NULL, 0, NULL, NULL, '', '', NULL, NULL, NULL),
('9f83f702-1c9e-d351-8569-50da9b5cbf05', 0, '2012-12-26 15:39:59', '2012-12-26 15:39:59', '5e070921-e5f8-3617-3c3f-50d9308df71f', '5e070921-e5f8-3617-3c3f-50d9308df71f', 'ビル休館日', NULL, NULL, NULL, 'holiday', 0, 'sssssss-1111', NULL, NULL, NULL, NULL, 0, NULL, NULL, '', '', NULL, NULL, NULL),
('67c3554c-3cbb-bf46-61be-50da9c98b0d8', 1, '2012-12-26 15:44:38', '2012-12-26 15:48:38', '3e24d200-6381-e2e7-31e6-50d93380f383', '3e24d200-6381-e2e7-31e6-50d93380f383', '敬老の日', NULL, NULL, NULL, 'holiday', 0, 'sssssss-1111', NULL, NULL, NULL, NULL, 0, NULL, NULL, '', '', NULL, NULL, NULL),
('9599d8db-f643-6b70-9dd1-50daad6f6dc0', 0, '2012-12-26 16:57:22', '2013-01-20 12:51:21', 'a437cc11-564c-e5c4-3ff0-4c88c6961e3b', 'a437cc11-564c-e5c4-3ff0-4c88c6961e3b', '脳と友愛(受講登録用)2', NULL, '講座に関するコメント1講座に関するコメント1講座に関するコメント1\r\n講座に関するコメント1講座に関するコメント1講座に関するコメント2\r\n講座に関するコメント1講座に関するコメント1講座に関するコメント3\r\n講座に関するコメント1講座に関するコメント1講座に関するコメント4', NULL, 'course', 0, 'sssssss-1111', NULL, NULL, NULL, NULL, 0, '058000100', NULL, 'a437cc11-564c-e5c4-3ff0-4c88c6961e3b', 'ノウトユウアイ　コピー', '脳と友愛', 'ノウトユウタイ', 'Web・リーフレット用講座詳細Web・リーフレット用講座詳細１\r\nWeb・リーフレット用講座詳細:Web・リーフレット用講座詳細2\r\nWeb・リーフレット用講座詳細:Web・リーフレット用講座詳細３\r\nWeb・リーフレット用講座詳細:Web・リーフレット用講座詳細4'),
('689fb614-95ba-545a-9262-50daadccea62', 0, '2012-12-26 16:57:23', '2013-03-11 12:20:43', '3e24d200-6381-e2e7-31e6-50d93380f383', '3e24d200-6381-e2e7-31e6-50d93380f383', '危機突破内閣のゆくえ', NULL, NULL, NULL, 'course', 0, 'sssssss-1111', NULL, NULL, NULL, NULL, 0, '101000300', NULL, '3e24d200-6381-e2e7-31e6-50d93380f383', 'キキトッパナイカクノユクエ', '危機突破内閣のゆくえ', NULL, 'あああああ\r\nいいいいいい\r\nうううううう\r\nええええ\r\nおおおおお\r\n\r\n'),
('4fb38784-f598-c30a-fa1b-50daad45ac93', 0, '2012-12-26 16:57:37', '2012-12-26 17:24:06', '7f773a56-0a02-88a3-bf88-50d93300b49c', '7f773a56-0a02-88a3-bf88-50d93300b49c', 'ピアソラ', NULL, NULL, NULL, 'course', 0, 'sssssss-1111', NULL, NULL, NULL, NULL, 0, '113000100', NULL, '7f773a56-0a02-88a3-bf88-50d93300b49c', 'ピアソラ', 'ピアソラ', NULL, 'あいうえおかきくけこさしすせそ'),
('c92a2557-5814-077b-3423-50daaea46113', 0, '2012-12-26 16:58:26', '2012-12-26 17:34:24', '99290008-b709-5558-2abb-50d933bdfc54', '99290008-b709-5558-2abb-50d933bdfc54', '野外講座　東京駅探訪', NULL, NULL, NULL, 'course', 0, 'sssssss-1111', NULL, NULL, NULL, NULL, 0, '780000100', NULL, '99290008-b709-5558-2abb-50d933bdfc54', 'ヤガイコウザ　トウキョウエキタンボウ', '野外講座　東京駅探訪', NULL, '\r\n\r\n\r\n\r\n'),
('ee0712bf-278c-81f2-af96-50daae7497b6', 0, '2012-12-26 17:00:07', '2013-01-08 15:59:36', 'a437cc11-564c-e5c4-3ff0-4c88c6961e3b', '5e070921-e5f8-3617-3c3f-50d9308df71f', 'Poetry Reading', NULL, '２０１３年１月開講。', NULL, 'course', 0, 'sssssss-1111', NULL, NULL, NULL, NULL, 0, '368000100', NULL, '5e070921-e5f8-3617-3c3f-50d9308df71f', 'ポエトリー', 'Poetry Reading', NULL, '英語で書かれた世界の名詩を朗読します。自作の詩のある方はお持ちください。'),
('a882e079-c862-6b74-475c-50daafa847e9', 0, '2012-12-26 17:03:59', '2012-12-26 17:37:57', '147c4b18-8ff6-c029-487a-50d933cee1a1', '147c4b18-8ff6-c029-487a-50d933cee1a1', '世界史', NULL, NULL, NULL, 'course', 0, 'sssssss-1111', NULL, NULL, NULL, NULL, 0, '110000200', NULL, '147c4b18-8ff6-c029-487a-50d933cee1a1', 'セカイシ', '世界史', NULL, NULL),
('d68d4cae-9322-054b-f962-50dab0c2fdba', 0, '2012-12-26 17:09:52', '2012-12-26 17:53:13', '967ab850-aafc-c160-943a-50d9300977e7', '967ab850-aafc-c160-943a-50d9300977e7', 'コスモスと宇宙', NULL, NULL, NULL, 'course', 0, 'sssssss-1111', NULL, NULL, NULL, NULL, 0, '103000100', NULL, '967ab850-aafc-c160-943a-50d9300977e7', 'コスモストウチュウ', NULL, NULL, NULL),
('b4b75848-9097-668b-1863-50dab3e31e70', 1, '2012-12-26 16:57:00', '2012-12-26 17:52:50', '3e24d200-6381-e2e7-31e6-50d93380f383', '3e24d200-6381-e2e7-31e6-50d93380f383', '危機突破内閣のゆくえ　学生用', NULL, NULL, NULL, 'course', 0, 'sssssss-1111', NULL, NULL, NULL, NULL, 0, '101000400', NULL, '3e24d200-6381-e2e7-31e6-50d93380f383', 'キキトッパナイカクノユクエ', '危機突破内閣のゆくえ', NULL, 'あああああ\r\nいいいいいい\r\nうううううう\r\nええええ\r\nおおおおお\r\n\r\n'),
('9d4c2608-1649-0994-ad3c-50dab43d9528', 0, '2012-12-26 16:57:00', '2013-01-07 19:53:19', 'a437cc11-564c-e5c4-3ff0-4c88c6961e3b', '3e24d200-6381-e2e7-31e6-50d93380f383', '危機突破内閣のゆくえ　学生用', NULL, NULL, NULL, 'course', 0, 'sssssss-1111', NULL, NULL, NULL, NULL, 0, '101000301', NULL, '3e24d200-6381-e2e7-31e6-50d93380f383', 'キキトッパナイカクノユクエ', '危機突破内閣のゆくえ　学生用', NULL, 'あああああ\r\nいいいいいい\r\nうううううう\r\nええええ\r\nおおおおお\r\n\r\n'),
('bbb5063f-53bb-8947-96f4-50dab52ea0a4', 1, '2012-12-26 16:57:00', '2013-01-20 12:49:37', 'a437cc11-564c-e5c4-3ff0-4c88c6961e3b', 'a437cc11-564c-e5c4-3ff0-4c88c6961e3b', '脳と友愛', NULL, NULL, NULL, 'course', 0, 'sssssss-1111', NULL, NULL, NULL, NULL, 0, '058000101', NULL, 'a437cc11-564c-e5c4-3ff0-4c88c6961e3b', 'ノウトユウアイ', '脳と友愛', 'ノウトユウタイ', NULL),
('d70b85b1-d65d-5d90-6cc7-50dab5bf6604', 0, '2012-12-26 16:57:00', '2013-03-11 14:14:09', '3e24d200-6381-e2e7-31e6-50d93380f383', '3e24d200-6381-e2e7-31e6-50d93380f383', '危機突破内閣のゆくえ　学生用', NULL, NULL, NULL, 'course', 0, 'sssssss-1111', NULL, NULL, NULL, NULL, 0, '101000302', NULL, '3e24d200-6381-e2e7-31e6-50d93380f383', 'キキトッパナイカクノユクエ', '危機突破内閣のゆくえ　学生用', NULL, 'あああああ\r\nいいいいいい\r\nうううううう\r\nええええ\r\nおおおおお\r\n\r\n'),
('9039f50f-26f5-b789-939a-50dab62813ba', 0, '2012-12-26 16:58:00', '2012-12-26 17:37:50', '99290008-b709-5558-2abb-50d933bdfc54', '99290008-b709-5558-2abb-50d933bdfc54', '野外講座　東京駅探訪', NULL, NULL, NULL, 'course', NULL, 'sssssss-1111', NULL, NULL, NULL, NULL, 0, '780000101', NULL, '99290008-b709-5558-2abb-50d933bdfc54', 'ヤガイコウザ　トウキョウエキタンボウ', '野外講座　東京駅探訪', NULL, '\r\n'),
('8aad2c9f-5d45-939a-1d2c-50dbed30f716', 1, '2012-12-27 15:41:24', '2012-12-29 11:33:23', 'a437cc11-564c-e5c4-3ff0-4c88c6961e3b', 'a437cc11-564c-e5c4-3ff0-4c88c6961e3b', '休み', NULL, NULL, NULL, 'holiday', 0, 'c083c4e8-6f1d-24ea-fd47-5001d0b9910f', NULL, NULL, NULL, NULL, 0, NULL, NULL, '', '', NULL, NULL, NULL),
('961133eb-83fe-204a-e486-50de591703ca', 1, '2012-12-26 16:57:00', '2012-12-29 12:07:38', 'a437cc11-564c-e5c4-3ff0-4c88c6961e3b', 'a437cc11-564c-e5c4-3ff0-4c88c6961e3b', '脳と友愛(受講登録用)', NULL, NULL, NULL, 'course', NULL, 'sssssss-1111', NULL, NULL, NULL, NULL, 0, '058000200', NULL, 'a437cc11-564c-e5c4-3ff0-4c88c6961e3b', 'ノウトユウアイ　コピー', '脳と友愛', 'ノウトユウタイ', NULL),
('2e232b51-90a9-fc82-5348-50de5924d5a1', 0, '2012-12-26 16:57:00', '2012-12-29 11:45:46', 'a437cc11-564c-e5c4-3ff0-4c88c6961e3b', 'a437cc11-564c-e5c4-3ff0-4c88c6961e3b', '脳と友愛(受講登録用)', NULL, NULL, NULL, 'course', 0, 'sssssss-1111', NULL, NULL, NULL, NULL, 0, '058000300', NULL, 'a437cc11-564c-e5c4-3ff0-4c88c6961e3b', 'ノウトユウアイ　コピー', '脳と友愛', 'ノウトユウタイ', NULL),
('49c3abb0-e8b7-f2ea-a525-50de750f44ab', 1, '2012-12-29 13:46:00', '2012-12-29 13:46:19', 'a437cc11-564c-e5c4-3ff0-4c88c6961e3b', 'a437cc11-564c-e5c4-3ff0-4c88c6961e3b', '講座コードテスト', NULL, NULL, NULL, 'course', NULL, 'sssssss-1111', NULL, NULL, NULL, NULL, 0, '001000100', NULL, 'a437cc11-564c-e5c4-3ff0-4c88c6961e3b', '講座コードテスト', NULL, NULL, NULL),
('64729911-f08e-2ffe-a55f-50de75215251', 1, '2012-12-29 13:46:51', '2012-12-29 17:18:22', 'a437cc11-564c-e5c4-3ff0-4c88c6961e3b', 'a437cc11-564c-e5c4-3ff0-4c88c6961e3b', '講座コードテスト1', NULL, NULL, NULL, 'course', NULL, 'sssssss-1111', NULL, NULL, NULL, NULL, 0, '714000100', NULL, 'a437cc11-564c-e5c4-3ff0-4c88c6961e3b', 'コウザコードテスト', NULL, NULL, NULL),
('27f6f0f6-7353-cf63-9196-50de75eccfa4', 1, '2012-12-29 13:47:26', '2012-12-29 13:49:46', 'a437cc11-564c-e5c4-3ff0-4c88c6961e3b', 'a437cc11-564c-e5c4-3ff0-4c88c6961e3b', '講座コードテスト', NULL, NULL, NULL, 'course', NULL, 'sssssss-1111', NULL, NULL, NULL, NULL, 0, '013000100', NULL, 'a437cc11-564c-e5c4-3ff0-4c88c6961e3b', '講座コードテスト', NULL, NULL, NULL),
('49f18fd8-b033-d7de-9db0-50de76fd255a', 1, '2012-12-29 13:50:11', '2013-01-04 11:47:17', 'a437cc11-564c-e5c4-3ff0-4c88c6961e3b', 'a437cc11-564c-e5c4-3ff0-4c88c6961e3b', '講座コードテスト１', NULL, NULL, NULL, 'course', 0, 'sssssss-1111', NULL, NULL, NULL, NULL, 0, '729000100', NULL, 'a437cc11-564c-e5c4-3ff0-4c88c6961e3b', '講座コード', NULL, NULL, NULL),
('cdb92572-83f7-200a-06e0-50dea313dfab', 1, '2012-12-29 13:50:00', '2012-12-29 17:05:09', 'a437cc11-564c-e5c4-3ff0-4c88c6961e3b', 'a437cc11-564c-e5c4-3ff0-4c88c6961e3b', '講座コードテスト１-2', NULL, NULL, NULL, 'course', NULL, 'sssssss-1111', NULL, NULL, NULL, NULL, 0, '729000200', NULL, 'a437cc11-564c-e5c4-3ff0-4c88c6961e3b', '講座コード', NULL, NULL, NULL),
('7629f250-1c06-2694-c606-50e674711104', 0, '2013-01-04 15:18:05', '2013-02-05 19:22:36', '7822a720-e764-5845-a896-5110c8cc2b83', 'a437cc11-564c-e5c4-3ff0-4c88c6961e3b', '東京タワー見学', NULL, NULL, NULL, 'course', 0, 'sssssss-1111', NULL, NULL, NULL, NULL, 0, '003000100', NULL, 'a437cc11-564c-e5c4-3ff0-4c88c6961e3b', 'トウキョウタワーケンガク', NULL, NULL, NULL),
('5355a5e0-c5d2-195d-08bc-50ebb6a23fda', 0, '2013-01-08 15:02:49', '2013-01-08 15:02:49', 'a437cc11-564c-e5c4-3ff0-4c88c6961e3b', 'a437cc11-564c-e5c4-3ff0-4c88c6961e3b', '新規講座0108', NULL, NULL, NULL, 'course', 0, 'sssssss-1111', NULL, NULL, NULL, NULL, 0, '108000300', NULL, 'a437cc11-564c-e5c4-3ff0-4c88c6961e3b', 'シンキコウザ', NULL, NULL, NULL),
('1322b3d6-481a-2de5-9b9d-50ecd45a216a', 0, '2012-12-26 16:57:00', '2013-01-09 13:08:38', 'a437cc11-564c-e5c4-3ff0-4c88c6961e3b', 'a437cc11-564c-e5c4-3ff0-4c88c6961e3b', '脳と友愛(受講登録用2)', NULL, '講座に関するコメント1講座に関するコメント1講座に関するコメント1\r\n講座に関するコメント1講座に関するコメント1講座に関するコメント2\r\n講座に関するコメント1講座に関するコメント1講座に関するコメント3\r\n講座に関するコメント1講座に関するコメント1講座に関するコメント4', NULL, 'course', 0, 'sssssss-1111', NULL, NULL, NULL, NULL, 0, '058000102', NULL, 'a437cc11-564c-e5c4-3ff0-4c88c6961e3b', 'ノウトユウアイ　コピー', '脳と友愛', 'ノウトユウタイ', 'Web・リーフレット用講座詳細Web・リーフレット用講座詳細１\r\nWeb・リーフレット用講座詳細:Web・リーフレット用講座詳細2\r\nWeb・リーフレット用講座詳細:Web・リーフレット用講座詳細３\r\nWeb・リーフレット用講座詳細:Web・リーフレット用講座詳細4'),
('3304cd23-e77a-e5e1-2cb6-50ecee08418b', 0, '2012-12-26 16:57:00', '2013-01-09 13:15:15', 'a437cc11-564c-e5c4-3ff0-4c88c6961e3b', 'a437cc11-564c-e5c4-3ff0-4c88c6961e3b', '脳と友愛(受講登録用3)', NULL, '講座に関するコメント1講座に関するコメント1講座に関するコメント1\r\n講座に関するコメント1講座に関するコメント1講座に関するコメント2\r\n講座に関するコメント1講座に関するコメント1講座に関するコメント3\r\n講座に関するコメント1講座に関するコメント1講座に関するコメント4', NULL, 'course', 0, 'sssssss-1111', NULL, NULL, NULL, NULL, 0, '058000103', NULL, 'a437cc11-564c-e5c4-3ff0-4c88c6961e3b', 'ノウトユウアイ　コピー', '脳と友愛', 'ノウトユウタイ', 'Web・リーフレット用講座詳細Web・リーフレット用講座詳細１\r\nWeb・リーフレット用講座詳細:Web・リーフレット用講座詳細2\r\nWeb・リーフレット用講座詳細:Web・リーフレット用講座詳細３\r\nWeb・リーフレット用講座詳細:Web・リーフレット用講座詳細4'),
('277334cc-bee8-454d-6675-50ecef7fbe45', 0, '2012-12-26 16:57:00', '2013-01-09 13:17:23', 'a437cc11-564c-e5c4-3ff0-4c88c6961e3b', 'a437cc11-564c-e5c4-3ff0-4c88c6961e3b', '脳と友愛(受講登録用4)', NULL, '講座に関するコメント1講座に関するコメント1講座に関するコメント1\r\n講座に関するコメント1講座に関するコメント1講座に関するコメント2\r\n講座に関するコメント1講座に関するコメント1講座に関するコメント3\r\n講座に関するコメント1講座に関するコメント1講座に関するコメント4', NULL, 'course', NULL, 'sssssss-1111', NULL, NULL, NULL, NULL, 0, '058000400', NULL, 'a437cc11-564c-e5c4-3ff0-4c88c6961e3b', 'ノウトユウアイ　コピー', '脳と友愛', 'ノウトユウタイ', 'Web・リーフレット用講座詳細Web・リーフレット用講座詳細１\r\nWeb・リーフレット用講座詳細:Web・リーフレット用講座詳細2\r\nWeb・リーフレット用講座詳細:Web・リーフレット用講座詳細３\r\nWeb・リーフレット用講座詳細:Web・リーフレット用講座詳細4'),
('8c3b5cde-ff17-6d33-124f-50ecf5589305', 0, '2013-01-09 13:45:03', '2013-01-09 17:03:40', 'a437cc11-564c-e5c4-3ff0-4c88c6961e3b', 'a437cc11-564c-e5c4-3ff0-4c88c6961e3b', '001_受講登録テスト用講座', NULL, NULL, NULL, 'course', 0, 'sssssss-1111', NULL, NULL, NULL, NULL, 0, '403000100', NULL, 'a437cc11-564c-e5c4-3ff0-4c88c6961e3b', 'テストコウザ', NULL, NULL, NULL),
('ee091956-98e2-8696-c075-50ed04672aa9', 0, '2013-01-09 14:49:14', '2013-01-09 14:49:14', 'a437cc11-564c-e5c4-3ff0-4c88c6961e3b', 'a437cc11-564c-e5c4-3ff0-4c88c6961e3b', '002_受講登録テスト用', NULL, NULL, NULL, 'course', 0, 'sssssss-1111', NULL, NULL, NULL, NULL, 0, '409000100', NULL, 'a437cc11-564c-e5c4-3ff0-4c88c6961e3b', 'テスト', NULL, NULL, NULL),
('c8ae5f33-2e0a-a0c3-9506-50ed351700ec', 0, '2013-01-09 18:17:37', '2013-01-25 07:24:44', 'a437cc11-564c-e5c4-3ff0-4c88c6961e3b', 'a437cc11-564c-e5c4-3ff0-4c88c6961e3b', '定員チェック用講座', NULL, NULL, NULL, 'course', 0, 'sssssss-1111', NULL, NULL, NULL, NULL, 0, '017000100', NULL, 'a437cc11-564c-e5c4-3ff0-4c88c6961e3b', 'テスト', NULL, NULL, NULL),
('1cf87e78-034e-a4bf-cf2a-50ed363ed96d', 0, '2013-01-09 18:17:00', '2013-01-09 18:28:29', 'a437cc11-564c-e5c4-3ff0-4c88c6961e3b', 'a437cc11-564c-e5c4-3ff0-4c88c6961e3b', '講座2(要入会講座)', NULL, NULL, NULL, 'course', 0, 'sssssss-1111', NULL, NULL, NULL, NULL, 0, '001000200', NULL, 'a437cc11-564c-e5c4-3ff0-4c88c6961e3b', '１', NULL, NULL, NULL),
('ab44f134-7848-c20f-0dd3-50ed3916d9b7', 0, '2013-01-09 18:17:00', '2013-01-09 19:29:43', 'a437cc11-564c-e5c4-3ff0-4c88c6961e3b', 'a437cc11-564c-e5c4-3ff0-4c88c6961e3b', '講座3(途中受講-可能)', NULL, NULL, NULL, 'course', 0, 'sssssss-1111', NULL, NULL, NULL, NULL, 0, '001000300', NULL, 'a437cc11-564c-e5c4-3ff0-4c88c6961e3b', '１', NULL, NULL, NULL),
('6ed1bbdd-0855-5e17-fc23-50ed43431544', 0, '2013-01-09 18:17:00', '2013-01-09 19:29:49', 'a437cc11-564c-e5c4-3ff0-4c88c6961e3b', 'a437cc11-564c-e5c4-3ff0-4c88c6961e3b', '講座4(途中受講-不可)', NULL, NULL, NULL, 'course', 0, 'sssssss-1111', NULL, NULL, NULL, NULL, 0, '001000400', NULL, 'a437cc11-564c-e5c4-3ff0-4c88c6961e3b', '１', NULL, NULL, NULL),
('93bfd4a7-215a-4d2e-47cc-50ed44dcac6b', 0, '2013-01-09 18:17:00', '2013-01-09 19:29:54', 'a437cc11-564c-e5c4-3ff0-4c88c6961e3b', 'a437cc11-564c-e5c4-3ff0-4c88c6961e3b', '講座5(途中受講-初回からで可)', NULL, NULL, NULL, 'course', 1, 'sssssss-1111', NULL, NULL, NULL, NULL, 0, '001000500', NULL, 'a437cc11-564c-e5c4-3ff0-4c88c6961e3b', '１', NULL, NULL, NULL),
('94725a41-9151-2395-0b5e-50ed455f148b', 0, '2013-01-09 18:17:00', '2013-01-09 19:29:59', 'a437cc11-564c-e5c4-3ff0-4c88c6961e3b', 'a437cc11-564c-e5c4-3ff0-4c88c6961e3b', '講座6(途中受講-継続のみ可)', NULL, NULL, NULL, 'course', 0, 'sssssss-1111', NULL, NULL, NULL, NULL, 0, '001000600', NULL, 'a437cc11-564c-e5c4-3ff0-4c88c6961e3b', '１', NULL, NULL, NULL),
('c6f353e1-3b8c-cab6-775a-50ed451e010d', 0, '2013-01-09 18:17:00', '2013-01-15 15:08:32', 'c4e4444a-259d-eb06-92ef-50d9348e6214', 'a437cc11-564c-e5c4-3ff0-4c88c6961e3b', '講座7(満席とキャンセル待ち登録)', NULL, NULL, NULL, 'course', 0, 'sssssss-1111', NULL, NULL, NULL, NULL, 0, '001000700', NULL, 'a437cc11-564c-e5c4-3ff0-4c88c6961e3b', '１', NULL, NULL, NULL),
('6c53705b-9204-4d69-7a3b-50ed5853edb9', 0, '2013-01-09 18:17:00', '2013-01-09 20:48:38', 'a437cc11-564c-e5c4-3ff0-4c88c6961e3b', 'a437cc11-564c-e5c4-3ff0-4c88c6961e3b', '講座8(複数人登録確認用1)', NULL, NULL, NULL, 'course', 0, 'sssssss-1111', NULL, NULL, NULL, NULL, 0, '001000800', NULL, 'a437cc11-564c-e5c4-3ff0-4c88c6961e3b', '１', NULL, NULL, NULL),
('d92aef2a-807c-bacd-b2a3-50ed597fe6b5', 0, '2013-01-09 18:17:00', '2013-01-09 20:48:56', 'a437cc11-564c-e5c4-3ff0-4c88c6961e3b', 'a437cc11-564c-e5c4-3ff0-4c88c6961e3b', '講座9(複数人登録確認用2)', NULL, NULL, NULL, 'course', 0, 'sssssss-1111', NULL, NULL, NULL, NULL, 0, '001000900', NULL, 'a437cc11-564c-e5c4-3ff0-4c88c6961e3b', '１', NULL, NULL, NULL),
('9552767d-0fc5-9e1f-a3fa-50ef5c14e197', 0, '2013-01-11 09:29:25', '2013-01-11 10:39:08', 'a437cc11-564c-e5c4-3ff0-4c88c6961e3b', 'a437cc11-564c-e5c4-3ff0-4c88c6961e3b', 'スケジュールテスト用講座', NULL, NULL, NULL, 'course', 0, 'sssssss-1111', NULL, NULL, NULL, NULL, 0, '306000200', NULL, 'a437cc11-564c-e5c4-3ff0-4c88c6961e3b', 'テスト', NULL, NULL, NULL),
('62775e76-d58f-46c0-a3e7-50fb69035a25', 1, '2012-12-26 16:57:00', '2013-01-20 12:50:25', 'a437cc11-564c-e5c4-3ff0-4c88c6961e3b', 'a437cc11-564c-e5c4-3ff0-4c88c6961e3b', '脳と友愛(受講登録用)', NULL, '講座に関するコメント1講座に関するコメント1講座に関するコメント1\r\n講座に関するコメント1講座に関するコメント1講座に関するコメント2\r\n講座に関するコメント1講座に関するコメント1講座に関するコメント3\r\n講座に関するコメント1講座に関するコメント1講座に関するコメント4', NULL, 'course', NULL, 'sssssss-1111', NULL, NULL, NULL, NULL, 0, '058000104', NULL, 'a437cc11-564c-e5c4-3ff0-4c88c6961e3b', 'ノウトユウアイ　コピー', '脳と友愛', 'ノウトユウタイ', 'Web・リーフレット用講座詳細Web・リーフレット用講座詳細１\r\nWeb・リーフレット用講座詳細:Web・リーフレット用講座詳細2\r\nWeb・リーフレット用講座詳細:Web・リーフレット用講座詳細３\r\nWeb・リーフレット用講座詳細:Web・リーフレット用講座詳細4');
INSERT INTO `smsevent` (`id`, `deleted`, `date_entered`, `date_modified`, `modified_user_id`, `created_by`, `name`, `shortname`, `description`, `parent_id`, `category`, `status`, `school_id`, `vacation_type`, `vacation_count`, `subtype`, `event_credit`, `schedule_reminder`, `common_code`, `task_schedule`, `assigned_user_id`, `name_furigana`, `name_web`, `name_sub_web`, `description_web`) VALUES
('14c53103-2c3a-e62c-ff04-50fe42c54d87', 0, '2013-01-22 16:38:52', '2013-02-06 16:25:04', '5e070921-e5f8-3617-3c3f-50d9308df71f', 'ba01204c-5a6f-dec2-0302-50ee24a94e7a', '日本文学Ⅰ', NULL, NULL, NULL, 'course', 1, 'sssssss-1111', NULL, NULL, NULL, NULL, 0, '009000100', NULL, 'ba01204c-5a6f-dec2-0302-50ee24a94e7a', 'ニホンブンガク', NULL, NULL, NULL),
('a9e6bdf1-77a6-94b1-af97-50fe4d3e6de0', 1, '2013-01-22 17:26:41', '2013-01-22 17:29:20', 'ba01204c-5a6f-dec2-0302-50ee24a94e7a', 'ba01204c-5a6f-dec2-0302-50ee24a94e7a', '休み', NULL, NULL, 'a9e6bdf1-77a6-94b1-af97-50fe4d3e6de0', 'holiday', 0, 'sssssss-1111', NULL, NULL, NULL, NULL, 0, NULL, NULL, '', '', NULL, NULL, NULL),
('c2d80400-43ff-9a22-1b70-51008dd65d03', 0, '2013-01-24 10:26:34', '2013-01-24 10:31:42', 'a437cc11-564c-e5c4-3ff0-4c88c6961e3b', 'a437cc11-564c-e5c4-3ff0-4c88c6961e3b', '継続継続チェック用②', NULL, NULL, NULL, 'course', 0, 'sssssss-1111', NULL, NULL, NULL, NULL, 0, '307000100', NULL, 'a437cc11-564c-e5c4-3ff0-4c88c6961e3b', 'ケイゾクチェックヨウ', NULL, NULL, NULL),
('5dac04d8-f2ad-4e4b-249e-510090554a9c', 0, '2013-01-24 10:26:00', '2013-01-24 10:42:51', 'a437cc11-564c-e5c4-3ff0-4c88c6961e3b', 'a437cc11-564c-e5c4-3ff0-4c88c6961e3b', '継続継続チェック用①', NULL, NULL, NULL, 'course', 0, 'sssssss-1111', NULL, NULL, NULL, NULL, 0, '307000200', NULL, 'a437cc11-564c-e5c4-3ff0-4c88c6961e3b', 'ケイゾクチェックヨウ', NULL, NULL, NULL),
('a51316c4-4bc8-e005-a611-510094520d8e', 1, '2013-01-24 10:26:00', '2013-01-24 10:54:32', 'a437cc11-564c-e5c4-3ff0-4c88c6961e3b', 'a437cc11-564c-e5c4-3ff0-4c88c6961e3b', '継続継続チェック用③', NULL, NULL, NULL, 'course', NULL, 'sssssss-1111', NULL, NULL, NULL, NULL, 0, '307000300', NULL, 'a437cc11-564c-e5c4-3ff0-4c88c6961e3b', 'ケイゾクチェックヨウ', NULL, NULL, NULL),
('aed75c02-feac-a570-2fee-51009817d0ff', 0, '2013-01-24 11:11:43', '2013-01-24 11:11:43', 'a437cc11-564c-e5c4-3ff0-4c88c6961e3b', 'a437cc11-564c-e5c4-3ff0-4c88c6961e3b', '継続講座チェックⅠ', NULL, NULL, NULL, 'course', NULL, 'sssssss-1111', NULL, NULL, NULL, NULL, 0, '709000100', NULL, 'a437cc11-564c-e5c4-3ff0-4c88c6961e3b', 'ケイゾクコウザチェック', NULL, NULL, NULL),
('112f3d10-0a4f-3341-a42c-510098480573', 1, '2013-01-24 11:13:31', '2013-01-24 11:13:52', 'a437cc11-564c-e5c4-3ff0-4c88c6961e3b', 'a437cc11-564c-e5c4-3ff0-4c88c6961e3b', '継続講座チェックⅡ', NULL, NULL, NULL, 'course', NULL, 'sssssss-1111', NULL, NULL, NULL, NULL, 0, '809000100', NULL, 'a437cc11-564c-e5c4-3ff0-4c88c6961e3b', 'ケイゾクコウザチェック', NULL, NULL, NULL),
('eb18faad-86f1-f41d-fbbc-5100998fdde7', 1, '2013-01-24 11:14:35', '2013-01-24 11:14:51', 'a437cc11-564c-e5c4-3ff0-4c88c6961e3b', 'a437cc11-564c-e5c4-3ff0-4c88c6961e3b', '継続講座チェックⅡ', NULL, NULL, NULL, 'course', NULL, 'sssssss-1111', NULL, NULL, NULL, NULL, 0, '809000100', NULL, 'a437cc11-564c-e5c4-3ff0-4c88c6961e3b', 'ケイゾクコウザチェック', NULL, NULL, NULL),
('68228395-3faf-3df7-891c-51009afce1b2', 0, '2013-01-24 11:22:02', '2013-01-24 11:22:02', 'a437cc11-564c-e5c4-3ff0-4c88c6961e3b', 'a437cc11-564c-e5c4-3ff0-4c88c6961e3b', '継続講座チェックⅡ', NULL, NULL, NULL, 'course', NULL, 'sssssss-1111', NULL, NULL, NULL, NULL, 0, '709000200', NULL, 'a437cc11-564c-e5c4-3ff0-4c88c6961e3b', 'ケイゾクコウザチェック', NULL, NULL, NULL),
('3f3df91c-d517-3b9e-e7dd-51009c4a6da2', 0, '2013-01-24 11:27:14', '2013-01-24 11:27:14', 'a437cc11-564c-e5c4-3ff0-4c88c6961e3b', 'a437cc11-564c-e5c4-3ff0-4c88c6961e3b', '講座コードチェック①', NULL, NULL, NULL, 'course', 0, 'sssssss-1111', NULL, NULL, NULL, NULL, 0, '513000100', NULL, 'a437cc11-564c-e5c4-3ff0-4c88c6961e3b', 'コウザコードチェック', NULL, NULL, NULL),
('a459fdf6-fd4b-dfa4-9d30-51009c53259b', 0, '2013-01-24 11:27:52', '2013-01-24 21:16:08', 'a437cc11-564c-e5c4-3ff0-4c88c6961e3b', 'a437cc11-564c-e5c4-3ff0-4c88c6961e3b', '講座コードチェック②', NULL, NULL, NULL, 'course', NULL, 'sssssss-1111', NULL, NULL, NULL, NULL, 0, '513000100', NULL, 'a437cc11-564c-e5c4-3ff0-4c88c6961e3b', 'コウザコードチェック', NULL, NULL, NULL),
('ce29fc8d-512d-2188-dc0f-5100d36c8aab', 0, '2013-01-24 15:23:19', '2013-01-24 15:23:49', 'a437cc11-564c-e5c4-3ff0-4c88c6961e3b', 'a437cc11-564c-e5c4-3ff0-4c88c6961e3b', 'サンプル講座②', NULL, NULL, NULL, 'course', NULL, 'sssssss-1111', NULL, NULL, NULL, NULL, 0, '810000100', NULL, 'a437cc11-564c-e5c4-3ff0-4c88c6961e3b', 'サンプル', NULL, NULL, NULL),
('de923f1e-978b-a48f-61dc-5101b4840e5c', 0, '2013-01-25 07:23:11', '2013-01-25 13:34:42', 'a437cc11-564c-e5c4-3ff0-4c88c6961e3b', 'a437cc11-564c-e5c4-3ff0-4c88c6961e3b', '講座１(標準操作用)', NULL, NULL, NULL, 'course', 1, 'sssssss-1111', NULL, NULL, NULL, NULL, 0, '001000100', NULL, 'a437cc11-564c-e5c4-3ff0-4c88c6961e3b', '１', NULL, NULL, NULL),
('e4a09b04-c9e6-fe4a-cf64-51021e9c65aa', 0, '2013-01-25 14:55:56', '2013-01-25 14:56:22', 'a437cc11-564c-e5c4-3ff0-4c88c6961e3b', 'a437cc11-564c-e5c4-3ff0-4c88c6961e3b', 'テスト講座', NULL, NULL, NULL, 'course', NULL, 'sssssss-1111', NULL, NULL, NULL, NULL, 0, '408000100', NULL, 'a437cc11-564c-e5c4-3ff0-4c88c6961e3b', 'テスト', NULL, NULL, NULL),
('52234b16-70e3-1f8d-fe93-51048ee0537e', 0, '2013-01-27 11:19:29', '2013-01-27 11:19:29', 'a437cc11-564c-e5c4-3ff0-4c88c6961e3b', 'a437cc11-564c-e5c4-3ff0-4c88c6961e3b', 'スケジュールテスト', NULL, NULL, NULL, 'course', 0, 'sssssss-1111', NULL, NULL, NULL, NULL, 0, '320000100', NULL, 'a437cc11-564c-e5c4-3ff0-4c88c6961e3b', 'スケジュールテスト', NULL, NULL, NULL),
('245c8cbc-e88d-a452-63f5-51077d118d00', 0, '2013-01-29 16:44:02', '2013-01-29 16:44:02', 'a437cc11-564c-e5c4-3ff0-4c88c6961e3b', 'a437cc11-564c-e5c4-3ff0-4c88c6961e3b', '公開講座テスト', NULL, NULL, NULL, 'course', 0, 'sssssss-1111', NULL, NULL, NULL, NULL, 0, '006000300', NULL, 'a437cc11-564c-e5c4-3ff0-4c88c6961e3b', 'コウカイ', NULL, NULL, NULL),
('2f5b3167-b182-3382-1de7-51079a315d79', 0, '2013-01-29 18:47:09', '2013-02-14 20:46:53', '1', 'a437cc11-564c-e5c4-3ff0-4c88c6961e3b', 'テスト講座（コピー前）', NULL, NULL, NULL, 'course', 0, 'sssssss-1111', NULL, NULL, NULL, NULL, 0, '004000100', NULL, 'a437cc11-564c-e5c4-3ff0-4c88c6961e3b', 'テスト', NULL, NULL, NULL),
('9c0d07de-22c1-4abf-b5fc-510dc596a7a3', 0, '2013-02-03 11:02:12', '2013-02-03 12:45:30', 'a0a77081-c87a-bfa3-294a-51088cc28418', 'a0a77081-c87a-bfa3-294a-51088cc28418', 'テスト講座0203-2', NULL, NULL, NULL, 'course', 0, 'sssssss-1111', NULL, NULL, NULL, NULL, 0, '411000100', NULL, 'a0a77081-c87a-bfa3-294a-51088cc28418', 'テスト講座', NULL, NULL, NULL),
('be93f1f4-4a58-13e7-f2e0-510ddd764e79', 0, '2013-02-03 12:46:53', '2013-02-03 12:46:53', 'a0a77081-c87a-bfa3-294a-51088cc28418', 'a0a77081-c87a-bfa3-294a-51088cc28418', '海外文学', NULL, NULL, NULL, 'course', 1, 'sssssss-1111', NULL, NULL, NULL, NULL, 0, '314000100', NULL, 'a0a77081-c87a-bfa3-294a-51088cc28418', 'カイガイブンガク', NULL, NULL, NULL),
('f08cf444-b7de-24ae-3f3b-510de68207a1', 0, '2013-02-03 13:24:16', '2013-02-03 13:24:16', 'a0a77081-c87a-bfa3-294a-51088cc28418', 'a0a77081-c87a-bfa3-294a-51088cc28418', 'イベント１', NULL, NULL, NULL, 'event', 0, 'sssssss-1111', NULL, NULL, NULL, NULL, 0, NULL, NULL, '', '', NULL, NULL, NULL),
('7242624d-80a4-930f-77c5-510de68b5d16', 0, '2013-02-03 13:25:15', '2013-02-05 19:22:42', 'a0a77081-c87a-bfa3-294a-51088cc28418', 'a0a77081-c87a-bfa3-294a-51088cc28418', '世界の絵画', NULL, NULL, NULL, 'course', 0, 'sssssss-1111', NULL, NULL, NULL, NULL, 0, '507000100', NULL, 'a0a77081-c87a-bfa3-294a-51088cc28418', 'セカイノカイガ', NULL, NULL, NULL),
('3f82b764-1c18-8c45-39b6-5110e0587c30', 0, '2013-01-04 15:18:00', '2013-02-05 19:39:50', '7822a720-e764-5845-a896-5110c8cc2b83', '7822a720-e764-5845-a896-5110c8cc2b83', '東京タワー見学', NULL, NULL, NULL, 'course', 0, 'sssssss-1111', NULL, NULL, NULL, NULL, 0, '003000100', NULL, 'a437cc11-564c-e5c4-3ff0-4c88c6961e3b', 'トウキョウタワーケンガク', NULL, NULL, NULL),
('bdd87869-3bfe-8349-84d8-5110ebf48d71', 0, '2013-02-05 20:22:13', '2013-02-05 20:22:13', 'a0a77081-c87a-bfa3-294a-51088cc28418', 'a0a77081-c87a-bfa3-294a-51088cc28418', '日本の歴史Ⅰ', NULL, NULL, NULL, 'course', 0, 'sssssss-1111', NULL, NULL, NULL, NULL, 0, '109000100', NULL, 'a0a77081-c87a-bfa3-294a-51088cc28418', 'ニホンノレキシ', NULL, NULL, NULL),
('aa2a951b-464d-9369-c6d0-5111e828adac', 0, '2013-02-06 14:21:34', '2013-02-06 16:24:50', 'e2eea000-1dc6-c03c-4c77-50d9339c0fa6', 'e2eea000-1dc6-c03c-4c77-50d9339c0fa6', '新潮講座　　文章上達', NULL, NULL, NULL, 'course', 0, 'sssssss-1111', NULL, NULL, NULL, NULL, 0, '785000100', NULL, 'e2eea000-1dc6-c03c-4c77-50d9339c0fa6', 'シンチョウコウザ　ブンショウジョウタツ', NULL, NULL, NULL),
('d8d51661-2c63-aa1d-bb44-5110f76d4090', 0, '2013-02-05 21:15:08', '2013-02-05 21:15:08', 'a0a77081-c87a-bfa3-294a-51088cc28418', 'a0a77081-c87a-bfa3-294a-51088cc28418', '日本の歴史Ⅱ', NULL, NULL, NULL, 'course', 1, 'sssssss-1111', NULL, NULL, NULL, NULL, 0, '808000100', NULL, 'a0a77081-c87a-bfa3-294a-51088cc28418', 'ニホンノレキシ', NULL, NULL, NULL),
('399b3e02-13c1-ba36-5c29-5111b485aade', 0, '2013-02-06 10:38:36', '2013-03-07 18:56:02', '7822a720-e764-5845-a896-5110c8cc2b83', '7822a720-e764-5845-a896-5110c8cc2b83', '歌舞伎観劇　201304', NULL, NULL, NULL, 'course', 0, 'sssssss-1111', NULL, NULL, NULL, NULL, 0, '515000100', NULL, '7822a720-e764-5845-a896-5110c8cc2b83', 'カブキカンゲキ', '歌舞伎を楽しむ', '歌舞伎を楽しむ', NULL),
('99a9bff6-ad08-91d5-fb33-5111b41c1348', 0, '2013-02-06 10:38:00', '2013-02-06 13:06:12', '7822a720-e764-5845-a896-5110c8cc2b83', '7822a720-e764-5845-a896-5110c8cc2b83', '歌舞伎観劇　201301', NULL, NULL, NULL, 'course', 0, 'sssssss-1111', NULL, NULL, NULL, NULL, 0, '515000100', NULL, '7822a720-e764-5845-a896-5110c8cc2b83', 'カブキカンゲキ', '歌舞伎を楽しむ', NULL, NULL),
('79106eb2-22e4-0ccf-fbcc-5111b79bafab', 1, '2013-02-06 10:38:00', '2013-02-06 10:52:27', '7822a720-e764-5845-a896-5110c8cc2b83', '7822a720-e764-5845-a896-5110c8cc2b83', '歌舞伎観劇', NULL, NULL, NULL, 'course', NULL, 'sssssss-1111', NULL, NULL, NULL, NULL, 0, '515000200', NULL, '7822a720-e764-5845-a896-5110c8cc2b83', 'カブキカンゲキ', '歌舞伎を楽しむ', NULL, NULL),
('8715ccc0-824e-e904-a95c-5111b8e40c6e', 0, '2013-02-06 10:56:11', '2013-02-06 10:56:11', 'a0a77081-c87a-bfa3-294a-51088cc28418', 'a0a77081-c87a-bfa3-294a-51088cc28418', '日本の歴史Ⅲ', NULL, NULL, NULL, 'course', 0, 'sssssss-1111', NULL, NULL, NULL, NULL, 0, '412000100', NULL, 'a0a77081-c87a-bfa3-294a-51088cc28418', 'レキシサン', NULL, NULL, NULL),
('4824b3e0-3a20-34ca-d093-5111c54f819e', 0, '2013-02-06 11:51:16', '2013-02-06 11:56:12', 'a0a77081-c87a-bfa3-294a-51088cc28418', 'a0a77081-c87a-bfa3-294a-51088cc28418', '初・再チェック①', NULL, NULL, NULL, 'course', 0, 'sssssss-1111', NULL, NULL, NULL, NULL, 0, '105000500', NULL, 'a0a77081-c87a-bfa3-294a-51088cc28418', 'ハツサイチェック', NULL, NULL, NULL),
('87c304cf-00af-5577-1dc0-5111c57b89e4', 0, '2013-02-06 11:52:41', '2013-02-06 11:56:39', 'a0a77081-c87a-bfa3-294a-51088cc28418', 'a0a77081-c87a-bfa3-294a-51088cc28418', '初・再チェック②', NULL, NULL, NULL, 'course', 0, 'sssssss-1111', NULL, NULL, NULL, NULL, 0, '105000500', NULL, 'a0a77081-c87a-bfa3-294a-51088cc28418', 'ハツサイチェック', NULL, NULL, NULL),
('39155f8b-7a86-0932-3162-5111d267d614', 0, '2013-02-06 12:49:00', '2013-02-06 12:52:22', 'a0a77081-c87a-bfa3-294a-51088cc28418', 'a0a77081-c87a-bfa3-294a-51088cc28418', '初・再チェックⅠ', NULL, NULL, NULL, 'course', 0, 'sssssss-1111', NULL, NULL, NULL, NULL, 0, '710000100', NULL, 'a0a77081-c87a-bfa3-294a-51088cc28418', 'ハツサイチェック', NULL, NULL, NULL),
('6f4559e4-b7fc-464f-8b55-5111d21e7554', 0, '2013-02-06 12:50:00', '2013-02-06 12:53:35', 'a0a77081-c87a-bfa3-294a-51088cc28418', 'a0a77081-c87a-bfa3-294a-51088cc28418', '初・再チェックⅡ', NULL, NULL, NULL, 'course', 0, 'sssssss-1111', NULL, NULL, NULL, NULL, 0, '710000100', NULL, 'a0a77081-c87a-bfa3-294a-51088cc28418', 'ハツサイ', NULL, NULL, NULL),
('658a50dd-6df5-652c-e788-5111d4a097e6', 0, '2013-02-06 12:55:14', '2013-02-06 12:55:14', 'a0a77081-c87a-bfa3-294a-51088cc28418', 'a0a77081-c87a-bfa3-294a-51088cc28418', '新規講座0206', NULL, NULL, NULL, 'course', 0, 'sssssss-1111', NULL, NULL, NULL, NULL, 0, '808000200', NULL, 'a0a77081-c87a-bfa3-294a-51088cc28418', 'シンキコウザ', NULL, NULL, NULL),
('e9c40c4f-25a5-8604-ec10-5111d5f06d5c', 0, '2013-02-06 12:59:10', '2013-02-06 12:59:10', 'a0a77081-c87a-bfa3-294a-51088cc28418', 'a0a77081-c87a-bfa3-294a-51088cc28418', '新規講座0206-2', NULL, NULL, NULL, 'course', 0, 'sssssss-1111', NULL, NULL, NULL, NULL, 0, '709000300', NULL, 'a0a77081-c87a-bfa3-294a-51088cc28418', 'シンキコウザ', NULL, NULL, NULL),
('a3349e65-6998-d2d2-7914-5111e9ae9b9d', 0, '2013-02-06 14:25:56', '2013-02-06 14:35:44', '5e070921-e5f8-3617-3c3f-50d9308df71f', '5e070921-e5f8-3617-3c3f-50d9308df71f', 'コーラスって楽しい　公開レッスン', NULL, NULL, NULL, 'course', 0, 'sssssss-1111', NULL, NULL, NULL, NULL, 0, '152000100', NULL, '5e070921-e5f8-3617-3c3f-50d9308df71f', 'コーラスッテタノシイ　コウカイレッスン', 'コーラスって楽しい　公開レッスン', NULL, NULL),
('67b5710e-d502-942a-d507-5111e9f28aca', 0, '2013-02-06 14:27:01', '2013-02-06 15:11:57', '7f773a56-0a02-88a3-bf88-50d93300b49c', '7f773a56-0a02-88a3-bf88-50d93300b49c', '秋川リサのビーズワーク', NULL, NULL, NULL, 'course', 0, 'sssssss-1111', NULL, NULL, NULL, NULL, 0, '538000100', NULL, '7f773a56-0a02-88a3-bf88-50d93300b49c', 'アキカワリサノビーズワーク', '秋川リサのビーズワーク　初級', NULL, NULL),
('36d0c934-cd7f-226a-295f-5111ee70d9e3', 0, '2013-02-06 14:48:22', '2013-02-06 14:48:22', '3e24d200-6381-e2e7-31e6-50d93380f383', '3e24d200-6381-e2e7-31e6-50d93380f383', '源氏物語を読む', NULL, NULL, NULL, 'course', 0, 'sssssss-1111', NULL, NULL, NULL, NULL, 0, '110000200', NULL, '3e24d200-6381-e2e7-31e6-50d93380f383', 'ゲンジモノガタリヲヨム', NULL, NULL, '源氏物語』の本文を精読します。『源氏物語』は、そのすぐれた達成ゆえに、現代語訳、ドラマ、映画をはじめとするさまざまな形で普及していますが、文学作品としての魅力を真の意味で受け止めるには、本文の味読が不可欠です。『源氏物語』それ自体の読解とともに、平安時代の歴史や文化にも適宜触れていきます。それまでの物語をはるかに超えたスケールの大きさと、きめこまやかなことばの使い分けによる表現の深さとを、二つながら味わいたいと思います。講義の進め方は、本文を読み上げ、一通り現代語訳を施したうえで、注意すべき表現を解説する、という形をとり、問題によっては、学界の最先端の研究なども織り交ぜてゆきます。\r\n10月は最終巻「手習」の途中から。\r\n＜テキスト＞下記のいずれでも結構です。\r\n『新日本古典文学大系ー源氏物語（五）』岩波書店\r\n『新編日本古典文学全集ー源氏物語（六）』小学館\r\n『古典セレクション　源氏物語16』小学館\r\n『日本古典集成ー源氏物語（八）』新潮社\r\nは各自ご用意ください。当センターでは販売しておりませんのでご了承ください。\r\n'),
('dc5dcd69-9169-65c8-147b-5111f3fefd3a', 0, '2013-02-06 15:07:29', '2013-02-06 15:15:03', '967ab850-aafc-c160-943a-50d9300977e7', '967ab850-aafc-c160-943a-50d9300977e7', '石見銀山概論　日本の近代化への影響力', NULL, NULL, NULL, 'course', 0, 'sssssss-1111', NULL, NULL, NULL, NULL, 0, '786000100', NULL, '967ab850-aafc-c160-943a-50d9300977e7', '石見銀山概論　日本の近代化への影響力', '石見銀山概論　日本の近代化への影響力', NULL, NULL),
('815f8304-ae19-224a-e399-5111f34d81ed', 0, '2013-02-06 15:08:59', '2013-02-06 16:23:00', '3e24d200-6381-e2e7-31e6-50d93380f383', '3e24d200-6381-e2e7-31e6-50d93380f383', 'かな書道', NULL, NULL, NULL, 'course', 1, 'sssssss-1111', NULL, NULL, NULL, NULL, 0, '532000100', NULL, '3e24d200-6381-e2e7-31e6-50d93380f383', 'カナショドウ', 'かな書道', '‐初歩から', NULL),
('af8e524c-348a-c2e1-62d7-5111f68ba015', 0, '2013-02-06 15:08:00', '2013-02-06 16:24:15', '3e24d200-6381-e2e7-31e6-50d93380f383', '3e24d200-6381-e2e7-31e6-50d93380f383', 'かな書道　経験者クラス', NULL, NULL, NULL, 'course', 0, 'sssssss-1111', NULL, NULL, NULL, NULL, 0, '532000101', NULL, '3e24d200-6381-e2e7-31e6-50d93380f383', 'カナショドウ', 'かな書道', '‐経験者', NULL),
('92cded93-e384-42b5-6764-5111f6705d5b', 1, '2013-02-06 14:25:00', '2013-02-06 17:05:32', '5e070921-e5f8-3617-3c3f-50d9308df71f', '5e070921-e5f8-3617-3c3f-50d9308df71f', 'コーラスって楽しい　公開レッスン　　２', NULL, NULL, NULL, 'course', NULL, 'sssssss-1111', NULL, NULL, NULL, NULL, 0, '152000101', NULL, '5e070921-e5f8-3617-3c3f-50d9308df71f', 'コーラスッテタノシイ　コウカイレッスン', 'コーラスって楽しい　公開レッスン', NULL, NULL),
('ac5f8c26-3ae7-2261-e06f-5111f7a8b0a2', 0, '2013-02-06 14:21:00', '2013-02-06 15:27:06', 'e2eea000-1dc6-c03c-4c77-50d9339c0fa6', 'e2eea000-1dc6-c03c-4c77-50d9339c0fa6', '新潮講座　　文章上達　経験', NULL, NULL, NULL, 'course', 0, 'sssssss-1111', NULL, NULL, NULL, NULL, 0, '785000101', NULL, 'e2eea000-1dc6-c03c-4c77-50d9339c0fa6', 'シンチョウコウザ　ブンショウジョウタツ', NULL, NULL, NULL),
('ef49855d-35a7-4922-b4e4-5111f7e3bd38', 0, '2013-02-06 14:27:00', '2013-02-06 15:26:09', '7f773a56-0a02-88a3-bf88-50d93300b49c', '7f773a56-0a02-88a3-bf88-50d93300b49c', '秋川リサのビーズワーク　アレンジ', NULL, NULL, NULL, 'course', NULL, 'sssssss-1111', NULL, NULL, NULL, NULL, 0, '538000101', NULL, '7f773a56-0a02-88a3-bf88-50d93300b49c', 'アキカワリサノビーズワーク', '秋川リサのビーズワーク　初級', NULL, NULL),
('7e19f8ad-382d-301c-5875-51120783902b', 0, '2012-12-26 16:57:00', '2013-02-06 16:32:22', '3e24d200-6381-e2e7-31e6-50d93380f383', '3e24d200-6381-e2e7-31e6-50d93380f383', 'アベノミクスの功罪', NULL, NULL, NULL, 'course', 0, 'sssssss-1111', NULL, NULL, NULL, NULL, 0, '101000400', NULL, '3e24d200-6381-e2e7-31e6-50d93380f383', 'アベノミクスノコウザイ', 'アベノミクスの功罪', NULL, 'あああああ\r\nいいいいいい\r\nうううううう\r\nええええ\r\nおおおおお\r\n\r\n'),
('5131759f-9fe2-00a2-62bf-511207bdb652', 0, '2013-02-06 14:21:00', '2013-02-06 16:32:51', 'e2eea000-1dc6-c03c-4c77-50d9339c0fa6', 'e2eea000-1dc6-c03c-4c77-50d9339c0fa6', '新潮講座　　文章上達　経験', NULL, NULL, NULL, 'course', NULL, 'sssssss-1111', NULL, NULL, NULL, NULL, 0, '785000200', NULL, 'e2eea000-1dc6-c03c-4c77-50d9339c0fa6', 'シンチョウコウザ　ブンショウジョウタツ', NULL, NULL, NULL),
('24347674-ad3e-fcd0-325d-51120b8f2c57', 1, '2013-02-06 16:52:16', '2013-02-06 17:18:12', '7f773a56-0a02-88a3-bf88-50d93300b49c', '7f773a56-0a02-88a3-bf88-50d93300b49c', '人物デッサンクロッキー', NULL, NULL, NULL, 'course', 0, 'sssssss-1111', NULL, NULL, NULL, NULL, 0, '541000100', NULL, '7f773a56-0a02-88a3-bf88-50d93300b49c', 'ジンブツデッサンクロッキー', NULL, NULL, NULL),
('90afc125-7e56-8ad8-e8d8-51123813d8e8', 0, '2013-02-06 20:02:36', '2013-02-06 20:02:36', 'a0a77081-c87a-bfa3-294a-51088cc28418', 'a0a77081-c87a-bfa3-294a-51088cc28418', 'テスト講座0206', NULL, NULL, NULL, 'course', 0, 'sssssss-1111', NULL, NULL, NULL, NULL, 0, '506000100', NULL, 'a0a77081-c87a-bfa3-294a-51088cc28418', 'テスト', NULL, NULL, NULL),
('110101d0-97d8-60d0-3ad6-51125cd979fb', 1, '2013-01-09 18:17:00', '2013-02-06 22:39:23', '1', '1', 'COPY 講座9(複数人登録確認用2)', NULL, NULL, NULL, 'course', NULL, 'sssssss-1111', NULL, NULL, NULL, NULL, 0, '001000900', NULL, 'a437cc11-564c-e5c4-3ff0-4c88c6961e3b', '１', NULL, NULL, NULL),
('d81acae2-49ab-3216-daf0-51125d531978', 0, '2013-01-09 18:17:00', '2013-02-06 22:39:42', '1', '1', 'COPY 講座9(複数人登録確認用2)', NULL, NULL, NULL, 'course', NULL, 'sssssss-1111', NULL, NULL, NULL, NULL, 0, '001000900', NULL, 'a437cc11-564c-e5c4-3ff0-4c88c6961e3b', '１', NULL, NULL, NULL),
('79a53390-27cb-9d0e-c852-5112e50a7be8', 0, '2013-02-07 08:22:12', '2013-02-07 08:22:12', 'a437cc11-564c-e5c4-3ff0-4c88c6961e3b', 'a437cc11-564c-e5c4-3ff0-4c88c6961e3b', 'テスト講座0207-1', NULL, NULL, NULL, 'course', 0, 'sssssss-1111', NULL, NULL, NULL, NULL, 0, '410000100', NULL, 'a437cc11-564c-e5c4-3ff0-4c88c6961e3b', 'テスト', NULL, NULL, NULL),
('ce6ba028-f0f6-e058-2b68-5112f6899792', 0, '2013-02-07 08:22:00', '2013-02-07 09:32:49', 'a437cc11-564c-e5c4-3ff0-4c88c6961e3b', 'a437cc11-564c-e5c4-3ff0-4c88c6961e3b', 'テスト講座0207-1', NULL, NULL, NULL, 'course', NULL, 'sssssss-1111', NULL, NULL, NULL, NULL, 0, '410000100', NULL, 'a437cc11-564c-e5c4-3ff0-4c88c6961e3b', 'テスト', NULL, NULL, NULL),
('2c090495-f870-09bd-b9eb-511365505cf5', 0, '2013-02-07 17:29:16', '2013-02-07 17:29:16', 'a0a77081-c87a-bfa3-294a-51088cc28418', 'a0a77081-c87a-bfa3-294a-51088cc28418', 'テスト講座0207', NULL, NULL, NULL, 'course', 0, 'sssssss-1111', NULL, NULL, NULL, NULL, 0, '012000100', NULL, 'a0a77081-c87a-bfa3-294a-51088cc28418', 'テスト', NULL, NULL, NULL),
('34bf3e43-5fce-264b-3fdc-5114b111ed6b', 1, '2013-02-08 17:05:57', '2013-02-08 17:07:30', '7822a720-e764-5845-a896-5110c8cc2b83', '7822a720-e764-5845-a896-5110c8cc2b83', '横浜　教養　自然科学　日曜フリーコース0407', NULL, NULL, NULL, 'course', NULL, 'sssssss-1111', NULL, NULL, NULL, NULL, 0, '103000200', NULL, '7822a720-e764-5845-a896-5110c8cc2b83', 'ヨコハマ　キョウヨウ　シゼンカガク　ニチヨウフリーコース0407', NULL, NULL, NULL),
('e1fd926e-f4d9-e97b-0134-5114b2effedd', 1, '2013-02-08 17:05:00', '2013-02-08 17:12:23', '7822a720-e764-5845-a896-5110c8cc2b83', '7822a720-e764-5845-a896-5110c8cc2b83', '横浜　教養　自然科学　日曜フリーコース0407', NULL, NULL, NULL, 'course', NULL, 'sssssss-1111', NULL, NULL, NULL, NULL, 0, '103000300', NULL, '7822a720-e764-5845-a896-5110c8cc2b83', 'ヨコハマ　キョウヨウ　シゼンカガク　ニチヨウフリーコース0407', NULL, NULL, NULL),
('e84f8745-6bd6-3c1d-24d7-5114b2fadfda', 0, '2013-02-08 17:10:19', '2013-02-08 17:12:42', '7822a720-e764-5845-a896-5110c8cc2b83', '7822a720-e764-5845-a896-5110c8cc2b83', '横浜　教養　自然科学　日曜フリー001', NULL, NULL, NULL, 'course', 0, '49caa19d-9872-3095-6bd4-5001d0aa692d', NULL, NULL, NULL, NULL, 0, '103000400', NULL, '7822a720-e764-5845-a896-5110c8cc2b83', 'ヨコハマ　キョウヨウ　シゼンカガク　ニチヨウフリー0407', NULL, NULL, NULL),
('b44f30e4-405e-c6d8-9ee0-5114b352f3d1', 0, '2013-02-08 17:10:00', '2013-02-08 17:13:22', '7822a720-e764-5845-a896-5110c8cc2b83', '7822a720-e764-5845-a896-5110c8cc2b83', '横浜　外国語　英会話　フリー002', NULL, NULL, NULL, 'course', 0, '49caa19d-9872-3095-6bd4-5001d0aa692d', NULL, NULL, NULL, NULL, 0, '357000100', NULL, '7822a720-e764-5845-a896-5110c8cc2b83', 'ヨコハマ　ガイコクゴ　エイカイワ　フリー002', NULL, NULL, NULL),
('aa5660f1-9dcf-d1e3-1c2e-5114b3ccdfb8', 0, '2013-02-08 17:10:00', '2013-02-08 17:14:15', '7822a720-e764-5845-a896-5110c8cc2b83', '7822a720-e764-5845-a896-5110c8cc2b83', '横浜　日本語　古典語　フリー003', NULL, NULL, NULL, 'course', 0, '49caa19d-9872-3095-6bd4-5001d0aa692d', NULL, NULL, NULL, NULL, 0, '467000100', NULL, '7822a720-e764-5845-a896-5110c8cc2b83', 'ヨコハマ　ニホンゴ　コテンゴ　フリー003', NULL, NULL, NULL),
('9ad29a96-0f9e-fa00-5a62-5114b4db5832', 0, '2013-02-08 17:10:00', '2013-02-08 17:15:51', '7822a720-e764-5845-a896-5110c8cc2b83', '7822a720-e764-5845-a896-5110c8cc2b83', '横浜　生活芸術　デッサン　フリー004', NULL, NULL, NULL, 'course', 0, '49caa19d-9872-3095-6bd4-5001d0aa692d', NULL, NULL, NULL, NULL, 0, '541000100', NULL, '7822a720-e764-5845-a896-5110c8cc2b83', 'ヨコハマ　セイカツゲイジュツ　デッサン　フリー004', NULL, NULL, NULL),
('98de6ba7-6346-2c86-bfe3-5114d047f19e', 0, '2013-02-08 17:10:00', '2013-02-08 19:17:22', '7822a720-e764-5845-a896-5110c8cc2b83', '7822a720-e764-5845-a896-5110c8cc2b83', '横浜　教養　自然科学　回数011', NULL, NULL, NULL, 'course', 0, '49caa19d-9872-3095-6bd4-5001d0aa692d', NULL, NULL, NULL, NULL, 0, '103000500', NULL, '7822a720-e764-5845-a896-5110c8cc2b83', 'ヨコハマ　キョウヨウ　シゼンカガク　011', NULL, NULL, NULL),
('7bb82c39-ca4a-ccf4-87e3-5114d070b637', 0, '2013-02-08 17:10:00', '2013-02-08 19:18:26', '7822a720-e764-5845-a896-5110c8cc2b83', '7822a720-e764-5845-a896-5110c8cc2b83', '横浜　外国語　フランス　回数012', NULL, NULL, NULL, 'course', 0, '49caa19d-9872-3095-6bd4-5001d0aa692d', NULL, NULL, NULL, NULL, 0, '359000100', NULL, '7822a720-e764-5845-a896-5110c8cc2b83', 'ヨコハマ　ガイコクゴ　フランス　カイスウ012', NULL, NULL, NULL),
('dd532bbe-478a-0dcf-61f0-5114d121ce6d', 0, '2013-02-08 17:10:00', '2013-02-08 19:20:17', '7822a720-e764-5845-a896-5110c8cc2b83', '7822a720-e764-5845-a896-5110c8cc2b83', '横浜　日本語　回数013', NULL, NULL, NULL, 'course', 0, '49caa19d-9872-3095-6bd4-5001d0aa692d', NULL, NULL, NULL, NULL, 0, '470000100', NULL, '7822a720-e764-5845-a896-5110c8cc2b83', 'ヨコハマ　ニホンゴ　カイスウ013', NULL, NULL, NULL),
('d4f7a82d-bb5b-c5e9-b0d6-5114d1a7fd3b', 0, '2013-02-08 17:10:00', '2013-02-08 19:20:07', '7822a720-e764-5845-a896-5110c8cc2b83', '7822a720-e764-5845-a896-5110c8cc2b83', '横浜　生活芸術　回数014', NULL, NULL, NULL, 'course', 0, '49caa19d-9872-3095-6bd4-5001d0aa692d', NULL, NULL, NULL, NULL, 0, '538000200', NULL, '7822a720-e764-5845-a896-5110c8cc2b83', 'ヨコハマ　セイカツゲイジュツ　カイスウ014', NULL, NULL, NULL),
('5afded12-3e6c-7132-41c6-5114e1789e6d', 0, '2013-02-08 17:10:00', '2013-02-08 20:29:53', '7822a720-e764-5845-a896-5110c8cc2b83', '7822a720-e764-5845-a896-5110c8cc2b83', '横浜　事業講座　フリー101', NULL, NULL, NULL, 'course', 0, '49caa19d-9872-3095-6bd4-5001d0aa692d', NULL, NULL, NULL, NULL, 0, '790000100', NULL, '7822a720-e764-5845-a896-5110c8cc2b83', 'ヨコハマ　事業講座　フリー101', NULL, NULL, NULL),
('7e2ca35b-cfbc-fb64-d6b5-51199337b06c', 0, '2013-02-08 17:10:00', '2013-02-12 10:41:28', '7822a720-e764-5845-a896-5110c8cc2b83', '7822a720-e764-5845-a896-5110c8cc2b83', '横浜　通信・文章表現　021', NULL, NULL, NULL, 'course', 0, '49caa19d-9872-3095-6bd4-5001d0aa692d', NULL, NULL, NULL, NULL, 0, '820000100', NULL, '7822a720-e764-5845-a896-5110c8cc2b83', 'ヨコハマ　スウシンブンショウヒョウゲン　021', NULL, NULL, NULL),
('304c9eb4-2467-9fe2-e7ac-511995f53d7f', 0, '2013-02-08 17:10:00', '2013-02-12 10:04:05', '7822a720-e764-5845-a896-5110c8cc2b83', '7822a720-e764-5845-a896-5110c8cc2b83', '横浜　その他　031', NULL, NULL, NULL, 'course', 0, '49caa19d-9872-3095-6bd4-5001d0aa692d', NULL, NULL, NULL, NULL, 0, '989000100', NULL, '7822a720-e764-5845-a896-5110c8cc2b83', 'ヨコハマ　その他　031', NULL, NULL, NULL),
('c970bbe8-38d2-51a5-ac98-5119eb421a48', 1, '2013-02-12 16:11:25', '2013-02-12 16:14:20', '7822a720-e764-5845-a896-5110c8cc2b83', '7822a720-e764-5845-a896-5110c8cc2b83', '削除振替え10回コース', NULL, NULL, NULL, 'course', 0, 'sssssss-1111', NULL, NULL, NULL, NULL, 0, '007000100', NULL, '7822a720-e764-5845-a896-5110c8cc2b83', 'サクジョフリカエ10', NULL, NULL, NULL),
('a52a19b3-751b-d1d0-7ac8-511b2560dc22', 0, '2013-02-13 14:33:05', '2013-02-13 14:33:05', 'a437cc11-564c-e5c4-3ff0-4c88c6961e3b', 'a437cc11-564c-e5c4-3ff0-4c88c6961e3b', 'テスト講座0213', NULL, NULL, NULL, 'course', 0, 'sssssss-1111', NULL, NULL, NULL, NULL, 0, '705000100', NULL, 'a437cc11-564c-e5c4-3ff0-4c88c6961e3b', 'てすとコウザ', NULL, NULL, NULL),
('4209b164-2d50-3385-91f9-511b27eaa55e', 0, '2013-02-13 14:40:57', '2013-02-13 14:40:57', 'a0a77081-c87a-bfa3-294a-51088cc28418', 'a0a77081-c87a-bfa3-294a-51088cc28418', 'テスト講座0213-2', NULL, NULL, NULL, 'course', 0, 'sssssss-1111', NULL, NULL, NULL, NULL, 0, '305000100', NULL, 'a0a77081-c87a-bfa3-294a-51088cc28418', 'テストコウザ', NULL, NULL, NULL),
('260d613a-9e1f-5e48-728c-511cce117e1c', 0, '2013-01-29 18:47:00', '2013-02-14 20:47:02', '1', '1', 'テスト講座（コピー前）2', NULL, NULL, NULL, 'course', NULL, 'sssssss-1111', NULL, NULL, NULL, NULL, 0, '004000100', NULL, 'a437cc11-564c-e5c4-3ff0-4c88c6961e3b', 'テスト', NULL, NULL, NULL),
('5ce55af1-cb8f-6aed-f4bb-5121b5d1ea7e', 0, '2013-02-18 13:59:22', '2013-02-18 13:59:22', '7822a720-e764-5845-a896-5110c8cc2b83', '7822a720-e764-5845-a896-5110c8cc2b83', '001 湘南 教養 自然科学 フリー', NULL, NULL, NULL, 'course', 0, 'b0845182-f1bc-145f-0560-5001d0cbee2a', NULL, NULL, NULL, NULL, 0, '103000600', NULL, '7822a720-e764-5845-a896-5110c8cc2b83', '001 ショウナン　キョウヨウ', NULL, NULL, NULL),
('9d2959bc-ac4a-eaef-d470-5121b533228d', 0, '2013-02-18 13:59:00', '2013-02-18 14:02:09', '7822a720-e764-5845-a896-5110c8cc2b83', '7822a720-e764-5845-a896-5110c8cc2b83', '002 湘南 外国語 英会話　フリー', NULL, NULL, NULL, 'course', 0, 'b0845182-f1bc-145f-0560-5001d0cbee2a', NULL, NULL, NULL, NULL, 0, '357000200', NULL, '7822a720-e764-5845-a896-5110c8cc2b83', '002 ショウナン ガイコクゴ', NULL, NULL, NULL),
('7a5d151f-7c66-e599-8064-5121b637b9dd', 0, '2013-02-18 13:59:00', '2013-02-18 14:03:48', '7822a720-e764-5845-a896-5110c8cc2b83', '7822a720-e764-5845-a896-5110c8cc2b83', '003 湘南 日本語 古典語　フリー', NULL, NULL, NULL, 'course', 0, 'b0845182-f1bc-145f-0560-5001d0cbee2a', NULL, NULL, NULL, NULL, 0, '467000200', NULL, '7822a720-e764-5845-a896-5110c8cc2b83', '003 ショウナン ニホンゴ', NULL, NULL, NULL),
('e8778d3d-0e9f-edef-687f-5121b6a95b72', 0, '2013-02-18 13:59:00', '2013-02-18 14:05:30', '7822a720-e764-5845-a896-5110c8cc2b83', '7822a720-e764-5845-a896-5110c8cc2b83', '004 湘南 生活芸術 デッサン フリー', NULL, NULL, NULL, 'course', 0, 'b0845182-f1bc-145f-0560-5001d0cbee2a', NULL, NULL, NULL, NULL, 0, '541000200', NULL, '7822a720-e764-5845-a896-5110c8cc2b83', '004 ショウナン セイカツゲイジュツ', NULL, NULL, NULL),
('7a000cf7-a444-f579-cb50-5121b8a2b048', 0, '2013-02-18 13:59:00', '2013-02-18 14:14:43', '7822a720-e764-5845-a896-5110c8cc2b83', '7822a720-e764-5845-a896-5110c8cc2b83', '101 湘南 事業講座 回数', NULL, NULL, NULL, 'course', 0, 'b0845182-f1bc-145f-0560-5001d0cbee2a', NULL, NULL, NULL, NULL, 0, '759000100', NULL, '7822a720-e764-5845-a896-5110c8cc2b83', '101 ショウナン ジギョウコウザ', NULL, NULL, NULL),
('3889c4c8-f07c-dd21-e5a0-5121b9281e57', 0, '2013-02-18 13:59:00', '2013-02-18 14:17:26', '7822a720-e764-5845-a896-5110c8cc2b83', '7822a720-e764-5845-a896-5110c8cc2b83', '102 湘南 事業提携 回数', NULL, NULL, NULL, 'course', 0, 'b0845182-f1bc-145f-0560-5001d0cbee2a', NULL, NULL, NULL, NULL, 0, '759000200', NULL, '7822a720-e764-5845-a896-5110c8cc2b83', '101 ショウナン ジギョウテイケイ', NULL, NULL, NULL),
('1e1eed76-510d-c93c-5667-5121beb96943', 0, '2013-02-18 13:59:00', '2013-02-18 14:37:18', '7822a720-e764-5845-a896-5110c8cc2b83', '7822a720-e764-5845-a896-5110c8cc2b83', '201 湘南 通信・俳句', NULL, NULL, NULL, 'course', 0, 'b0845182-f1bc-145f-0560-5001d0cbee2a', NULL, NULL, NULL, NULL, 0, '891000100', NULL, '7822a720-e764-5845-a896-5110c8cc2b83', '201 ショウナン ツウシン ハイク', NULL, NULL, NULL),
('95b420b6-a8ba-6941-4b01-5121bf8150cf', 0, '2013-02-18 13:59:00', '2013-02-18 14:44:55', '7822a720-e764-5845-a896-5110c8cc2b83', '7822a720-e764-5845-a896-5110c8cc2b83', '202 湘南 通信・短歌その他の詩歌', NULL, NULL, NULL, 'course', 1, 'b0845182-f1bc-145f-0560-5001d0cbee2a', NULL, NULL, NULL, NULL, 0, '892000100', NULL, '7822a720-e764-5845-a896-5110c8cc2b83', '202 ショウナン ツウシン タンカソノタシカ', NULL, NULL, NULL),
('c854e514-53f7-5870-a4fe-5121c1fc56ba', 0, '2013-02-18 13:59:00', '2013-02-18 14:52:56', '7822a720-e764-5845-a896-5110c8cc2b83', '7822a720-e764-5845-a896-5110c8cc2b83', '301 湘南 その他', NULL, NULL, NULL, 'course', 0, 'b0845182-f1bc-145f-0560-5001d0cbee2a', NULL, NULL, NULL, NULL, 0, '989000200', NULL, '7822a720-e764-5845-a896-5110c8cc2b83', '301 ショウナン その他', NULL, NULL, NULL),
('887205b1-fcd4-c720-a290-5121c102a9e6', 0, '2013-02-18 13:59:00', '2013-02-18 14:54:04', '7822a720-e764-5845-a896-5110c8cc2b83', '7822a720-e764-5845-a896-5110c8cc2b83', '302 湘南 全体', NULL, NULL, NULL, 'course', 0, 'b0845182-f1bc-145f-0560-5001d0cbee2a', NULL, NULL, NULL, NULL, 0, '072000100', NULL, '7822a720-e764-5845-a896-5110c8cc2b83', '302 ショウナン ゼンタイ', NULL, NULL, NULL),
('18a2879d-aef8-8c16-b6f7-51230fc31040', 0, '2013-02-19 14:37:47', '2013-02-19 15:01:03', 'd2a840f8-8b9a-fb1e-2f7b-50eb86225e2e', 'd2a840f8-8b9a-fb1e-2f7b-50eb86225e2e', '文章教室　普通コース', NULL, NULL, NULL, 'course', 0, 'sssssss-1111', NULL, NULL, NULL, NULL, 0, '890000100', NULL, 'd2a840f8-8b9a-fb1e-2f7b-50eb86225e2e', 'ブンショウキョウシツ　フツウコース', NULL, NULL, NULL),
('84af0eed-1198-bb45-f347-5123152a0c8b', 0, '2013-02-19 14:37:00', '2013-02-19 15:08:16', 'd2a840f8-8b9a-fb1e-2f7b-50eb86225e2e', 'd2a840f8-8b9a-fb1e-2f7b-50eb86225e2e', '文章教室　普通コース', NULL, NULL, NULL, 'course', 1, 'sssssss-1111', NULL, NULL, NULL, NULL, 0, '890000100', NULL, 'd2a840f8-8b9a-fb1e-2f7b-50eb86225e2e', 'ブンショウキョウシツ　フツウコース', NULL, NULL, NULL),
('b7df6034-2a26-b9a5-aa11-512317ee2479', 0, '2013-02-19 14:37:00', '2013-02-19 15:18:37', 'd2a840f8-8b9a-fb1e-2f7b-50eb86225e2e', 'd2a840f8-8b9a-fb1e-2f7b-50eb86225e2e', '文章教室　普通コース　継続', NULL, NULL, NULL, 'course', 0, 'sssssss-1111', NULL, NULL, NULL, NULL, 0, '890000101', NULL, 'd2a840f8-8b9a-fb1e-2f7b-50eb86225e2e', 'ブンショウキョウシツ　フツウコース', NULL, NULL, NULL),
('fde5065d-9649-cc42-f6ca-5125d84788bb', 0, '2013-02-21 17:17:12', '2013-02-21 17:25:54', '967ab850-aafc-c160-943a-50d9300977e7', '967ab850-aafc-c160-943a-50d9300977e7', '出雲神話と出雲そば', NULL, NULL, NULL, 'course', 0, 'sssssss-1111', NULL, NULL, NULL, NULL, 0, '708000100', NULL, '967ab850-aafc-c160-943a-50d9300977e7', 'イズモシンワトイズモソバ', '出雲神話と出雲そば', NULL, NULL),
('a5666ed4-6da8-7966-9741-5126c5e22f8a', 1, '2013-02-06 10:38:00', '2013-02-22 10:15:30', '1', '1', '歌舞伎観劇　201303', NULL, NULL, NULL, 'course', 0, 'sssssss-1111', NULL, NULL, NULL, NULL, 0, '515000200', NULL, '7822a720-e764-5845-a896-5110c8cc2b83', 'カブキカンゲキ', '歌舞伎を楽しむ', NULL, NULL),
('76f900ea-c161-72ce-4831-5126c744c300', 0, '2013-02-22 10:17:25', '2013-02-22 10:17:25', '1', '1', '歌舞伎観劇　201303', NULL, NULL, NULL, 'course', 0, 'sssssss-1111', NULL, NULL, NULL, NULL, 0, '115000100', NULL, '1', 'カブキ　201303', NULL, NULL, NULL),
('3b0d1beb-06da-af6e-2880-5126c82c9e96', 0, '2013-02-22 10:23:41', '2013-02-22 10:23:41', 'a0a77081-c87a-bfa3-294a-51088cc28418', 'a0a77081-c87a-bfa3-294a-51088cc28418', '日本の歴史Ⅳ', NULL, NULL, NULL, 'course', 0, 'sssssss-1111', NULL, NULL, NULL, NULL, 0, '003000200', NULL, 'a0a77081-c87a-bfa3-294a-51088cc28418', 'ニホンノレキシ', NULL, NULL, NULL),
('94e8cf37-45be-7a8f-e560-5126c93734b1', 0, '2013-02-22 10:27:09', '2013-02-22 10:27:09', 'a0a77081-c87a-bfa3-294a-51088cc28418', 'a0a77081-c87a-bfa3-294a-51088cc28418', 'イギリス文化', NULL, NULL, NULL, 'course', 0, 'sssssss-1111', NULL, NULL, NULL, NULL, 0, '305000200', NULL, 'a0a77081-c87a-bfa3-294a-51088cc28418', 'イギリスブンカ', NULL, NULL, NULL),
('9f824218-152f-9966-942b-5126c9ba544c', 0, '2013-02-22 10:17:00', '2013-03-07 18:47:33', '7822a720-e764-5845-a896-5110c8cc2b83', '1', '歌舞伎観劇　201305', NULL, NULL, NULL, 'course', 0, 'sssssss-1111', NULL, NULL, NULL, NULL, 0, '115000200', NULL, '1', 'カブキ　201305', '歌舞伎観劇　５月公園', '歌舞伎観劇　201305', 'Web・リーフレット用講座詳細：歌舞伎５月公園'),
('89fa046d-b189-97a0-7ebb-512b38364c7d', 0, '2013-02-25 19:10:30', '2013-02-25 19:10:30', 'a0a77081-c87a-bfa3-294a-51088cc28418', 'a0a77081-c87a-bfa3-294a-51088cc28418', '立替金テスト', NULL, NULL, NULL, 'course', 0, 'sssssss-1111', NULL, NULL, NULL, NULL, 0, '105000600', NULL, 'a0a77081-c87a-bfa3-294a-51088cc28418', 'タテカエキンテスト', NULL, NULL, NULL),
('703461fc-603d-2592-b414-512eb4980b23', 0, '2013-02-06 12:55:00', '2013-02-28 10:33:59', 'a0a77081-c87a-bfa3-294a-51088cc28418', 'a0a77081-c87a-bfa3-294a-51088cc28418', '新規講座0206-1', NULL, NULL, NULL, 'course', 0, 'sssssss-1111', NULL, NULL, NULL, NULL, 0, '808000201', NULL, 'a0a77081-c87a-bfa3-294a-51088cc28418', 'シンキコウザ', NULL, NULL, NULL),
('ae5f2167-ceb9-92f0-6efc-512eb461b304', 0, '2013-02-06 12:55:00', '2013-02-28 10:34:16', 'a0a77081-c87a-bfa3-294a-51088cc28418', 'a0a77081-c87a-bfa3-294a-51088cc28418', '新規講座0206-2', NULL, NULL, NULL, 'course', NULL, 'sssssss-1111', NULL, NULL, NULL, NULL, 0, '808000202', NULL, 'a0a77081-c87a-bfa3-294a-51088cc28418', 'シンキコウザ', NULL, NULL, NULL),
('d25ee40b-56a1-2b2f-55be-512eb413a31c', 0, '2013-02-06 12:55:00', '2013-02-28 10:34:33', 'a0a77081-c87a-bfa3-294a-51088cc28418', 'a0a77081-c87a-bfa3-294a-51088cc28418', '新規講座0206-3', NULL, NULL, NULL, 'course', NULL, 'sssssss-1111', NULL, NULL, NULL, NULL, 0, '808000203', NULL, 'a0a77081-c87a-bfa3-294a-51088cc28418', 'シンキコウザ', NULL, NULL, NULL),
('e1727ecb-930e-3aeb-c048-512ebdc8acd5', 0, '2013-02-28 11:14:34', '2013-02-28 11:14:34', 'a437cc11-564c-e5c4-3ff0-4c88c6961e3b', 'a437cc11-564c-e5c4-3ff0-4c88c6961e3b', '講座テスト入金', NULL, NULL, NULL, 'course', NULL, 'sssssss-1111', NULL, NULL, NULL, NULL, 0, '704000100', NULL, 'a437cc11-564c-e5c4-3ff0-4c88c6961e3b', '講座テスト', NULL, NULL, NULL),
('412d19ab-1bba-eb7b-ca56-513d792563a4', 0, '2013-02-18 13:59:00', '2013-03-11 15:29:26', '7822a720-e764-5845-a896-5110c8cc2b83', '7822a720-e764-5845-a896-5110c8cc2b83', '201 湘南 通信・俳句　201301', NULL, NULL, NULL, 'course', 0, 'b0845182-f1bc-145f-0560-5001d0cbee2a', NULL, NULL, NULL, NULL, 0, '891000200', NULL, '7822a720-e764-5845-a896-5110c8cc2b83', '201 ショウナン ツウシン ハイク', NULL, NULL, NULL);

-- --------------------------------------------------------

--
